{"text_format":"1","workbook":"xlsx","n_sheets":4,"sheets":["SAPBEXqueries","SAPBEXfilters","Page B17, 1-7","Master Data"],"not_rendered":{"charts":0,"images":3,"macros":1,"external_links":0,"defined_names":70,"comments":0,"pivot_tables":0},"unopened":[],"bounds":{"document_bytes":16777216,"sheet_cells":100000,"rows_first":2000,"rows_last":500,"rows_between":2000,"halvings":0,"cell_chars":16384,"cell_head_chars":4096},"cells_cut":0,"cells_raw":0,"read":"whole","date_system":"1900"}

{"sheet":"SAPBEXqueries","index":0,"n_rows":153,"n_cols":233,"rows_kept":153,"cut":false,"hidden":true,"merged":[]}
[9]
[3,null,null,null,null,null,null,null,null,null,null,null,null,null,null,null,null,null,null,null,null,null,null,null,null,null,null,null,null,null,36,null,null,null,null,null,null,null,null,null,null,null,null,null,null,null,null,null,null,null,null,null,null,null,null,null,null,null,null,null,null,null,null,null,null,null,null,null,null,null,null,null,null,null,null,null,null,null,null,null,null,null,null,null,null,null,null,null,null,null,71,null,null,null,null,null,null,null,null,null,null,null,null,null,null,null,null,null,null,null,150,null,null,null,null,null,null,null,null,null,null,null,null,null,null,null,null,null,null,null,130,null,null,null,null,null,null,null,null,null,null,null,null,null,null,null,null,null,null,null,0,null,null,null,null,null,null,null,null,null,null,null,null,null,null,null,null,null,null,null,null,null,null,null,null,null,null,null,null,null,43,null,null,null,null,null,null,null,null,null,null,null,null,null,null,null,null,null,null,null,null,null,null,null,null,null,null,null,null,null,null,null,null,null,null,null,null,null,null,null,null,null,null,null,null,null,null,null,null,null,96]
[24,null,null,null,null,null,null,null,null,null,null,null,null,null,null,null,null,null,null,null,null,null,null,null,null,null,null,null,null,null,59,null,null,null,null,null,null,null,null,null,null,null,null,null,null,null,null,null,null,null,null,null,null,null,null,null,null,null,null,null,null,null,null,null,null,null,null,null,null,null,null,null,null,null,null,null,null,null,null,null,null,null,null,null,null,null,null,null,null,null,13,null,null,null,null,null,null,null,null,null,null,null,null,null,null,null,null,null,null,null,15,null,null,null,null,null,null,null,null,null,null,null,null,null,null,null,null,null,null,null,13,null,null,null,null,null,null,null,null,null,null,null,null,null,null,null,null,null,null,null,11,null,null,null,null,null,null,null,null,null,null,null,null,null,null,null,null,null,null,null,null,null,null,null,null,null,null,null,null,null,21,null,null,null,null,null,null,null,null,null,null,null,null,null,null,null,null,null,null,null,null,null,null,null,null,null,null,null,null,null,null,null,null,null,null,null,null,null,null,null,null,null,null,null,null,null,null,null,null,null,2]
[null,0,"4FL36T61CYHGU4IKVAS7WE3TD",true,true,"SAPBEXq0001",2,6,false,null,null,true,false,null,true,false,1,null,5,true,false,null,null,false,false,false,true,null,null,null,6,"ZISJARS01___F00006","Account Number","X","","","0001","","","","","","","U","0","00","","","","00000000","K","ZISJARS01___F00006","A","","","H","","","","","","00000000","0000","","0","","","","","1","1","1","0","0","","","2","","0","4FPHOT8RV6R0F5H2H4XDJX3GX","","","","","","","0000","","","",6,"4FPHOVDL4SS3LEVK3HKSCGQMP","4FPHOVL9NRDT41F09BN4MIPCH","13 mth total actuals","0001","Y","S","","L","X","ELEM","3XZQA4OL3EMHDY9K22YCV464R","ZDC_JARSBALANCE","Balance",null,null,null,null,null,null,6,"ZISJARS01___F00006","0BAL_FLAG","Balance Sheet Acct","0000","X","2","0","0","","","","","0000","","",null,null,null,null,6,"4FPHOVL9NRDT41F09BN4MIPCH","45GNYLZSE53GTJVW4W54R8A9T","3","0","","","","00","X","0","0","","",null,null,null,null,null,null,null,null,null,null,null,null,null,null,null,null,null,null,null,null,null,null,null,null,null,null,null,null,null,null,null,null,null,null,null,null,6,"0PCALMON","1","P","I","EQ","201306","06/2013","","","JUN 2013","40","","0","","0","Calendar Year/Month","20","","","ZISJARS01___F00014","",null,null,null,null,null,null,null,null,null,null,null,null,null,null,null,null,null,null,null,null,null,null,null,null,null,null,null,null,6,"0000000100",""]
[null,0,"4FL36T61CYHGU4IKVAS7WE3TD",true,true,"SAPBEXq0002",0,0,false,null,null,true,false,null,true,false,1,null,5,true,false,null,null,false,false,false,true,null,null,null,6,"45GNYLS3V6HRAXCFZ22SH6BK1","FERC Regional Assignment","","X","","0002","","Total","","","","","U","","00","","","","","K","45GNYLS3V6HRAXCFZ22SH6BK1","A","","","","","","","","","00000000","0000","","0","","1","","","0","0","0","0","0","","","","","","45GNYLS3V6HRAXCFZ22SH6BK1","","","","","","","0000","","","",6,"45GNYLS3V6HRAXCFZ22SH6BK1","45GNYLZSE53GTJVW4W54R8A9T","Total","0001","","S","","L","","","","","",null,null,null,null,null,null,6,"ZISJARS01___F00006","0CSTEL_FLAG","Ind.: Cost Element","0000","X","2","0","0","","","","","0000","","",null,null,null,null,6,"4FPHOVL9NRDT41F09BN4MIPCH","45GNYM7GX3P6C6FCAQ7H1A8ZL","3","0","","","","00","X","0","0","","",null,null,null,null,null,null,null,null,null,null,null,null,null,null,null,null,null,null,null,null,null,null,null,null,null,null,null,null,null,null,null,null,null,null,null,null,6,"0P_BVER1","1","P","I","EQ","000","0","","","Actuals / Detailed Plan","40","","0","","0","","20","","","ZISJARS01___F00008","",null,null,null,null,null,null,null,null,null,null,null,null,null,null,null,null,null,null,null,null,null,null,null,null,null,null,null,null,6,"0000000108","X"]
[null,0,"4FPHOWNOAKECP6492HYU0SIXD",true,true,"SAPBEXq0003",2,6,false,null,null,true,false,null,true,false,1,null,5,true,false,null,null,false,false,false,true,null,null,null,6,"ZISJARS01___F00029","Allocation Version","X","","","0003","","","","","","","U","1","00","","","","00000000","S","ZISJARS01___F00029","A","","","H","","","","","","00000000","0000","","0","","","","","1","1","1","0","0","","","2","","0","4FPHOTGGE5CPXS0IMYZPTZ26P","","","","","","","0000","","","",6,"4FPHOVDL4SS3LEVK3HKSCGQMP","4FPHR4O5T0J5PYPLUOCQR95G1","Actuals","0002","","F","","L","","","","","",null,null,null,null,null,null,6,"ZISJARS01___F00006","0GLACC_FLAG","G/L account","0000","X","2","0","0","","","","","0000","","",null,null,null,null,6,"4FPHOVL9NRDT41F09BN4MIPCH","45GNYMF5G2AVUSYSGK9TBC7PD","3","0","","","","00","X","0","0","","",null,null,null,null,null,null,null,null,null,null,null,null,null,null,null,null,null,null,null,null,null,null,null,null,null,null,null,null,null,null,null,null,null,null,null,null,6,"ZSFRCACT","1","S","","","","","","","","0","","0","","0","","20","","","ZISJARS01___F00001","",null,null,null,null,null,null,null,null,null,null,null,null,null,null,null,null,null,null,null,null,null,null,null,null,null,null,null,null,6,"0000000101",""]
[null,null,null,null,null,null,null,null,null,null,null,null,null,null,null,null,null,null,null,null,null,null,null,null,null,false,null,null,null,null,6,"ZISJARS01___F00011","Company code","X","","","0004","","","","","","","","0","00","","","","00000000","K","ZISJARS01___F00011","A","","","H","","","","","","00000000","0000","","0","","","","","1","1","1","0","0","","","2","","0","4FPHOTO4X3YFGEJYST22410WH","","","","","","","0000","","","",6,"45GNYLS3V6HRAXCFZ22SH6BK1","45GNYM7GX3P6C6FCAQ7H1A8ZL","Calif","0002","Y","S","","L","","","","","",null,null,null,null,null,null,6,"ZISJARS01___F00006","0LOGSYS","Source System","0000","X","1","0","0","","","","","0000","","",null,null,null,null,6,"4FPHOVL9NRDT41F09BN4MIPCH","45GNYMMTZ0WLDFI8MEC5LE6F5","3","0","","","","00","X","0","0","","",null,null,null,null,null,null,null,null,null,null,null,null,null,null,null,null,null,null,null,null,null,null,null,null,null,null,null,null,null,null,null,null,null,null,null,null,6,"ZJRSCLMN","1","P","I","EQ","201106","06/2011","","","JUN 2011","40","","0","","0","","20","","","ZISJARS01___F00025","",null,null,null,null,null,null,null,null,null,null,null,null,null,null,null,null,null,null,null,null,null,null,null,null,null,null,null,null,6,"0000000104","1"]
[null,null,null,null,null,null,null,null,null,null,null,null,null,null,null,null,null,null,null,null,null,null,null,null,null,false,null,null,null,null,6,"ZISJARS01___F00002","FERC Location Code","X","","","0005","","","","","","","U","1","00","","","","00000000","K","ZISJARS01___F00002","A","","","H","","","","","","00000000","0000","","0","","","","","1","1","1","0","0","","","2","","0","4FPHOTVTG2K4Z13EYN4EE2ZM9","","","","","","","0000","","","",6,"4FPHOVDL4SS3LEVK3HKSCGQMP","4FPHOVSY6PZIMNYGF5PGWKO29","13 mth total  Actuals / Detailed Plan","0003","Y","S","","L","X","ELEM","3XZQA4OL3EMHDY9K22YCV464R","ZDC_JARSBALANCE","Balance",null,null,null,null,null,null,6,"ZISJARS01___F00006","0SEM_POSIT","Planning Item","0000","X","1","0","0","","","","","0000","","",null,null,null,null,6,"4FPHOVL9NRDT41F09BN4MIPCH","45GNYMUIHZIAW21OS8EHVG54X","3","0","","","","00","X","0","0","","",null,null,null,null,null,null,null,null,null,null,null,null,null,null,null,null,null,null,null,null,null,null,null,null,null,null,null,null,null,null,null,null,null,null,null,null,6,"ZPMETHOD","1","P","I","EQ","03","3","","","Factor 2010 Protocol","40","","0","","0","","20","","","ZISJARS01___F00024","",null,null,null,null,null,null,null,null,null,null,null,null,null,null,null,null,null,null,null,null,null,null,null,null,null,null,null,null,6,"0000000103",""]
[null,null,null,null,null,null,null,null,null,null,null,null,null,null,null,null,null,null,null,null,null,null,null,null,null,null,null,null,null,null,6,"ZISJARS01___F00013","FERC Merger Code","X","","","0006","","","","","","","U","1","00","","","","00000000","K","ZISJARS01___F00013","A","","","H","","","","","","00000000","0000","","0","","","","","1","1","1","0","0","","","2","","0","4FPHOU3HZ15UHNMV4H6QO4YC1","","","","","","","0000","","","",6,"45GNYLS3V6HRAXCFZ22SH6BK1","45GNYMF5G2AVUSYSGK9TBC7PD","Oregon","0003","Y","S","","L","","","","","",null,null,null,null,null,null,6,"ZISJARS01___F00029","ZJRSRBCD","JARS Rate Base Code","0000","X","2","0","0","","","","","0000","","",null,null,null,null,6,"4FPHOVL9NRDT41F09BN4MIPCH","45GNYN270Y40EOL4Y2GU5I3UP","3","0","","","","00","X","0","0","","",null,null,null,null,null,null,null,null,null,null,null,null,null,null,null,null,null,null,null,null,null,null,null,null,null,null,null,null,null,null,null,null,null,null,null,null,6,"ZSVERSN","1","P","I","EQ","01","1","","","Average","40","","0","","0","","20","","","ZISJARS01___F00029","",null,null,null,null,null,null,null,null,null,null,null,null,null,null,null,null,null,null,null,null,null,null,null,null,null,null,null,null,6,"0000000102","3"]
[null,null,null,null,null,null,null,null,null,null,null,null,null,null,null,null,null,null,null,null,null,null,null,null,null,null,null,null,null,null,6,"ZISJARS01___F00035","JARS Primary Group","X","","","0007","","DEPR","","","","","U","2","00","","","","00000000","K","ZISJARS01___F00035","A","","","H","","","","","","00000000","0000","","0","","1","","","1","1","1","0","0","","","2","","0","4FPHOUB6HZRK0A6BAB92Y6X1T","","","","","","","0000","","","",6,"4FPHOVDL4SS3LEVK3HKSCGQMP","4FPHR4VUBZ4V8L920IF31B45T","Actuals / Detailed Plan","0004","","F","","L","","","","","",null,null,null,null,null,null,6,"ZISJARS01___F00011","0CHRT_ACCTS","Chart of accounts","0000","X","0","0","0","","","","","0000","","",null,null,null,null,6,"4FPHOVL9NRDT41F09BN4MIPCH","45GNYN9VJWPPXB4L3WJ6FK2KH","3","0","","","","00","X","0","0","","",null,null,null,null,null,null,null,null,null,null,null,null,null,null,null,null,null,null,null,null,null,null,null,null,null,null,null,null,null,null,null,null,null,null,null,null,6,"ZSFACTOR","1","S","E","EQ","NUTIL","NUTIL","","","","40","","0","","0","","20","","","ZISJARS01___F00032","",null,null,null,null,null,null,null,null,null,null,null,null,null,null,null,null,null,null,null,null,null,null,null,null,null,null,null,null,6,"0000009000",""]
[null,null,null,null,null,null,null,null,null,null,null,null,null,null,null,null,null,null,null,null,null,null,null,null,null,null,null,null,null,null,6,"ZISJARS01___F00012","Profit Center","X","","","0008","","","","","","","U","0","02","","4500P_LOFBUS","","00000000","K","ZISJARS01___F00012","A","","","H","ZISJARS01___F00012","A","","","","00000000","0000","","0","","","","2","1","1","1","0","0","","","","","0","4FPHOUIV0YD9IWPRG5BF88VRL","","","","","","","0000","","","",6,"45GNYLS3V6HRAXCFZ22SH6BK1","45GNYMMTZ0WLDFI8MEC5LE6F5","Wash","0004","Y","S","","L","","","","","",null,null,null,null,null,null,6,"ZISJARS01___F00011","0COMPANY","Company","0000","X","0","0","0","","","","","0000","","",null,null,null,null,6,"4FPHOVL9NRDT41F09BN4MIPCH","45GNYNHK2VBFFXO19QLIPM1A9","3","0","","","","00","X","0","0","","",null,null,null,null,null,null,null,null,null,null,null,null,null,null,null,null,null,null,null,null,null,null,null,null,null,null,null,null,null,null,null,null,null,null,null,null,6,"ZS_JPG","1","S","","","","","","","","0","","0","","0","","20","","","ZISJARS01___F00035","",null,null,null,null,null,null,null,null,null,null,null,null,null,null,null,null,null,null,null,null,null,null,null,null,null,null,null,null,6,"0000000107","4FPHOSLQAAXVV9UPZMQCPR7BL"]
[null,null,null,null,null,null,null,null,null,null,null,null,null,null,null,null,null,null,null,null,null,null,null,null,null,null,null,null,null,null,6,"4FPHOVDL4SS3LEVK3HKSCGQMP","Key Figures","","X","X","0001","","*","","","","","U","","00","","","","","K","4FPHOVDL4SS3LEVK3HKSCGQMP","A","","","","","","","","","00000000","0000","X","0","","X","","","0","0","0","0","0","","","","","","4FPHOVDL4SS3LEVK3HKSCGQMP","","","","","","","0000","","","",6,"4FPHOVDL4SS3LEVK3HKSCGQMP","4FPHOW0MPOL85AHWKZRT6MMS1","Var $","0005","","F","","L","","","","","",null,null,null,null,null,null,6,"ZISJARS01___F00011","0COUNTRY","Country","0000","X","0","0","0","","","","","0000","","",null,null,null,null,6,"4FPHOVL9NRDT41F09BN4MIPCH","45GNYNP8LTX4YK7HFKNUZO001","3","0","","","","00","X","0","0","","",null,null,null,null,null,null,null,null,null,null,null,null,null,null,null,null,null,null,null,null,null,null,null,null,null,null,null,null,null,null,null,null,null,null,null,null,6,"BA_PCTRN","2","P","","","","","","","","0","","0","","0","PCtr Node","20","","","ZISJARS01___F00012","",null,null,null,null,null,null,null,null,null,null,null,null,null,null,null,null,null,null,null,null,null,null,null,null,null,null,null,null,6,"0000010001","4FPHOWNOAKECP6492HYU0SIXD"]
[null,null,null,null,null,null,null,null,null,null,null,null,null,null,null,null,null,null,null,null,null,null,null,null,null,null,null,null,null,null,6,"ZISJARS01___F00001","Primary Account","X","","Y","0001","","","","","","","","0","00","","","","00000000","K","ZISJARS01___F00001","A","","","H","","","","","","00000000","0000","","0","","","","","1","1","1","1","0","","","2","","0","4FPHOUY82VKOK5SNRTG3SCT75","","","","","","","0000","","","",6,"45GNYLS3V6HRAXCFZ22SH6BK1","45GNYMUIHZIAW21OS8EHVG54X","Id-PPL","0005","Y","S","","L","","","","","",null,null,null,null,null,null,6,"ZISJARS01___F00011","0CURRENCY","Currency","0000","X","0","0","0","","","","","0000","","",null,null,null,null,6,"4FPHOVL9NRDT41F09BN4MIPCH","45GNYNWX4SIUH6QXLEQ79PYPT","3","0","","","","00","X","0","0","","",null,null,null,null,null,null,null,null,null,null,null,null,null,null,null,null,null,null,null,null,null,null,null,null,null,null,null,null,null,null,null,null,null,null,null,null,6,"0S_COCD","1","S","I","EQ","1000","1000","","","PacifiCorp","40","","0","","0","Company Code","20","","","ZISJARS01___F00011","",null,null,null,null,null,null,null,null,null,null,null,null,null,null,null,null,null,null,null,null,null,null,null,null,null,null,null,null,6,"0000010003","ZMJRS_C1"]
[null,null,null,null,null,null,null,null,null,null,null,null,null,null,null,null,null,null,null,null,null,null,null,null,null,null,null,null,null,null,6,"ZISJARS01___F00003","Secondary Account","X","","Y","0002","","","","","","","","0","00","","","","00000000","K","ZISJARS01___F00003","A","","","H","","","","","","00000000","0000","","0","","","","","1","1","1","0","0","","","2","","0","4FPHOUQJJWYZ1J97LZDRIAUHD","","","","","","","0000","","","",6,"4FPHOVDL4SS3LEVK3HKSCGQMP","4FPHOW8B8N6XNX1CQTU5GOLHT","Var %","0006","","F","","L","","","","","",null,null,null,null,null,null,6,"ZISJARS01___F00011","0C_CTR_AREA","Credit Control Area","0000","X","0","0","0","","","","","0000","","",null,null,null,null,6,"4FPHOVL9NRDT41F09BN4MIPCH","45GNYO4LNR4JZTADR8SJJRXFL","3","0","","","","00","X","0","0","","",null,null,null,null,null,null,null,null,null,null,null,null,null,null,null,null,null,null,null,null,null,null,null,null,null,null,null,null,null,null,null,null,null,null,null,null,6,"0S_COCD","1","S","I","EQ","2010","2010","","","Interwest Mining Company","40","","0","","0","Company Code","20","","","ZISJARS01___F00011","",null,null,null,null,null,null,null,null,null,null,null,null,null,null,null,null,null,null,null,null,null,null,null,null,null,null,null,null,6,"0000000010",""]
[null,null,null,null,null,null,null,null,null,null,null,null,null,null,null,null,null,null,null,null,null,null,null,null,null,null,null,null,null,null,6,"ZISJARS01___F00032","Alloc","X","","Y","0003","","","","","","","","2","00","","","","00000000","K","ZISJARS01___F00032","A","","","H","","","","","","00000000","0000","","0","","","","","1","1","1","2","0","","","2","","0","4FPHOV5WLU6E2SC3XNIG2ERWX","","","","","","","0000","","","",6,"45GNYLS3V6HRAXCFZ22SH6BK1","45GNYN270Y40EOL4Y2GU5I3UP","Mont","0006","Y","S","","L","","","","","",null,null,null,null,null,null,6,"ZISJARS01___F00011","0FISCVARNT","Fiscal Year Variant","0000","X","2","0","0","","","","","0000","","",null,null,null,null,6,"4FPHOVL9NRDT41F09BN4MIPCH","45GNYOCA6PQ9IFTTX2UVTTW5D","3","0","","","","00","X","0","0","","",null,null,null,null,null,null,null,null,null,null,null,null,null,null,null,null,null,null,null,null,null,null,null,null,null,null,null,null,null,null,null,null,null,null,null,null,6,"0S_COCD","1","S","I","EQ","2030","2030","","","Glenrock Coal Company","40","","0","","0","Company Code","20","","","ZISJARS01___F00011","",null,null,null,null,null,null,null,null,null,null,null,null,null,null,null,null,null,null,null,null,null,null,null,null,null,null,null,null,6,"0000000109","2"]
[null,null,null,null,null,null,null,null,null,null,null,null,null,null,null,null,null,null,null,null,null,null,null,null,null,null,null,null,null,null,5,"ZISJARS01___F00006","Account Number","X","","","0001","","","","","","","U","0","00","","","","00000000","K","ZISJARS01___F00006","A","","","H","","","","","","00000000","0000","","0","","","","","1","1","1","0","0","","","2","","0","4FL36QLV1F8YMM16XA04JQJ81","","","","","","","0000","","","",6,"45GNYLS3V6HRAXCFZ22SH6BK1","45GNYN9VJWPPXB4L3WJ6FK2KH","Wy-PPL","0007","Y","S","","L","","","","","",null,null,null,null,null,null,6,"ZISJARS01___F00011","0LOGSYS","Source System","0000","X","1","0","0","","","","","0000","","",null,null,null,null,6,"4FPHOVL9NRDT41F09BN4MIPCH","45GNYOJYPOBZ12DA2WX83VUV5","3","0","","","","00","X","0","0","","",null,null,null,null,null,null,null,null,null,null,null,null,null,null,null,null,null,null,null,null,null,null,null,null,null,null,null,null,null,null,null,null,null,null,null,null,6,"0S_COCD","1","S","I","EQ","2040","2040","","","Centralia Mining Company","40","","0","","0","Company Code","20","","","ZISJARS01___F00011","",null,null,null,null,null,null,null,null,null,null,null,null,null,null,null,null,null,null,null,null,null,null,null,null,null,null,null,null,6,"0000000113",""]
[null,null,null,null,null,null,null,null,null,null,null,null,null,null,null,null,null,null,null,null,null,null,null,null,null,null,null,null,null,null,5,"ZISJARS01___F00029","Allocation Version","X","","","0002","","","","","","","U","1","00","","","","00000000","S","ZISJARS01___F00029","A","","","H","","","","","","00000000","0000","","0","","","","","1","1","1","0","0","","","2","","0","4FL36QTJKDUO58KN342GTSHXT","","","","","","","0000","","","",6,"45GNYLS3V6HRAXCFZ22SH6BK1","45GNYNHK2VBFFXO19QLIPM1A9","Utah","0008","Y","S","","L","","","","","",null,null,null,null,null,null,6,"ZISJARS01___F00011","0SOURSYSTEM","Source system ID","0000","X","1","0","0","","","","","0000","","",null,null,null,null,6,"4FPHOVSY6PZIMNYGF5PGWKO29","45GNYLZSE53GTJVW4W54R8A9T","3","0","","","","00","X","0","0","","",null,null,null,null,null,null,null,null,null,null,null,null,null,null,null,null,null,null,null,null,null,null,null,null,null,null,null,null,null,null,null,null,null,null,null,null,6,"0S_COCD","1","S","I","EQ","2050","2050","","","Energy West Mining Comp","40","","0","","0","Company Code","20","","","ZISJARS01___F00011","",null,null,null,null,null,null,null,null,null,null,null,null,null,null,null,null,null,null,null,null,null,null,null,null,null,null,null,null,6,"0000000020",""]
[null,null,null,null,null,null,null,null,null,null,null,null,null,null,null,null,null,null,null,null,null,null,null,null,null,null,null,null,null,null,5,"ZISJARS01___F00011","Company code","X","","","0003","","","","","","","","0","00","","","","00000000","K","ZISJARS01___F00011","A","","","H","","","","","","00000000","0000","","0","","","","","1","1","1","0","0","","","2","","0","4FL36R183CGDNV438Y4T3UGNL","","","","","","","0000","","","",6,"45GNYLS3V6HRAXCFZ22SH6BK1","45GNYNP8LTX4YK7HFKNUZO001","Idaho","0009","Y","S","","L","","","","","",null,null,null,null,null,null,6,"ZISJARS01___F00002","0CHANGEDBY","Changed by","0000","X","2","0","0","","","","","0000","","",null,null,null,null,6,"4FPHOVSY6PZIMNYGF5PGWKO29","45GNYM7GX3P6C6FCAQ7H1A8ZL","3","0","","","","00","X","0","0","","",null,null,null,null,null,null,null,null,null,null,null,null,null,null,null,null,null,null,null,null,null,null,null,null,null,null,null,null,null,null,null,null,null,null,null,null,6,"0S_COCD","1","S","I","EQ","2060","2060","","","Fossil Rock Fuels, LLC","40","","0","","0","Company Code","20","","","ZISJARS01___F00011","",null,null,null,null,null,null,null,null,null,null,null,null,null,null,null,null,null,null,null,null,null,null,null,null,null,null,null,null,6,"0000000030",""]
[null,null,null,null,null,null,null,null,null,null,null,null,null,null,null,null,null,null,null,null,null,null,null,null,null,null,null,null,null,null,5,"ZISJARS01___F00002","FERC Location Code","X","","","0004","","","","","","","U","1","00","","","","00000000","K","ZISJARS01___F00002","A","","","H","","","","","","00000000","0000","","0","","","","","1","1","1","0","0","","","2","","0","4FL36R8WMB236HNJES75DWFDD","","","","","","","0000","","","",6,"45GNYLS3V6HRAXCFZ22SH6BK1","45GNYNWX4SIUH6QXLEQ79PYPT","Wy-UPL","0010","Y","S","","L","","","","","",null,null,null,null,null,null,6,"ZISJARS01___F00002","0CH_AT","Last Changed At","0000","X","2","0","0","","","","","0000","","",null,null,null,null,6,"4FPHOVSY6PZIMNYGF5PGWKO29","45GNYMF5G2AVUSYSGK9TBC7PD","3","0","","","","00","X","0","0","","",null,null,null,null,null,null,null,null,null,null,null,null,null,null,null,null,null,null,null,null,null,null,null,null,null,null,null,null,null,null,null,null,null,null,null,null,5,"0PCALMON","1","P","I","EQ","201306","06/2013","","","JUN 2013","40","","0","","0","Calendar Year/Month","20","","","ZISJARS01___F00014","",null,null,null,null,null,null,null,null,null,null,null,null,null,null,null,null,null,null,null,null,null,null,null,null,null,null,null,null,6,"0000000040",""]
[null,null,null,null,null,null,null,null,null,null,null,null,null,null,null,null,null,null,null,null,null,null,null,null,null,null,null,null,null,null,5,"ZISJARS01___F00013","FERC Merger Code","X","","","0005","","","","","","","U","1","00","","","","00000000","K","ZISJARS01___F00013","A","","","H","","","","","","00000000","0000","","0","","","","","1","1","1","0","0","","","2","","0","4FL36RGL59NSP46ZKM9HNYE35","","","","","","","0000","","","",6,"45GNYLS3V6HRAXCFZ22SH6BK1","45GNYO4LNR4JZTADR8SJJRXFL","FERC","0011","Y","S","","L","","","","","",null,null,null,null,null,null,6,"ZISJARS01___F00002","0CH_ON","Changed on","0000","X","2","0","0","","","","","0000","","",null,null,null,null,6,"4FPHOVSY6PZIMNYGF5PGWKO29","45GNYMMTZ0WLDFI8MEC5LE6F5","3","0","","","","00","X","0","0","","",null,null,null,null,null,null,null,null,null,null,null,null,null,null,null,null,null,null,null,null,null,null,null,null,null,null,null,null,null,null,null,null,null,null,null,null,5,"ZSFRCACT","1","S","","","","","","","","0","","0","","0","","20","","","ZISJARS01___F00001","",null,null,null,null,null,null,null,null,null,null,null,null,null,null,null,null,null,null,null,null,null,null,null,null,null,null,null,null,6,"0000000041",""]
[null,null,null,null,null,null,null,null,null,null,null,null,null,null,null,null,null,null,null,null,null,null,null,null,null,null,null,null,null,null,5,"ZISJARS01___F00035","JARS Primary Group","X","","","0006","","DEPR","","","","","U","2","00","","","","00000000","K","ZISJARS01___F00035","A","","","H","","","","","","00000000","0000","","0","","1","","","1","1","1","0","0","","","2","","0","4FL36RO9O89I7QQFQGBTY0CSX","","","","","","","0000","","","",6,"45GNYLS3V6HRAXCFZ22SH6BK1","45GNYOCA6PQ9IFTTX2UVTTW5D","Other","0012","Y","S","","L","","","","","",null,null,null,null,null,null,6,"ZISJARS01___F00002","0COUNTRY","Country","0000","X","0","0","0","","","","","0000","","",null,null,null,null,6,"4FPHOVSY6PZIMNYGF5PGWKO29","45GNYMUIHZIAW21OS8EHVG54X","3","0","","","","00","X","0","0","","",null,null,null,null,null,null,null,null,null,null,null,null,null,null,null,null,null,null,null,null,null,null,null,null,null,null,null,null,null,null,null,null,null,null,null,null,5,"ZJRSCLMN","1","P","I","EQ","201106","06/2011","","","JUN 2011","40","","0","","0","","20","","","ZISJARS01___F00025","",null,null,null,null,null,null,null,null,null,null,null,null,null,null,null,null,null,null,null,null,null,null,null,null,null,null,null,null,6,"0000000042","00"]
[null,null,null,null,null,null,null,null,null,null,null,null,null,null,null,null,null,null,null,null,null,null,null,null,null,null,null,null,null,null,5,"ZISJARS01___F00012","Profit Center","X","","","0007","","","","","","","U","0","02","","4500P_LOFBUS","","00000000","K","ZISJARS01___F00012","A","","","H","ZISJARS01___F00012","A","","","","00000000","0000","","0","","","","2","1","1","1","0","0","","","","","0","4FL36RVY76V7QD9VWAE682BIP","","","","","","","0000","","","",6,"45GNYLS3V6HRAXCFZ22SH6BK1","45GNYOJYPOBZ12DA2WX83VUV5","Nutil","0013","Y","S","","L","","","","","",null,null,null,null,null,null,6,"ZISJARS01___F00002","0REGION","Region","0000","X","0","0","0","","","","","0000","","",null,null,null,null,6,"4FPHOVSY6PZIMNYGF5PGWKO29","45GNYN270Y40EOL4Y2GU5I3UP","3","0","","","","00","X","0","0","","",null,null,null,null,null,null,null,null,null,null,null,null,null,null,null,null,null,null,null,null,null,null,null,null,null,null,null,null,null,null,null,null,null,null,null,null,5,"ZPMETHOD","1","P","I","EQ","03","3","","","Factor 2010 Protocol","40","","0","","0","","20","","","ZISJARS01___F00024","",null,null,null,null,null,null,null,null,null,null,null,null,null,null,null,null,null,null,null,null,null,null,null,null,null,null,null,null,6,"0000000043","00"]
[null,null,null,null,null,null,null,null,null,null,null,null,null,null,null,null,null,null,null,null,null,null,null,null,null,null,null,null,null,null,5,"ZISJARS01___F00008","Version","X","","","0008","","Budget  (Original)","","","","","","2","00","","","","00000000","K","ZISJARS01___F00008","A","","","H","","","","","","00000000","0000","","0","","1","","","1","1","1","0","0","","","2","","0","4FL36SBB942MRMCS7YIUS68Y9","","","","","","","0000","","","",5,"4FL38C7T8Y2CBNWEORK7YGWK1","4FL38CFHRWO1UAFUULMK8IV9T","total balance","0001","Y","S","","L","X","ELEM","3XZQA4OL3EMHDY9K22YCV464R","ZDC_JARSBALANCE","Balance",null,null,null,null,null,null,6,"ZISJARS01___F00002","ZFRCDVSN","FERC Division Code","0000","X","2","0","0","","","","","0000","","",null,null,null,null,6,"4FPHOVSY6PZIMNYGF5PGWKO29","45GNYN9VJWPPXB4L3WJ6FK2KH","3","0","","","","00","X","0","0","","",null,null,null,null,null,null,null,null,null,null,null,null,null,null,null,null,null,null,null,null,null,null,null,null,null,null,null,null,null,null,null,null,null,null,null,null,5,"ZSVERSN","1","P","I","EQ","01","1","","","Average","40","","0","","0","","20","","","ZISJARS01___F00029","",null,null,null,null,null,null,null,null,null,null,null,null,null,null,null,null,null,null,null,null,null,null,null,null,null,null,null,null,6,"0000000021",""]
[null,null,null,null,null,null,null,null,null,null,null,null,null,null,null,null,null,null,null,null,null,null,null,null,null,null,null,null,null,null,5,"4FL38C7T8Y2CBNWEORK7YGWK1","wc Jurisdictional Areas 13 mth avg","","X","X","0001","","*","","","","","U","","00","","","","","K","4FL38C7T8Y2CBNWEORK7YGWK1","A","","","","","","","","","00000000","0000","X","0","","X","","","0","0","0","0","0","","","","","","4FL38C7T8Y2CBNWEORK7YGWK1","","","","","","","0000","","","",5,"4FL38C7T8Y2CBNWEORK7YGWK1","4FL38CN6AV9RCWZB0FOWIKTZL","Total","0002","","F","","L","","","","","",null,null,null,null,null,null,6,"ZISJARS01___F00002","ZFRCPFUN","FERC Plant Function","0000","X","2","0","0","","","","","0000","","",null,null,null,null,6,"4FPHOVSY6PZIMNYGF5PGWKO29","45GNYNHK2VBFFXO19QLIPM1A9","3","0","","","","00","X","0","0","","",null,null,null,null,null,null,null,null,null,null,null,null,null,null,null,null,null,null,null,null,null,null,null,null,null,null,null,null,null,null,null,null,null,null,null,null,5,"ZSFACTOR","1","S","E","EQ","NUTIL","NUTIL","","","","40","","0","","0","","20","","","ZISJARS01___F00032","",null,null,null,null,null,null,null,null,null,null,null,null,null,null,null,null,null,null,null,null,null,null,null,null,null,null,null,null,6,"0000000022",""]
[null,null,null,null,null,null,null,null,null,null,null,null,null,null,null,null,null,null,null,null,null,null,null,null,null,null,null,null,null,null,5,"ZISJARS01___F00001","Primary Account","X","","Y","0001","","","","","","","","0","00","","","","00000000","K","ZISJARS01___F00001","A","","","H","","","","","","00000000","0000","","0","","","","","1","1","1","22","0","","","2","","0","4FL36SIZS2OCA8W8DSL7287O1","","","","","","","0000","","","",5,"4FL38C7T8Y2CBNWEORK7YGWK1","4FL38CUUTTVGVJIR69R8SMSPD","calif balance","0003","Y","S","","L","X","ELEM","3XZQA4OL3EMHDY9K22YCV464R","ZDC_JARSBALANCE","Balance",null,null,null,null,null,null,6,"ZISJARS01___F00012","0LOGSYS","Source System","0000","X","1","0","0","","","","","0000","","",null,null,null,null,6,"4FPHOVSY6PZIMNYGF5PGWKO29","45GNYNP8LTX4YK7HFKNUZO001","3","0","","","","00","X","0","0","","",null,null,null,null,null,null,null,null,null,null,null,null,null,null,null,null,null,null,null,null,null,null,null,null,null,null,null,null,null,null,null,null,null,null,null,null,5,"ZS_JPG","1","S","","","","","","","","0","","0","","0","","20","","","ZISJARS01___F00035","",null,null,null,null,null,null,null,null,null,null,null,null,null,null,null,null,null,null,null,null,null,null,null,null,null,null,null,null,6,"0000000023",""]
[null,null,null,null,null,null,null,null,null,null,null,null,null,null,null,null,null,null,null,null,null,null,null,null,null,null,null,null,null,null,5,"ZISJARS01___F00003","Secondary Account","X","","Y","0002","","","","","","","","0","00","","","","00000000","K","ZISJARS01___F00003","A","","","H","","","","","","00000000","0000","","0","","","","","1","1","1","0","0","","","2","","0","4FL36S3MQ5GX8ZTC24GII4A8H","","","","","","","0000","","","",5,"4FL38C7T8Y2CBNWEORK7YGWK1","4FNHK0E95EEABVX5A1IN62U35","Calif","0004","","F","","L","","","","","",null,null,null,null,null,null,6,"ZISJARS01___F00012","0OBJ_CURR","Object currency","0000","X","0","0","0","","","","","0000","","",null,null,null,null,6,"4FPHOVSY6PZIMNYGF5PGWKO29","45GNYNWX4SIUH6QXLEQ79PYPT","3","0","","","","00","X","0","0","","",null,null,null,null,null,null,null,null,null,null,null,null,null,null,null,null,null,null,null,null,null,null,null,null,null,null,null,null,null,null,null,null,null,null,null,null,5,"BA_PCTRN","2","P","","","","","","","","0","","0","","0","PCtr Node","20","","","ZISJARS01___F00012","",null,null,null,null,null,null,null,null,null,null,null,null,null,null,null,null,null,null,null,null,null,null,null,null,null,null,null,null,6,"0000010002","4FPHOSLQAAXVV9UPZMQCPR7BL"]
[null,null,null,null,null,null,null,null,null,null,null,null,null,null,null,null,null,null,null,null,null,null,null,null,null,null,null,null,null,null,5,"ZISJARS01___F00032","Alloc","X","","Y","0003","","","","","","","","2","00","","","","00000000","K","ZISJARS01___F00032","A","","","H","","","","","","00000000","0000","","0","","","","","1","1","1","25","0","","","2","","0","4FL36SQOB1A1SVFOJMNJCA6DT","","","","","","","0000","","","",5,"4FL38C7T8Y2CBNWEORK7YGWK1","4FL38D2JCSH6E627C3TL2ORF5","oregon balance","0005","Y","S","","L","X","ELEM","3XZQA4OL3EMHDY9K22YCV464R","ZDC_JARSBALANCE","Balance",null,null,null,null,null,null,6,"ZISJARS01___F00012","0RESP_PERS","Person responsible","0000","X","2","0","0","","","","","0000","","",null,null,null,null,6,"4FPHOVSY6PZIMNYGF5PGWKO29","45GNYO4LNR4JZTADR8SJJRXFL","3","0","","","","00","X","0","0","","",null,null,null,null,null,null,null,null,null,null,null,null,null,null,null,null,null,null,null,null,null,null,null,null,null,null,null,null,null,null,null,null,null,null,null,null,5,"0S_COCD","1","S","I","EQ","1000","1000","","","PacifiCorp","40","","0","","0","Company Code","20","","","ZISJARS01___F00011","",null,null,null,null,null,null,null,null,null,null,null,null,null,null,null,null,null,null,null,null,null,null,null,null,null,null,null,null,6,"0000000105",""]
[null,null,null,null,null,null,null,null,null,null,null,null,null,null,null,null,null,null,null,null,null,null,null,null,null,null,null,null,null,null,4,"ZISJARS01___F00006","Account Number","X","","","0001","","","","","","","U","0","00","","","","00000000","K","ZISJARS01___F00006","A","","","H","","","","","","00000000","0000","","0","","","","","1","1","1","0","0","","","2","","0","4FL36QLV1F8YMM16XA04JQJ81","","","","","","","0000","","","",5,"4FL38C7T8Y2CBNWEORK7YGWK1","4FNHK0LXOCZZUIGLFVKZG4SSX","Oregon","0006","","F","","L","","","","","",null,null,null,null,null,null,6,"ZISJARS01___F00012","0SOURSYSTEM","Source system ID","0000","X","1","0","0","","","","","0000","","",null,null,null,null,6,"4FPHOVSY6PZIMNYGF5PGWKO29","45GNYOCA6PQ9IFTTX2UVTTW5D","3","0","","","","00","X","0","0","","",null,null,null,null,null,null,null,null,null,null,null,null,null,null,null,null,null,null,null,null,null,null,null,null,null,null,null,null,null,null,null,null,null,null,null,null,5,"0S_COCD","1","S","I","EQ","2010","2010","","","Interwest Mining Company","40","","0","","0","Company Code","20","","","ZISJARS01___F00011","",null,null,null,null,null,null,null,null,null,null,null,null,null,null,null,null,null,null,null,null,null,null,null,null,null,null,null,null,6,"0000000106",""]
[null,null,null,null,null,null,null,null,null,null,null,null,null,null,null,null,null,null,null,null,null,null,null,null,null,null,null,null,null,null,4,"ZISJARS01___F00029","Allocation Version","X","","","0002","","","","","","","U","1","00","","","","00000000","S","ZISJARS01___F00029","A","","","H","","","","","","00000000","0000","","0","","","","","1","1","1","0","0","","","2","","0","4FL36QTJKDUO58KN342GTSHXT","","","","","","","0000","","","",5,"4FL38C7T8Y2CBNWEORK7YGWK1","4FL38DA7VR2VWSLNHXVXCQQ4X","wash balance","0007","Y","S","","L","X","ELEM","3XZQA4OL3EMHDY9K22YCV464R","ZDC_JARSBALANCE","Balance",null,null,null,null,null,null,6,"ZISJARS01___F00003","0CHANGEDBY","Changed by","0000","X","2","0","0","","","","","0000","","",null,null,null,null,6,"4FPHOVSY6PZIMNYGF5PGWKO29","45GNYOJYPOBZ12DA2WX83VUV5","3","0","","","","00","X","0","0","","",null,null,null,null,null,null,null,null,null,null,null,null,null,null,null,null,null,null,null,null,null,null,null,null,null,null,null,null,null,null,null,null,null,null,null,null,5,"0S_COCD","1","S","I","EQ","2030","2030","","","Glenrock Coal Company","40","","0","","0","Company Code","20","","","ZISJARS01___F00011","",null,null,null,null,null,null,null,null,null,null,null,null,null,null,null,null,null,null,null,null,null,null,null,null,null,null,null,null,6,"0000000112","0"]
[null,null,null,null,null,null,null,null,null,null,null,null,null,null,null,null,null,null,null,null,null,null,null,null,null,null,null,null,null,null,4,"ZISJARS01___F00011","Company code","X","","","0003","","","","","","","U","0","00","","","","00000000","K","ZISJARS01___F00011","A","","","H","","","","","","00000000","0000","","0","","","","","1","1","1","0","0","","","2","","0","4FL36R183CGDNV438Y4T3UGNL","","","","","","","0000","","","",5,"4FL38C7T8Y2CBNWEORK7YGWK1","4FNHK0TM7BLPD501LPNBQ6RIP","Wash","0008","","F","","L","","","","","",null,null,null,null,null,null,6,"ZISJARS01___F00003","0CH_AT","Last Changed At","0000","X","2","0","0","","","","","0000","","",null,null,null,null,6,"4FPHOW0MPOL85AHWKZRT6MMS1","45GNYLZSE53GTJVW4W54R8A9T","3","0","","","","00","X","0","0","","",null,null,null,null,null,null,null,null,null,null,null,null,null,null,null,null,null,null,null,null,null,null,null,null,null,null,null,null,null,null,null,null,null,null,null,null,5,"0S_COCD","1","S","I","EQ","2040","2040","","","Centralia Mining Company","40","","0","","0","Company Code","20","","","ZISJARS01___F00011","",null,null,null,null,null,null,null,null,null,null,null,null,null,null,null,null,null,null,null,null,null,null,null,null,null,null,null,null,6,"0000000200","X"]
[null,null,null,null,null,null,null,null,null,null,null,null,null,null,null,null,null,null,null,null,null,null,null,null,null,null,null,null,null,null,4,"ZISJARS01___F00002","FERC Location Code","X","","","0004","","","","","","","U","1","00","","","","00000000","K","ZISJARS01___F00002","A","","","H","","","","","","00000000","0000","","0","","","","","1","1","1","0","0","","","2","","0","4FL36R8WMB236HNJES75DWFDD","","","","","","","0000","","","",5,"4FL38C7T8Y2CBNWEORK7YGWK1","4FL38DHWEPOLFF53NRY9MSOUP","id-ppl balance","0009","Y","S","","L","X","ELEM","3XZQA4OL3EMHDY9K22YCV464R","ZDC_JARSBALANCE","Balance",null,null,null,null,null,null,6,"ZISJARS01___F00003","0CH_ON","Changed on","0000","X","2","0","0","","","","","0000","","",null,null,null,null,6,"4FPHOW0MPOL85AHWKZRT6MMS1","45GNYM7GX3P6C6FCAQ7H1A8ZL","3","0","","","","00","X","0","0","","",null,null,null,null,null,null,null,null,null,null,null,null,null,null,null,null,null,null,null,null,null,null,null,null,null,null,null,null,null,null,null,null,null,null,null,null,5,"0S_COCD","1","S","I","EQ","2050","2050","","","Energy West Mining Comp","40","","0","","0","Company Code","20","","","ZISJARS01___F00011","",null,null,null,null,null,null,null,null,null,null,null,null,null,null,null,null,null,null,null,null,null,null,null,null,null,null,null,null,6,"0000004000","X"]
[null,null,null,null,null,null,null,null,null,null,null,null,null,null,null,null,null,null,null,null,null,null,null,null,null,null,null,null,null,null,4,"ZISJARS01___F00013","FERC Merger Code","X","","","0005","","","","","","","U","1","00","","","","00000000","K","ZISJARS01___F00013","A","","","H","","","","","","00000000","0000","","0","","","","","1","1","1","0","0","","","2","","0","4FL36RGL59NSP46ZKM9HNYE35","","","","","","","0000","","","",5,"4FL38C7T8Y2CBNWEORK7YGWK1","4FNHK11AQA7EVRJHRJPO08Q8H","Id-PPL","0010","","F","","L","","","","","",null,null,null,null,null,null,6,"ZISJARS01___F00003","ZFRCSCTY","FERC 2ndary Acct Typ","0000","X","2","0","0","","","","","0000","","",null,null,null,null,6,"4FPHOW0MPOL85AHWKZRT6MMS1","45GNYMF5G2AVUSYSGK9TBC7PD","3","0","","","","00","X","0","0","","",null,null,null,null,null,null,null,null,null,null,null,null,null,null,null,null,null,null,null,null,null,null,null,null,null,null,null,null,null,null,null,null,null,null,null,null,5,"0S_COCD","1","S","I","EQ","2060","2060","","","Fossil Rock Fuels, LLC","40","","0","","0","Company Code","20","","","ZISJARS01___F00011","",null,null,null,null,null,null,null,null,null,null,null,null,null,null,null,null,null,null,null,null,null,null,null,null,null,null,null,null,6,"0000009001","WC JARS - Variance by FERC Account (13 Mth Avg)"]
[null,null,null,null,null,null,null,null,null,null,null,null,null,null,null,null,null,null,null,null,null,null,null,null,null,null,null,null,null,null,4,"ZISJARS01___F00035","JARS Primary Group","X","","","0006","","DEPR","","","","","U","2","00","","","","00000000","K","ZISJARS01___F00035","A","","","H","","","","","","00000000","0000","","0","","1","","","1","1","1","0","0","","","2","","0","4FL36RO9O89I7QQFQGBTY0CSX","","","","","","","0000","","","",5,"4FL38C7T8Y2CBNWEORK7YGWK1","4FL38DPKXOAAY1OJTM0LWUNKH","mont balance","0011","Y","S","","L","X","ELEM","3XZQA4OL3EMHDY9K22YCV464R","ZDC_JARSBALANCE","Balance",null,null,null,null,null,null,6,"ZISJARS01___F00003","ZJRSDEPR","JARS Depreciation","0000","X","2","0","0","","","","","0000","","",null,null,null,null,6,"4FPHOW0MPOL85AHWKZRT6MMS1","45GNYMMTZ0WLDFI8MEC5LE6F5","3","0","","","","00","X","0","0","","",null,null,null,null,null,null,null,null,null,null,null,null,null,null,null,null,null,null,null,null,null,null,null,null,null,null,null,null,null,null,null,null,null,null,null,null,4,"0PCALMON","1","P","I","EQ","201306","06/2013","","","JUN 2013","40","","0","","0","Calendar Year/Month","20","","","ZISJARS01___F00014","",null,null,null,null,null,null,null,null,null,null,null,null,null,null,null,null,null,null,null,null,null,null,null,null,null,null,null,null,6,"0000000114","1"]
[null,null,null,null,null,null,null,null,null,null,null,null,null,null,null,null,null,null,null,null,null,null,null,null,null,null,null,null,null,null,4,"ZISJARS01___F00012","Profit Center","X","","","0007","","","","","","","U","0","02","","4500P_LOFBUS","","00000000","K","ZISJARS01___F00012","A","","","H","ZISJARS01___F00012","A","","","","00000000","0000","","0","","","","2","1","1","1","0","0","","","","","0","4FL36RVY76V7QD9VWAE682BIP","","","","","","","0000","","","",5,"4FL38C7T8Y2CBNWEORK7YGWK1","4FNHK18Z98T4EE2XXDS0AAOY9","Mont","0012","","F","","L","","","","","",null,null,null,null,null,null,6,"ZISJARS01___F00003","ZJRSFRMDT","JARS 2ndary From DT","0000","X","2","0","0","","","","","0000","","",null,null,null,null,6,"4FPHOW0MPOL85AHWKZRT6MMS1","45GNYMUIHZIAW21OS8EHVG54X","3","0","","","","00","X","0","0","","",null,null,null,null,null,null,null,null,null,null,null,null,null,null,null,null,null,null,null,null,null,null,null,null,null,null,null,null,null,null,null,null,null,null,null,null,4,"ZSFRCACT","1","S","","","","","","","","0","","0","","0","","20","","","ZISJARS01___F00001","",null,null,null,null,null,null,null,null,null,null,null,null,null,null,null,null,null,null,null,null,null,null,null,null,null,null,null,null,5,"0000000100",""]
[null,null,null,null,null,null,null,null,null,null,null,null,null,null,null,null,null,null,null,null,null,null,null,null,null,null,null,null,null,null,4,"ZISJARS01___F00008","Version","X","","","0008","","Actuals / Detailed Plan","","","","","U","2","00","","","","00000000","K","ZISJARS01___F00008","A","","","H","","","","","","00000000","0000","","0","","1","","","1","1","1","0","0","","","2","","0","4FL36SBB942MRMCS7YIUS68Y9","","","","","","","0000","","","",5,"4FL38C7T8Y2CBNWEORK7YGWK1","4FL38DX9GMW0GO7ZZG2Y6WMA9","wy-ppl balance","0013","Y","S","","L","X","ELEM","3XZQA4OL3EMHDY9K22YCV464R","ZDC_JARSBALANCE","Balance",null,null,null,null,null,null,6,"ZISJARS01___F00003","ZJRSSCLVL","JARS 2ndary Acct Lvl","0000","X","2","0","0","","","","","0000","","",null,null,null,null,6,"4FPHOW0MPOL85AHWKZRT6MMS1","45GNYN270Y40EOL4Y2GU5I3UP","3","0","","","","00","X","0","0","","",null,null,null,null,null,null,null,null,null,null,null,null,null,null,null,null,null,null,null,null,null,null,null,null,null,null,null,null,null,null,null,null,null,null,null,null,4,"ZJRSCLMN","1","P","I","EQ","201106","06/2011","","","JUN 2011","40","","0","","0","","20","","","ZISJARS01___F00025","",null,null,null,null,null,null,null,null,null,null,null,null,null,null,null,null,null,null,null,null,null,null,null,null,null,null,null,null,5,"0000000108","6"]
[null,null,null,null,null,null,null,null,null,null,null,null,null,null,null,null,null,null,null,null,null,null,null,null,null,null,null,null,null,null,4,"4FL38C7T8Y2CBNWEORK7YGWK1","wc Jurisdictional Areas 13 mth avg","","X","X","0001","","*","","","","","U","","00","","","","","K","4FL38C7T8Y2CBNWEORK7YGWK1","A","","","","","","","","","00000000","0000","X","0","","X","","","0","0","0","0","0","","","","","","4FL38C7T8Y2CBNWEORK7YGWK1","","","","","","","0000","","","",5,"4FL38C7T8Y2CBNWEORK7YGWK1","4FNHK1GNS7ETX0ME37UCKCNO1","Wy-PPL","0014","","F","","L","","","","","",null,null,null,null,null,null,6,"ZISJARS01___F00003","ZJRSTODT","JARS 2ndary To DT","0000","X","2","0","0","","","","","0000","","",null,null,null,null,6,"4FPHOW0MPOL85AHWKZRT6MMS1","45GNYN9VJWPPXB4L3WJ6FK2KH","3","0","","","","00","X","0","0","","",null,null,null,null,null,null,null,null,null,null,null,null,null,null,null,null,null,null,null,null,null,null,null,null,null,null,null,null,null,null,null,null,null,null,null,null,4,"ZPMETHOD","1","P","I","EQ","03","3","","","Factor 2010 Protocol","40","","0","","0","","20","","","ZISJARS01___F00024","",null,null,null,null,null,null,null,null,null,null,null,null,null,null,null,null,null,null,null,null,null,null,null,null,null,null,null,null,5,"0000000101",""]
[null,null,null,null,null,null,null,null,null,null,null,null,null,null,null,null,null,null,null,null,null,null,null,null,null,null,null,null,null,null,4,"ZISJARS01___F00001","Primary Account","X","","Y","0001","","","","","","","U","0","00","","","","00000000","K","ZISJARS01___F00001","A","","","H","","","","","","00000000","0000","","0","","","","","1","1","1","22","0","","","2","","0","4FL36SIZS2OCA8W8DSL7287O1","","","","","","","0000","","","",5,"4FL38C7T8Y2CBNWEORK7YGWK1","4FL38E4XZLHPZARG5A5AGYL01","utah balance","0015","Y","S","","L","X","ELEM","3XZQA4OL3EMHDY9K22YCV464R","ZDC_JARSBALANCE","Balance",null,null,null,null,null,null,6,"ZISJARS01___F00003","ZOLDFSEC","Old FERC Sec Account","0000","X","3","0","0","","","","","0000","","",null,null,null,null,6,"4FPHOW0MPOL85AHWKZRT6MMS1","45GNYNHK2VBFFXO19QLIPM1A9","3","0","","","","00","X","0","0","","",null,null,null,null,null,null,null,null,null,null,null,null,null,null,null,null,null,null,null,null,null,null,null,null,null,null,null,null,null,null,null,null,null,null,null,null,4,"ZSVERSN","1","P","I","EQ","01","1","","","Average","40","","0","","0","","20","","","ZISJARS01___F00029","",null,null,null,null,null,null,null,null,null,null,null,null,null,null,null,null,null,null,null,null,null,null,null,null,null,null,null,null,5,"0000000104","1"]
[null,null,null,null,null,null,null,null,null,null,null,null,null,null,null,null,null,null,null,null,null,null,null,null,null,null,null,null,null,null,4,"ZISJARS01___F00003","Secondary Account","X","","Y","0002","","","","","","","U","0","00","","","","00000000","K","ZISJARS01___F00003","A","","","H","","","","","","00000000","0000","","0","","","","","1","1","1","0","0","","","2","","0","4FL36S3MQ5GX8ZTC24GII4A8H","","","","","","","0000","","","",5,"4FL38C7T8Y2CBNWEORK7YGWK1","4FNHK1OCB60JFN5U91WOUEMDT","Utah","0016","","F","","L","","","","","",null,null,null,null,null,null,6,"ZISJARS01___F00003","ZSECDWN","JARS Reportng Struct","0000","X","2","0","0","","","","","0000","","",null,null,null,null,6,"4FPHOW0MPOL85AHWKZRT6MMS1","45GNYNP8LTX4YK7HFKNUZO001","3","0","","","","00","X","0","0","","",null,null,null,null,null,null,null,null,null,null,null,null,null,null,null,null,null,null,null,null,null,null,null,null,null,null,null,null,null,null,null,null,null,null,null,null,4,"ZSFACTOR","1","S","E","EQ","NUTIL","NUTIL","","","","40","","0","","0","","20","","","ZISJARS01___F00032","",null,null,null,null,null,null,null,null,null,null,null,null,null,null,null,null,null,null,null,null,null,null,null,null,null,null,null,null,5,"0000000103",""]
[null,null,null,null,null,null,null,null,null,null,null,null,null,null,null,null,null,null,null,null,null,null,null,null,null,null,null,null,null,null,4,"ZISJARS01___F00032","Alloc","X","","Y","0003","","","","","","","U","2","00","","","","00000000","K","ZISJARS01___F00032","A","","","H","","","","","","00000000","0000","","0","","","","","1","1","1","25","0","","","2","","0","4FL36SQOB1A1SVFOJMNJCA6DT","","","","","","","0000","","","",5,"4FL38C7T8Y2CBNWEORK7YGWK1","4FL38ECMIK3FHXAWB47MR0JPT","idaho balance","0017","Y","S","","L","X","ELEM","3XZQA4OL3EMHDY9K22YCV464R","ZDC_JARSBALANCE","Balance",null,null,null,null,null,null,6,"ZISJARS01___F00001","ZFRCBSAIN","FERC Balance Sheet A","0000","X","2","0","0","","","","","0000","","",null,null,null,null,6,"4FPHOW0MPOL85AHWKZRT6MMS1","45GNYNWX4SIUH6QXLEQ79PYPT","3","0","","","","00","X","0","0","","",null,null,null,null,null,null,null,null,null,null,null,null,null,null,null,null,null,null,null,null,null,null,null,null,null,null,null,null,null,null,null,null,null,null,null,null,4,"ZS_JPG","1","S","","","","","","","","0","","0","","0","","20","","","ZISJARS01___F00035","",null,null,null,null,null,null,null,null,null,null,null,null,null,null,null,null,null,null,null,null,null,null,null,null,null,null,null,null,5,"0000000102","3"]
[null,null,null,null,null,null,null,null,null,null,null,null,null,null,null,null,null,null,null,null,null,null,null,null,null,null,null,null,null,null,null,null,null,null,null,null,null,null,null,null,null,null,null,null,null,null,null,null,null,null,null,null,null,null,null,null,null,null,null,null,null,null,null,null,null,null,null,null,null,null,null,null,null,null,null,null,null,null,null,null,null,null,null,null,null,null,null,null,null,null,5,"4FL38C7T8Y2CBNWEORK7YGWK1","4FNHK1W0U4M8Y9PAEVZ14GL3L","Idaho","0018","","F","","L","","","","","",null,null,null,null,null,null,6,"ZISJARS01___F00001","ZFRCFILEN","FERC SAP to JARS int","0000","X","2","0","0","","","","","0000","","",null,null,null,null,6,"4FPHOW0MPOL85AHWKZRT6MMS1","45GNYO4LNR4JZTADR8SJJRXFL","3","0","","","","00","X","0","0","","",null,null,null,null,null,null,null,null,null,null,null,null,null,null,null,null,null,null,null,null,null,null,null,null,null,null,null,null,null,null,null,null,null,null,null,null,4,"BA_PCTRN","2","P","","","","","","","","0","","0","","0","PCtr Node","20","","","ZISJARS01___F00012","",null,null,null,null,null,null,null,null,null,null,null,null,null,null,null,null,null,null,null,null,null,null,null,null,null,null,null,null,5,"0000009000",""]
[null,null,null,null,null,null,null,null,null,null,null,null,null,null,null,null,null,null,null,null,null,null,null,null,null,null,null,null,null,null,null,null,null,null,null,null,null,null,null,null,null,null,null,null,null,null,null,null,null,null,null,null,null,null,null,null,null,null,null,null,null,null,null,null,null,null,null,null,null,null,null,null,null,null,null,null,null,null,null,null,null,null,null,null,null,null,null,null,null,null,5,"4FL38C7T8Y2CBNWEORK7YGWK1","4FL38EKB1IP50JUCGY9Z12IFL","wy-upl balance","0019","Y","S","","L","X","ELEM","3XZQA4OL3EMHDY9K22YCV464R","ZDC_JARSBALANCE","Balance",null,null,null,null,null,null,6,"ZISJARS01___F00001","ZFRCKWHI","FERC KWH in JARS Ind","0000","X","2","0","0","","","","","0000","","",null,null,null,null,6,"4FPHOW0MPOL85AHWKZRT6MMS1","45GNYOCA6PQ9IFTTX2UVTTW5D","3","0","","","","00","X","0","0","","",null,null,null,null,null,null,null,null,null,null,null,null,null,null,null,null,null,null,null,null,null,null,null,null,null,null,null,null,null,null,null,null,null,null,null,null,4,"0S_COCD","1","S","I","EQ","1000","1000","","","PacifiCorp","40","","0","","0","Company Code","20","","","ZISJARS01___F00011","",null,null,null,null,null,null,null,null,null,null,null,null,null,null,null,null,null,null,null,null,null,null,null,null,null,null,null,null,5,"0000000107","4FL36PYTGJFU2QEUFRT3PKN2P"]
[null,null,null,null,null,null,null,null,null,null,null,null,null,null,null,null,null,null,null,null,null,null,null,null,null,null,null,null,null,null,null,null,null,null,null,null,null,null,null,null,null,null,null,null,null,null,null,null,null,null,null,null,null,null,null,null,null,null,null,null,null,null,null,null,null,null,null,null,null,null,null,null,null,null,null,null,null,null,null,null,null,null,null,null,null,null,null,null,null,null,5,"4FL38C7T8Y2CBNWEORK7YGWK1","4FNHK23PD37YGW8QKQ1DEIJTD","Wy-UPL","0020","","F","","L","","","","","",null,null,null,null,null,null,6,"ZISJARS01___F00001","ZFRCLGTX","FERC Account Long Te","0000","X","2","0","0","","","","","0000","","",null,null,null,null,6,"4FPHOW0MPOL85AHWKZRT6MMS1","45GNYOJYPOBZ12DA2WX83VUV5","3","0","","","","00","X","0","0","","",null,null,null,null,null,null,null,null,null,null,null,null,null,null,null,null,null,null,null,null,null,null,null,null,null,null,null,null,null,null,null,null,null,null,null,null,4,"0S_COCD","1","S","I","EQ","2010","2010","","","Interwest Mining Company","40","","0","","0","Company Code","20","","","ZISJARS01___F00011","",null,null,null,null,null,null,null,null,null,null,null,null,null,null,null,null,null,null,null,null,null,null,null,null,null,null,null,null,5,"0000010001","4FL36T61CYHGU4IKVAS7WE3TD"]
[null,null,null,null,null,null,null,null,null,null,null,null,null,null,null,null,null,null,null,null,null,null,null,null,null,null,null,null,null,null,null,null,null,null,null,null,null,null,null,null,null,null,null,null,null,null,null,null,null,null,null,null,null,null,null,null,null,null,null,null,null,null,null,null,null,null,null,null,null,null,null,null,null,null,null,null,null,null,null,null,null,null,null,null,null,null,null,null,null,null,5,"4FL38C7T8Y2CBNWEORK7YGWK1","4FL38ERZKHAUJ6DSMSCBB4H5D","ferc balance","0021","Y","S","","L","X","ELEM","3XZQA4OL3EMHDY9K22YCV464R","ZDC_JARSBALANCE","Balance",null,null,null,null,null,null,6,"ZISJARS01___F00001","ZFRCLOC","FERC Location Code","0000","X","1","0","0","","","","","0000","","",null,null,null,null,6,"4FPHOW8B8N6XNX1CQTU5GOLHT","45GNYLZSE53GTJVW4W54R8A9T","","1","","","","00","X","0","0","","",null,null,null,null,null,null,null,null,null,null,null,null,null,null,null,null,null,null,null,null,null,null,null,null,null,null,null,null,null,null,null,null,null,null,null,null,4,"0S_COCD","1","S","I","EQ","2030","2030","","","Glenrock Coal Company","40","","0","","0","Company Code","20","","","ZISJARS01___F00011","",null,null,null,null,null,null,null,null,null,null,null,null,null,null,null,null,null,null,null,null,null,null,null,null,null,null,null,null,5,"0000010003","ZMJRS_C1"]
[null,null,null,null,null,null,null,null,null,null,null,null,null,null,null,null,null,null,null,null,null,null,null,null,null,null,null,null,null,null,null,null,null,null,null,null,null,null,null,null,null,null,null,null,null,null,null,null,null,null,null,null,null,null,null,null,null,null,null,null,null,null,null,null,null,null,null,null,null,null,null,null,null,null,null,null,null,null,null,null,null,null,null,null,null,null,null,null,null,null,5,"4FL38C7T8Y2CBNWEORK7YGWK1","4FNHK2BDW1TNZIS6QK3POKIJ5","FERC","0022","","F","","L","","","","","",null,null,null,null,null,null,6,"ZISJARS01___F00001","ZFRCSECD","FERC Secondary Accou","0000","X","2","0","0","","","","","0000","","",null,null,null,null,6,"4FPHOW8B8N6XNX1CQTU5GOLHT","45GNYM7GX3P6C6FCAQ7H1A8ZL","","1","","","","00","X","0","0","","",null,null,null,null,null,null,null,null,null,null,null,null,null,null,null,null,null,null,null,null,null,null,null,null,null,null,null,null,null,null,null,null,null,null,null,null,4,"0S_COCD","1","S","I","EQ","2040","2040","","","Centralia Mining Company","40","","0","","0","Company Code","20","","","ZISJARS01___F00011","",null,null,null,null,null,null,null,null,null,null,null,null,null,null,null,null,null,null,null,null,null,null,null,null,null,null,null,null,5,"0000000010",""]
[null,null,null,null,null,null,null,null,null,null,null,null,null,null,null,null,null,null,null,null,null,null,null,null,null,null,null,null,null,null,null,null,null,null,null,null,null,null,null,null,null,null,null,null,null,null,null,null,null,null,null,null,null,null,null,null,null,null,null,null,null,null,null,null,null,null,null,null,null,null,null,null,null,null,null,null,null,null,null,null,null,null,null,null,null,null,null,null,null,null,5,"4FL38C7T8Y2CBNWEORK7YGWK1","4FL38EZO3FWK1SX8SMENL6FV5","other balance","0023","Y","S","","L","X","ELEM","3XZQA4OL3EMHDY9K22YCV464R","ZDC_JARSBALANCE","Balance",null,null,null,null,null,null,6,"ZISJARS01___F00001","ZFRCSHTX","FERC Account Short T","0000","X","2","0","0","","","","","0000","","",null,null,null,null,6,"4FPHOW8B8N6XNX1CQTU5GOLHT","45GNYMF5G2AVUSYSGK9TBC7PD","","1","","","","00","X","0","0","","",null,null,null,null,null,null,null,null,null,null,null,null,null,null,null,null,null,null,null,null,null,null,null,null,null,null,null,null,null,null,null,null,null,null,null,null,4,"0S_COCD","1","S","I","EQ","2050","2050","","","Energy West Mining Comp","40","","0","","0","Company Code","20","","","ZISJARS01___F00011","",null,null,null,null,null,null,null,null,null,null,null,null,null,null,null,null,null,null,null,null,null,null,null,null,null,null,null,null,5,"0000000109","2"]
[null,null,null,null,null,null,null,null,null,null,null,null,null,null,null,null,null,null,null,null,null,null,null,null,null,null,null,null,null,null,null,null,null,null,null,null,null,null,null,null,null,null,null,null,null,null,null,null,null,null,null,null,null,null,null,null,null,null,null,null,null,null,null,null,null,null,null,null,null,null,null,null,null,null,null,null,null,null,null,null,null,null,null,null,null,null,null,null,null,null,5,"4FL38C7T8Y2CBNWEORK7YGWK1","4FNHK2J2F0FDI5BMWE61YMH8X","Other","0024","","F","","L","","","","","",null,null,null,null,null,null,6,"ZISJARS01___F00011","0RETROPOST","Post to Prev. Allwd","0001","X","2","0","0","","","","","0000","","",null,null,null,null,6,"4FPHOW8B8N6XNX1CQTU5GOLHT","45GNYMMTZ0WLDFI8MEC5LE6F5","","1","","","","00","X","0","0","","",null,null,null,null,null,null,null,null,null,null,null,null,null,null,null,null,null,null,null,null,null,null,null,null,null,null,null,null,null,null,null,null,null,null,null,null,4,"0S_COCD","1","S","I","EQ","2060","2060","","","Fossil Rock Fuels, LLC","40","","0","","0","Company Code","20","","","ZISJARS01___F00011","",null,null,null,null,null,null,null,null,null,null,null,null,null,null,null,null,null,null,null,null,null,null,null,null,null,null,null,null,5,"0000000113",""]
[null,null,null,null,null,null,null,null,null,null,null,null,null,null,null,null,null,null,null,null,null,null,null,null,null,null,null,null,null,null,null,null,null,null,null,null,null,null,null,null,null,null,null,null,null,null,null,null,null,null,null,null,null,null,null,null,null,null,null,null,null,null,null,null,null,null,null,null,null,null,null,null,null,null,null,null,null,null,null,null,null,null,null,null,null,null,null,null,null,null,5,"4FL38C7T8Y2CBNWEORK7YGWK1","4FL38F7CMEI9KFGOYGGZV8EKX","nutil balance","0025","Y","S","","L","X","ELEM","3XZQA4OL3EMHDY9K22YCV464R","ZDC_JARSBALANCE","Balance",null,null,null,null,null,null,6,"ZISJARS01___F00011","0OFYEAR","Open Fiscal Year","0002","X","2","0","0","","","","","0000","","",null,null,null,null,6,"4FPHOW8B8N6XNX1CQTU5GOLHT","45GNYMUIHZIAW21OS8EHVG54X","","1","","","","00","X","0","0","","",null,null,null,null,null,null,null,null,null,null,null,null,null,null,null,null,null,null,null,null,null,null,null,null,null,null,null,null,null,null,null,null,null,null,null,null,null,null,null,null,null,null,null,null,null,null,null,null,null,null,null,null,null,null,null,null,null,null,null,null,null,null,null,null,null,null,null,null,null,null,null,null,null,null,null,null,null,null,null,null,null,null,null,null,null,null,5,"0000009002","4FL38C7T8Y2CBNWEORK7YGWK1"]
[null,null,null,null,null,null,null,null,null,null,null,null,null,null,null,null,null,null,null,null,null,null,null,null,null,null,null,null,null,null,null,null,null,null,null,null,null,null,null,null,null,null,null,null,null,null,null,null,null,null,null,null,null,null,null,null,null,null,null,null,null,null,null,null,null,null,null,null,null,null,null,null,null,null,null,null,null,null,null,null,null,null,null,null,null,null,null,null,null,null,5,"4FL38C7T8Y2CBNWEORK7YGWK1","4FNHK2QQXZ130RV3288E8OFYP","Nutil","0026","","F","","L","","","","","",null,null,null,null,null,null,6,"ZISJARS01___F00011","0OFPER3","Open Posting Period","0003","X","2","0","0","","","","","0000","","",null,null,null,null,6,"4FPHOW8B8N6XNX1CQTU5GOLHT","45GNYN270Y40EOL4Y2GU5I3UP","","1","","","","00","X","0","0","","",null,null,null,null,null,null,null,null,null,null,null,null,null,null,null,null,null,null,null,null,null,null,null,null,null,null,null,null,null,null,null,null,null,null,null,null,null,null,null,null,null,null,null,null,null,null,null,null,null,null,null,null,null,null,null,null,null,null,null,null,null,null,null,null,null,null,null,null,null,null,null,null,null,null,null,null,null,null,null,null,null,null,null,null,null,null,5,"0000000120",""]
[null,null,null,null,null,null,null,null,null,null,null,null,null,null,null,null,null,null,null,null,null,null,null,null,null,null,null,null,null,null,null,null,null,null,null,null,null,null,null,null,null,null,null,null,null,null,null,null,null,null,null,null,null,null,null,null,null,null,null,null,null,null,null,null,null,null,null,null,null,null,null,null,null,null,null,null,null,null,null,null,null,null,null,null,null,null,null,null,null,null,4,"4FL38C7T8Y2CBNWEORK7YGWK1","4FL38CFHRWO1UAFUULMK8IV9T","total balance","0001","Y","S","","L","X","ELEM","3XZQA4OL3EMHDY9K22YCV464R","ZDC_JARSBALANCE","Balance",null,null,null,null,null,null,6,"ZISJARS01___F00011","0OFPER","Open FY Period","0004","X","1","0","0","","","","","0000","","",null,null,null,null,6,"4FPHOW8B8N6XNX1CQTU5GOLHT","45GNYN9VJWPPXB4L3WJ6FK2KH","","1","","","","00","X","0","0","","",null,null,null,null,null,null,null,null,null,null,null,null,null,null,null,null,null,null,null,null,null,null,null,null,null,null,null,null,null,null,null,null,null,null,null,null,null,null,null,null,null,null,null,null,null,null,null,null,null,null,null,null,null,null,null,null,null,null,null,null,null,null,null,null,null,null,null,null,null,null,null,null,null,null,null,null,null,null,null,null,null,null,null,null,null,null,5,"0000000121",""]
[null,null,null,null,null,null,null,null,null,null,null,null,null,null,null,null,null,null,null,null,null,null,null,null,null,null,null,null,null,null,null,null,null,null,null,null,null,null,null,null,null,null,null,null,null,null,null,null,null,null,null,null,null,null,null,null,null,null,null,null,null,null,null,null,null,null,null,null,null,null,null,null,null,null,null,null,null,null,null,null,null,null,null,null,null,null,null,null,null,null,4,"4FL38C7T8Y2CBNWEORK7YGWK1","4FL38CN6AV9RCWZB0FOWIKTZL","Total","0002","","F","","L","","","","","",null,null,null,null,null,null,6,"ZISJARS01___F00012","0SEGMENT","Segment","0005","X","1","0","0","","","","","0000","","",null,null,null,null,6,"4FPHOW8B8N6XNX1CQTU5GOLHT","45GNYNHK2VBFFXO19QLIPM1A9","","1","","","","00","X","0","0","","",null,null,null,null,null,null,null,null,null,null,null,null,null,null,null,null,null,null,null,null,null,null,null,null,null,null,null,null,null,null,null,null,null,null,null,null,null,null,null,null,null,null,null,null,null,null,null,null,null,null,null,null,null,null,null,null,null,null,null,null,null,null,null,null,null,null,null,null,null,null,null,null,null,null,null,null,null,null,null,null,null,null,null,null,null,null,5,"0000000023",""]
[null,null,null,null,null,null,null,null,null,null,null,null,null,null,null,null,null,null,null,null,null,null,null,null,null,null,null,null,null,null,null,null,null,null,null,null,null,null,null,null,null,null,null,null,null,null,null,null,null,null,null,null,null,null,null,null,null,null,null,null,null,null,null,null,null,null,null,null,null,null,null,null,null,null,null,null,null,null,null,null,null,null,null,null,null,null,null,null,null,null,4,"4FL38C7T8Y2CBNWEORK7YGWK1","4FL38CUUTTVGVJIR69R8SMSPD","calif balance","0003","Y","S","","L","X","ELEM","3XZQA4OL3EMHDY9K22YCV464R","ZDC_JARSBALANCE","Balance",null,null,null,null,null,null,6,"ZISJARS01___F00012","0RESP_USER","Person Responsible","0006","X","2","0","0","","","","","0000","","",null,null,null,null,6,"4FPHOW8B8N6XNX1CQTU5GOLHT","45GNYNP8LTX4YK7HFKNUZO001","","1","","","","00","X","0","0","","",null,null,null,null,null,null,null,null,null,null,null,null,null,null,null,null,null,null,null,null,null,null,null,null,null,null,null,null,null,null,null,null,null,null,null,null,null,null,null,null,null,null,null,null,null,null,null,null,null,null,null,null,null,null,null,null,null,null,null,null,null,null,null,null,null,null,null,null,null,null,null,null,null,null,null,null,null,null,null,null,null,null,null,null,null,null,5,"0000000022",""]
[null,null,null,null,null,null,null,null,null,null,null,null,null,null,null,null,null,null,null,null,null,null,null,null,null,null,null,null,null,null,null,null,null,null,null,null,null,null,null,null,null,null,null,null,null,null,null,null,null,null,null,null,null,null,null,null,null,null,null,null,null,null,null,null,null,null,null,null,null,null,null,null,null,null,null,null,null,null,null,null,null,null,null,null,null,null,null,null,null,null,4,"4FL38C7T8Y2CBNWEORK7YGWK1","4FNHK0E95EEABVX5A1IN62U35","Calif","0004","","F","","L","","","","","",null,null,null,null,null,null,6,"ZISJARS01___F00012","0PCA_HIEND","Hierarchy Area","0007","X","2","0","0","","","","","0000","","",null,null,null,null,6,"4FPHOW8B8N6XNX1CQTU5GOLHT","45GNYNWX4SIUH6QXLEQ79PYPT","","1","","","","00","X","0","0","","",null,null,null,null,null,null,null,null,null,null,null,null,null,null,null,null,null,null,null,null,null,null,null,null,null,null,null,null,null,null,null,null,null,null,null,null,null,null,null,null,null,null,null,null,null,null,null,null,null,null,null,null,null,null,null,null,null,null,null,null,null,null,null,null,null,null,null,null,null,null,null,null,null,null,null,null,null,null,null,null,null,null,null,null,null,null,5,"0000000021",""]
[null,null,null,null,null,null,null,null,null,null,null,null,null,null,null,null,null,null,null,null,null,null,null,null,null,null,null,null,null,null,null,null,null,null,null,null,null,null,null,null,null,null,null,null,null,null,null,null,null,null,null,null,null,null,null,null,null,null,null,null,null,null,null,null,null,null,null,null,null,null,null,null,null,null,null,null,null,null,null,null,null,null,null,null,null,null,null,null,null,null,4,"4FL38C7T8Y2CBNWEORK7YGWK1","4FL38D2JCSH6E627C3TL2ORF5","oregon balance","0005","Y","S","","L","X","ELEM","3XZQA4OL3EMHDY9K22YCV464R","ZDC_JARSBALANCE","Balance",null,null,null,null,null,null,6,"ZISJARS01___F00012","0PCA_DEPART","Department","0008","X","2","0","0","","","","","0000","","",null,null,null,null,6,"4FPHOW8B8N6XNX1CQTU5GOLHT","45GNYO4LNR4JZTADR8SJJRXFL","","1","","","","00","X","0","0","","",null,null,null,null,null,null,null,null,null,null,null,null,null,null,null,null,null,null,null,null,null,null,null,null,null,null,null,null,null,null,null,null,null,null,null,null,null,null,null,null,null,null,null,null,null,null,null,null,null,null,null,null,null,null,null,null,null,null,null,null,null,null,null,null,null,null,null,null,null,null,null,null,null,null,null,null,null,null,null,null,null,null,null,null,null,null,5,"0000000030",""]
[null,null,null,null,null,null,null,null,null,null,null,null,null,null,null,null,null,null,null,null,null,null,null,null,null,null,null,null,null,null,null,null,null,null,null,null,null,null,null,null,null,null,null,null,null,null,null,null,null,null,null,null,null,null,null,null,null,null,null,null,null,null,null,null,null,null,null,null,null,null,null,null,null,null,null,null,null,null,null,null,null,null,null,null,null,null,null,null,null,null,4,"4FL38C7T8Y2CBNWEORK7YGWK1","4FNHK0LXOCZZUIGLFVKZG4SSX","Oregon","0006","","F","","L","","","","","",null,null,null,null,null,null,5,"ZISJARS01___F00006","0BAL_FLAG","Balance Sheet Acct","0000","X","2","0","0","","","","","0000","","",null,null,null,null,6,"4FPHOW8B8N6XNX1CQTU5GOLHT","45GNYOCA6PQ9IFTTX2UVTTW5D","","1","","","","00","X","0","0","","",null,null,null,null,null,null,null,null,null,null,null,null,null,null,null,null,null,null,null,null,null,null,null,null,null,null,null,null,null,null,null,null,null,null,null,null,null,null,null,null,null,null,null,null,null,null,null,null,null,null,null,null,null,null,null,null,null,null,null,null,null,null,null,null,null,null,null,null,null,null,null,null,null,null,null,null,null,null,null,null,null,null,null,null,null,null,5,"0000000040",""]
[null,null,null,null,null,null,null,null,null,null,null,null,null,null,null,null,null,null,null,null,null,null,null,null,null,null,null,null,null,null,null,null,null,null,null,null,null,null,null,null,null,null,null,null,null,null,null,null,null,null,null,null,null,null,null,null,null,null,null,null,null,null,null,null,null,null,null,null,null,null,null,null,null,null,null,null,null,null,null,null,null,null,null,null,null,null,null,null,null,null,4,"4FL38C7T8Y2CBNWEORK7YGWK1","4FL38DA7VR2VWSLNHXVXCQQ4X","wash balance","0007","Y","S","","L","X","ELEM","3XZQA4OL3EMHDY9K22YCV464R","ZDC_JARSBALANCE","Balance",null,null,null,null,null,null,5,"ZISJARS01___F00006","0CSTEL_FLAG","Ind.: Cost Element","0000","X","2","0","0","","","","","0000","","",null,null,null,null,6,"4FPHOW8B8N6XNX1CQTU5GOLHT","45GNYOJYPOBZ12DA2WX83VUV5","","1","","","","00","X","0","0","","",null,null,null,null,null,null,null,null,null,null,null,null,null,null,null,null,null,null,null,null,null,null,null,null,null,null,null,null,null,null,null,null,null,null,null,null,null,null,null,null,null,null,null,null,null,null,null,null,null,null,null,null,null,null,null,null,null,null,null,null,null,null,null,null,null,null,null,null,null,null,null,null,null,null,null,null,null,null,null,null,null,null,null,null,null,null,5,"0000000041",""]
[null,null,null,null,null,null,null,null,null,null,null,null,null,null,null,null,null,null,null,null,null,null,null,null,null,null,null,null,null,null,null,null,null,null,null,null,null,null,null,null,null,null,null,null,null,null,null,null,null,null,null,null,null,null,null,null,null,null,null,null,null,null,null,null,null,null,null,null,null,null,null,null,null,null,null,null,null,null,null,null,null,null,null,null,null,null,null,null,null,null,4,"4FL38C7T8Y2CBNWEORK7YGWK1","4FNHK0TM7BLPD501LPNBQ6RIP","Wash","0008","","F","","L","","","","","",null,null,null,null,null,null,5,"ZISJARS01___F00006","0GLACC_FLAG","G/L account","0000","X","2","0","0","","","","","0000","","",null,null,null,null,6,"4FPHR4O5T0J5PYPLUOCQR95G1","45GNYLZSE53GTJVW4W54R8A9T","3","","","","","00","X","0","0","","",null,null,null,null,null,null,null,null,null,null,null,null,null,null,null,null,null,null,null,null,null,null,null,null,null,null,null,null,null,null,null,null,null,null,null,null,null,null,null,null,null,null,null,null,null,null,null,null,null,null,null,null,null,null,null,null,null,null,null,null,null,null,null,null,null,null,null,null,null,null,null,null,null,null,null,null,null,null,null,null,null,null,null,null,null,null,5,"0000000042","00"]
[null,null,null,null,null,null,null,null,null,null,null,null,null,null,null,null,null,null,null,null,null,null,null,null,null,null,null,null,null,null,null,null,null,null,null,null,null,null,null,null,null,null,null,null,null,null,null,null,null,null,null,null,null,null,null,null,null,null,null,null,null,null,null,null,null,null,null,null,null,null,null,null,null,null,null,null,null,null,null,null,null,null,null,null,null,null,null,null,null,null,4,"4FL38C7T8Y2CBNWEORK7YGWK1","4FL38DHWEPOLFF53NRY9MSOUP","id-ppl balance","0009","Y","S","","L","X","ELEM","3XZQA4OL3EMHDY9K22YCV464R","ZDC_JARSBALANCE","Balance",null,null,null,null,null,null,5,"ZISJARS01___F00006","0LOGSYS","Source System","0000","X","1","0","0","","","","","0000","","",null,null,null,null,6,"4FPHR4O5T0J5PYPLUOCQR95G1","45GNYM7GX3P6C6FCAQ7H1A8ZL","3","","","","","00","X","0","0","","",null,null,null,null,null,null,null,null,null,null,null,null,null,null,null,null,null,null,null,null,null,null,null,null,null,null,null,null,null,null,null,null,null,null,null,null,null,null,null,null,null,null,null,null,null,null,null,null,null,null,null,null,null,null,null,null,null,null,null,null,null,null,null,null,null,null,null,null,null,null,null,null,null,null,null,null,null,null,null,null,null,null,null,null,null,null,5,"0000000043","00"]
[null,null,null,null,null,null,null,null,null,null,null,null,null,null,null,null,null,null,null,null,null,null,null,null,null,null,null,null,null,null,null,null,null,null,null,null,null,null,null,null,null,null,null,null,null,null,null,null,null,null,null,null,null,null,null,null,null,null,null,null,null,null,null,null,null,null,null,null,null,null,null,null,null,null,null,null,null,null,null,null,null,null,null,null,null,null,null,null,null,null,4,"4FL38C7T8Y2CBNWEORK7YGWK1","4FNHK11AQA7EVRJHRJPO08Q8H","Id-PPL","0010","","F","","L","","","","","",null,null,null,null,null,null,5,"ZISJARS01___F00006","0SEM_POSIT","Planning Item","0000","X","1","0","0","","","","","0000","","",null,null,null,null,6,"4FPHR4O5T0J5PYPLUOCQR95G1","45GNYMF5G2AVUSYSGK9TBC7PD","3","","","","","00","X","0","0","","",null,null,null,null,null,null,null,null,null,null,null,null,null,null,null,null,null,null,null,null,null,null,null,null,null,null,null,null,null,null,null,null,null,null,null,null,null,null,null,null,null,null,null,null,null,null,null,null,null,null,null,null,null,null,null,null,null,null,null,null,null,null,null,null,null,null,null,null,null,null,null,null,null,null,null,null,null,null,null,null,null,null,null,null,null,null,5,"0000010002","4FL36PYTGJFU2QEUFRT3PKN2P"]
[null,null,null,null,null,null,null,null,null,null,null,null,null,null,null,null,null,null,null,null,null,null,null,null,null,null,null,null,null,null,null,null,null,null,null,null,null,null,null,null,null,null,null,null,null,null,null,null,null,null,null,null,null,null,null,null,null,null,null,null,null,null,null,null,null,null,null,null,null,null,null,null,null,null,null,null,null,null,null,null,null,null,null,null,null,null,null,null,null,null,4,"4FL38C7T8Y2CBNWEORK7YGWK1","4FL38DPKXOAAY1OJTM0LWUNKH","mont balance","0011","Y","S","","L","X","ELEM","3XZQA4OL3EMHDY9K22YCV464R","ZDC_JARSBALANCE","Balance",null,null,null,null,null,null,5,"ZISJARS01___F00029","ZJRSRBCD","JARS Rate Base Code","0000","X","2","0","0","","","","","0000","","",null,null,null,null,6,"4FPHR4O5T0J5PYPLUOCQR95G1","45GNYMMTZ0WLDFI8MEC5LE6F5","3","","","","","00","X","0","0","","",null,null,null,null,null,null,null,null,null,null,null,null,null,null,null,null,null,null,null,null,null,null,null,null,null,null,null,null,null,null,null,null,null,null,null,null,null,null,null,null,null,null,null,null,null,null,null,null,null,null,null,null,null,null,null,null,null,null,null,null,null,null,null,null,null,null,null,null,null,null,null,null,null,null,null,null,null,null,null,null,null,null,null,null,null,null,5,"0000000105",""]
[null,null,null,null,null,null,null,null,null,null,null,null,null,null,null,null,null,null,null,null,null,null,null,null,null,null,null,null,null,null,null,null,null,null,null,null,null,null,null,null,null,null,null,null,null,null,null,null,null,null,null,null,null,null,null,null,null,null,null,null,null,null,null,null,null,null,null,null,null,null,null,null,null,null,null,null,null,null,null,null,null,null,null,null,null,null,null,null,null,null,4,"4FL38C7T8Y2CBNWEORK7YGWK1","4FNHK18Z98T4EE2XXDS0AAOY9","Mont","0012","","F","","L","","","","","",null,null,null,null,null,null,5,"ZISJARS01___F00011","0CHRT_ACCTS","Chart of accounts","0000","X","0","0","0","","","","","0000","","",null,null,null,null,6,"4FPHR4O5T0J5PYPLUOCQR95G1","45GNYMUIHZIAW21OS8EHVG54X","3","","","","","00","X","0","0","","",null,null,null,null,null,null,null,null,null,null,null,null,null,null,null,null,null,null,null,null,null,null,null,null,null,null,null,null,null,null,null,null,null,null,null,null,null,null,null,null,null,null,null,null,null,null,null,null,null,null,null,null,null,null,null,null,null,null,null,null,null,null,null,null,null,null,null,null,null,null,null,null,null,null,null,null,null,null,null,null,null,null,null,null,null,null,5,"0000000106",""]
[null,null,null,null,null,null,null,null,null,null,null,null,null,null,null,null,null,null,null,null,null,null,null,null,null,null,null,null,null,null,null,null,null,null,null,null,null,null,null,null,null,null,null,null,null,null,null,null,null,null,null,null,null,null,null,null,null,null,null,null,null,null,null,null,null,null,null,null,null,null,null,null,null,null,null,null,null,null,null,null,null,null,null,null,null,null,null,null,null,null,4,"4FL38C7T8Y2CBNWEORK7YGWK1","4FL38DX9GMW0GO7ZZG2Y6WMA9","wy-ppl balance","0013","Y","S","","L","X","ELEM","3XZQA4OL3EMHDY9K22YCV464R","ZDC_JARSBALANCE","Balance",null,null,null,null,null,null,5,"ZISJARS01___F00011","0COMPANY","Company","0000","X","0","0","0","","","","","0000","","",null,null,null,null,6,"4FPHR4O5T0J5PYPLUOCQR95G1","45GNYN270Y40EOL4Y2GU5I3UP","3","","","","","00","X","0","0","","",null,null,null,null,null,null,null,null,null,null,null,null,null,null,null,null,null,null,null,null,null,null,null,null,null,null,null,null,null,null,null,null,null,null,null,null,null,null,null,null,null,null,null,null,null,null,null,null,null,null,null,null,null,null,null,null,null,null,null,null,null,null,null,null,null,null,null,null,null,null,null,null,null,null,null,null,null,null,null,null,null,null,null,null,null,null,5,"0000000112","0"]
[null,null,null,null,null,null,null,null,null,null,null,null,null,null,null,null,null,null,null,null,null,null,null,null,null,null,null,null,null,null,null,null,null,null,null,null,null,null,null,null,null,null,null,null,null,null,null,null,null,null,null,null,null,null,null,null,null,null,null,null,null,null,null,null,null,null,null,null,null,null,null,null,null,null,null,null,null,null,null,null,null,null,null,null,null,null,null,null,null,null,4,"4FL38C7T8Y2CBNWEORK7YGWK1","4FNHK1GNS7ETX0ME37UCKCNO1","Wy-PPL","0014","","F","","L","","","","","",null,null,null,null,null,null,5,"ZISJARS01___F00011","0COUNTRY","Country","0000","X","0","0","0","","","","","0000","","",null,null,null,null,6,"4FPHR4O5T0J5PYPLUOCQR95G1","45GNYN9VJWPPXB4L3WJ6FK2KH","3","","","","","00","X","0","0","","",null,null,null,null,null,null,null,null,null,null,null,null,null,null,null,null,null,null,null,null,null,null,null,null,null,null,null,null,null,null,null,null,null,null,null,null,null,null,null,null,null,null,null,null,null,null,null,null,null,null,null,null,null,null,null,null,null,null,null,null,null,null,null,null,null,null,null,null,null,null,null,null,null,null,null,null,null,null,null,null,null,null,null,null,null,null,5,"0000000200","X"]
[null,null,null,null,null,null,null,null,null,null,null,null,null,null,null,null,null,null,null,null,null,null,null,null,null,null,null,null,null,null,null,null,null,null,null,null,null,null,null,null,null,null,null,null,null,null,null,null,null,null,null,null,null,null,null,null,null,null,null,null,null,null,null,null,null,null,null,null,null,null,null,null,null,null,null,null,null,null,null,null,null,null,null,null,null,null,null,null,null,null,4,"4FL38C7T8Y2CBNWEORK7YGWK1","4FL38E4XZLHPZARG5A5AGYL01","utah balance","0015","Y","S","","L","X","ELEM","3XZQA4OL3EMHDY9K22YCV464R","ZDC_JARSBALANCE","Balance",null,null,null,null,null,null,5,"ZISJARS01___F00011","0CURRENCY","Currency","0000","X","0","0","0","","","","","0000","","",null,null,null,null,6,"4FPHR4O5T0J5PYPLUOCQR95G1","45GNYNHK2VBFFXO19QLIPM1A9","3","","","","","00","X","0","0","","",null,null,null,null,null,null,null,null,null,null,null,null,null,null,null,null,null,null,null,null,null,null,null,null,null,null,null,null,null,null,null,null,null,null,null,null,null,null,null,null,null,null,null,null,null,null,null,null,null,null,null,null,null,null,null,null,null,null,null,null,null,null,null,null,null,null,null,null,null,null,null,null,null,null,null,null,null,null,null,null,null,null,null,null,null,null,5,"0000004000","X"]
[null,null,null,null,null,null,null,null,null,null,null,null,null,null,null,null,null,null,null,null,null,null,null,null,null,null,null,null,null,null,null,null,null,null,null,null,null,null,null,null,null,null,null,null,null,null,null,null,null,null,null,null,null,null,null,null,null,null,null,null,null,null,null,null,null,null,null,null,null,null,null,null,null,null,null,null,null,null,null,null,null,null,null,null,null,null,null,null,null,null,4,"4FL38C7T8Y2CBNWEORK7YGWK1","4FNHK1OCB60JFN5U91WOUEMDT","Utah","0016","","F","","L","","","","","",null,null,null,null,null,null,5,"ZISJARS01___F00011","0C_CTR_AREA","Credit Control Area","0000","X","0","0","0","","","","","0000","","",null,null,null,null,6,"4FPHR4O5T0J5PYPLUOCQR95G1","45GNYNP8LTX4YK7HFKNUZO001","3","","","","","00","X","0","0","","",null,null,null,null,null,null,null,null,null,null,null,null,null,null,null,null,null,null,null,null,null,null,null,null,null,null,null,null,null,null,null,null,null,null,null,null,null,null,null,null,null,null,null,null,null,null,null,null,null,null,null,null,null,null,null,null,null,null,null,null,null,null,null,null,null,null,null,null,null,null,null,null,null,null,null,null,null,null,null,null,null,null,null,null,null,null,5,"0000000020",""]
[null,null,null,null,null,null,null,null,null,null,null,null,null,null,null,null,null,null,null,null,null,null,null,null,null,null,null,null,null,null,null,null,null,null,null,null,null,null,null,null,null,null,null,null,null,null,null,null,null,null,null,null,null,null,null,null,null,null,null,null,null,null,null,null,null,null,null,null,null,null,null,null,null,null,null,null,null,null,null,null,null,null,null,null,null,null,null,null,null,null,4,"4FL38C7T8Y2CBNWEORK7YGWK1","4FL38ECMIK3FHXAWB47MR0JPT","idaho balance","0017","Y","S","","L","X","ELEM","3XZQA4OL3EMHDY9K22YCV464R","ZDC_JARSBALANCE","Balance",null,null,null,null,null,null,5,"ZISJARS01___F00011","0FISCVARNT","Fiscal Year Variant","0000","X","2","0","0","","","","","0000","","",null,null,null,null,6,"4FPHR4O5T0J5PYPLUOCQR95G1","45GNYNWX4SIUH6QXLEQ79PYPT","3","","","","","00","X","0","0","","",null,null,null,null,null,null,null,null,null,null,null,null,null,null,null,null,null,null,null,null,null,null,null,null,null,null,null,null,null,null,null,null,null,null,null,null,null,null,null,null,null,null,null,null,null,null,null,null,null,null,null,null,null,null,null,null,null,null,null,null,null,null,null,null,null,null,null,null,null,null,null,null,null,null,null,null,null,null,null,null,null,null,null,null,null,null,5,"0000009001","WC JARS - Jurisdiction by FERC Account 13 Mth Avg"]
[null,null,null,null,null,null,null,null,null,null,null,null,null,null,null,null,null,null,null,null,null,null,null,null,null,null,null,null,null,null,null,null,null,null,null,null,null,null,null,null,null,null,null,null,null,null,null,null,null,null,null,null,null,null,null,null,null,null,null,null,null,null,null,null,null,null,null,null,null,null,null,null,null,null,null,null,null,null,null,null,null,null,null,null,null,null,null,null,null,null,4,"4FL38C7T8Y2CBNWEORK7YGWK1","4FNHK1W0U4M8Y9PAEVZ14GL3L","Idaho","0018","","F","","L","","","","","",null,null,null,null,null,null,5,"ZISJARS01___F00011","0LOGSYS","Source System","0000","X","1","0","0","","","","","0000","","",null,null,null,null,6,"4FPHR4O5T0J5PYPLUOCQR95G1","45GNYO4LNR4JZTADR8SJJRXFL","3","","","","","00","X","0","0","","",null,null,null,null,null,null,null,null,null,null,null,null,null,null,null,null,null,null,null,null,null,null,null,null,null,null,null,null,null,null,null,null,null,null,null,null,null,null,null,null,null,null,null,null,null,null,null,null,null,null,null,null,null,null,null,null,null,null,null,null,null,null,null,null,null,null,null,null,null,null,null,null,null,null,null,null,null,null,null,null,null,null,null,null,null,null,5,"0000000114","1"]
[null,null,null,null,null,null,null,null,null,null,null,null,null,null,null,null,null,null,null,null,null,null,null,null,null,null,null,null,null,null,null,null,null,null,null,null,null,null,null,null,null,null,null,null,null,null,null,null,null,null,null,null,null,null,null,null,null,null,null,null,null,null,null,null,null,null,null,null,null,null,null,null,null,null,null,null,null,null,null,null,null,null,null,null,null,null,null,null,null,null,4,"4FL38C7T8Y2CBNWEORK7YGWK1","4FL38EKB1IP50JUCGY9Z12IFL","wy-upl balance","0019","Y","S","","L","X","ELEM","3XZQA4OL3EMHDY9K22YCV464R","ZDC_JARSBALANCE","Balance",null,null,null,null,null,null,5,"ZISJARS01___F00011","0SOURSYSTEM","Source system ID","0000","X","1","0","0","","","","","0000","","",null,null,null,null,6,"4FPHR4O5T0J5PYPLUOCQR95G1","45GNYOCA6PQ9IFTTX2UVTTW5D","3","","","","","00","X","0","0","","",null,null,null,null,null,null,null,null,null,null,null,null,null,null,null,null,null,null,null,null,null,null,null,null,null,null,null,null,null,null,null,null,null,null,null,null,null,null,null,null,null,null,null,null,null,null,null,null,null,null,null,null,null,null,null,null,null,null,null,null,null,null,null,null,null,null,null,null,null,null,null,null,null,null,null,null,null,null,null,null,null,null,null,null,null,null,4,"0000000100",""]
[null,null,null,null,null,null,null,null,null,null,null,null,null,null,null,null,null,null,null,null,null,null,null,null,null,null,null,null,null,null,null,null,null,null,null,null,null,null,null,null,null,null,null,null,null,null,null,null,null,null,null,null,null,null,null,null,null,null,null,null,null,null,null,null,null,null,null,null,null,null,null,null,null,null,null,null,null,null,null,null,null,null,null,null,null,null,null,null,null,null,4,"4FL38C7T8Y2CBNWEORK7YGWK1","4FNHK23PD37YGW8QKQ1DEIJTD","Wy-UPL","0020","","F","","L","","","","","",null,null,null,null,null,null,5,"ZISJARS01___F00002","0CHANGEDBY","Changed by","0000","X","2","0","0","","","","","0000","","",null,null,null,null,6,"4FPHR4O5T0J5PYPLUOCQR95G1","45GNYOJYPOBZ12DA2WX83VUV5","3","","","","","00","X","0","0","","",null,null,null,null,null,null,null,null,null,null,null,null,null,null,null,null,null,null,null,null,null,null,null,null,null,null,null,null,null,null,null,null,null,null,null,null,null,null,null,null,null,null,null,null,null,null,null,null,null,null,null,null,null,null,null,null,null,null,null,null,null,null,null,null,null,null,null,null,null,null,null,null,null,null,null,null,null,null,null,null,null,null,null,null,null,null,4,"0000000108","6"]
[null,null,null,null,null,null,null,null,null,null,null,null,null,null,null,null,null,null,null,null,null,null,null,null,null,null,null,null,null,null,null,null,null,null,null,null,null,null,null,null,null,null,null,null,null,null,null,null,null,null,null,null,null,null,null,null,null,null,null,null,null,null,null,null,null,null,null,null,null,null,null,null,null,null,null,null,null,null,null,null,null,null,null,null,null,null,null,null,null,null,4,"4FL38C7T8Y2CBNWEORK7YGWK1","4FL38ERZKHAUJ6DSMSCBB4H5D","ferc balance","0021","Y","S","","L","X","ELEM","3XZQA4OL3EMHDY9K22YCV464R","ZDC_JARSBALANCE","Balance",null,null,null,null,null,null,5,"ZISJARS01___F00002","0CH_AT","Last Changed At","0000","X","2","0","0","","","","","0000","","",null,null,null,null,6,"4FPHR4VUBZ4V8L920IF31B45T","45GNYLZSE53GTJVW4W54R8A9T","3","","","","","00","X","0","0","","",null,null,null,null,null,null,null,null,null,null,null,null,null,null,null,null,null,null,null,null,null,null,null,null,null,null,null,null,null,null,null,null,null,null,null,null,null,null,null,null,null,null,null,null,null,null,null,null,null,null,null,null,null,null,null,null,null,null,null,null,null,null,null,null,null,null,null,null,null,null,null,null,null,null,null,null,null,null,null,null,null,null,null,null,null,null,4,"0000000101",""]
[null,null,null,null,null,null,null,null,null,null,null,null,null,null,null,null,null,null,null,null,null,null,null,null,null,null,null,null,null,null,null,null,null,null,null,null,null,null,null,null,null,null,null,null,null,null,null,null,null,null,null,null,null,null,null,null,null,null,null,null,null,null,null,null,null,null,null,null,null,null,null,null,null,null,null,null,null,null,null,null,null,null,null,null,null,null,null,null,null,null,4,"4FL38C7T8Y2CBNWEORK7YGWK1","4FNHK2BDW1TNZIS6QK3POKIJ5","FERC","0022","","F","","L","","","","","",null,null,null,null,null,null,5,"ZISJARS01___F00002","0CH_ON","Changed on","0000","X","2","0","0","","","","","0000","","",null,null,null,null,6,"4FPHR4VUBZ4V8L920IF31B45T","45GNYM7GX3P6C6FCAQ7H1A8ZL","3","","","","","00","X","0","0","","",null,null,null,null,null,null,null,null,null,null,null,null,null,null,null,null,null,null,null,null,null,null,null,null,null,null,null,null,null,null,null,null,null,null,null,null,null,null,null,null,null,null,null,null,null,null,null,null,null,null,null,null,null,null,null,null,null,null,null,null,null,null,null,null,null,null,null,null,null,null,null,null,null,null,null,null,null,null,null,null,null,null,null,null,null,null,4,"0000000104","1"]
[null,null,null,null,null,null,null,null,null,null,null,null,null,null,null,null,null,null,null,null,null,null,null,null,null,null,null,null,null,null,null,null,null,null,null,null,null,null,null,null,null,null,null,null,null,null,null,null,null,null,null,null,null,null,null,null,null,null,null,null,null,null,null,null,null,null,null,null,null,null,null,null,null,null,null,null,null,null,null,null,null,null,null,null,null,null,null,null,null,null,4,"4FL38C7T8Y2CBNWEORK7YGWK1","4FL38EZO3FWK1SX8SMENL6FV5","other balance","0023","Y","S","","L","X","ELEM","3XZQA4OL3EMHDY9K22YCV464R","ZDC_JARSBALANCE","Balance",null,null,null,null,null,null,5,"ZISJARS01___F00002","0COUNTRY","Country","0000","X","0","0","0","","","","","0000","","",null,null,null,null,6,"4FPHR4VUBZ4V8L920IF31B45T","45GNYMF5G2AVUSYSGK9TBC7PD","3","","","","","00","X","0","0","","",null,null,null,null,null,null,null,null,null,null,null,null,null,null,null,null,null,null,null,null,null,null,null,null,null,null,null,null,null,null,null,null,null,null,null,null,null,null,null,null,null,null,null,null,null,null,null,null,null,null,null,null,null,null,null,null,null,null,null,null,null,null,null,null,null,null,null,null,null,null,null,null,null,null,null,null,null,null,null,null,null,null,null,null,null,null,4,"0000000103",""]
[null,null,null,null,null,null,null,null,null,null,null,null,null,null,null,null,null,null,null,null,null,null,null,null,null,null,null,null,null,null,null,null,null,null,null,null,null,null,null,null,null,null,null,null,null,null,null,null,null,null,null,null,null,null,null,null,null,null,null,null,null,null,null,null,null,null,null,null,null,null,null,null,null,null,null,null,null,null,null,null,null,null,null,null,null,null,null,null,null,null,4,"4FL38C7T8Y2CBNWEORK7YGWK1","4FNHK2J2F0FDI5BMWE61YMH8X","Other","0024","","F","","L","","","","","",null,null,null,null,null,null,5,"ZISJARS01___F00002","0REGION","Region","0000","X","0","0","0","","","","","0000","","",null,null,null,null,6,"4FPHR4VUBZ4V8L920IF31B45T","45GNYMMTZ0WLDFI8MEC5LE6F5","3","","","","","00","X","0","0","","",null,null,null,null,null,null,null,null,null,null,null,null,null,null,null,null,null,null,null,null,null,null,null,null,null,null,null,null,null,null,null,null,null,null,null,null,null,null,null,null,null,null,null,null,null,null,null,null,null,null,null,null,null,null,null,null,null,null,null,null,null,null,null,null,null,null,null,null,null,null,null,null,null,null,null,null,null,null,null,null,null,null,null,null,null,null,4,"0000000102","3"]
[null,null,null,null,null,null,null,null,null,null,null,null,null,null,null,null,null,null,null,null,null,null,null,null,null,null,null,null,null,null,null,null,null,null,null,null,null,null,null,null,null,null,null,null,null,null,null,null,null,null,null,null,null,null,null,null,null,null,null,null,null,null,null,null,null,null,null,null,null,null,null,null,null,null,null,null,null,null,null,null,null,null,null,null,null,null,null,null,null,null,4,"4FL38C7T8Y2CBNWEORK7YGWK1","4FL38F7CMEI9KFGOYGGZV8EKX","nutil balance","0025","Y","S","","L","X","ELEM","3XZQA4OL3EMHDY9K22YCV464R","ZDC_JARSBALANCE","Balance",null,null,null,null,null,null,5,"ZISJARS01___F00002","ZFRCDVSN","FERC Division Code","0000","X","2","0","0","","","","","0000","","",null,null,null,null,6,"4FPHR4VUBZ4V8L920IF31B45T","45GNYMUIHZIAW21OS8EHVG54X","3","","","","","00","X","0","0","","",null,null,null,null,null,null,null,null,null,null,null,null,null,null,null,null,null,null,null,null,null,null,null,null,null,null,null,null,null,null,null,null,null,null,null,null,null,null,null,null,null,null,null,null,null,null,null,null,null,null,null,null,null,null,null,null,null,null,null,null,null,null,null,null,null,null,null,null,null,null,null,null,null,null,null,null,null,null,null,null,null,null,null,null,null,null,4,"0000009000",""]
[null,null,null,null,null,null,null,null,null,null,null,null,null,null,null,null,null,null,null,null,null,null,null,null,null,null,null,null,null,null,null,null,null,null,null,null,null,null,null,null,null,null,null,null,null,null,null,null,null,null,null,null,null,null,null,null,null,null,null,null,null,null,null,null,null,null,null,null,null,null,null,null,null,null,null,null,null,null,null,null,null,null,null,null,null,null,null,null,null,null,4,"4FL38C7T8Y2CBNWEORK7YGWK1","4FNHK2QQXZ130RV3288E8OFYP","Nutil","0026","","F","","L","","","","","",null,null,null,null,null,null,5,"ZISJARS01___F00002","ZFRCPFUN","FERC Plant Function","0000","X","2","0","0","","","","","0000","","",null,null,null,null,6,"4FPHR4VUBZ4V8L920IF31B45T","45GNYN270Y40EOL4Y2GU5I3UP","3","","","","","00","X","0","0","","",null,null,null,null,null,null,null,null,null,null,null,null,null,null,null,null,null,null,null,null,null,null,null,null,null,null,null,null,null,null,null,null,null,null,null,null,null,null,null,null,null,null,null,null,null,null,null,null,null,null,null,null,null,null,null,null,null,null,null,null,null,null,null,null,null,null,null,null,null,null,null,null,null,null,null,null,null,null,null,null,null,null,null,null,null,null,4,"0000000107","4FL36PYTGJFU2QEUFRT3PKN2P"]
[null,null,null,null,null,null,null,null,null,null,null,null,null,null,null,null,null,null,null,null,null,null,null,null,null,null,null,null,null,null,null,null,null,null,null,null,null,null,null,null,null,null,null,null,null,null,null,null,null,null,null,null,null,null,null,null,null,null,null,null,null,null,null,null,null,null,null,null,null,null,null,null,null,null,null,null,null,null,null,null,null,null,null,null,null,null,null,null,null,null,null,null,null,null,null,null,null,null,null,null,null,null,null,null,null,null,null,null,null,null,5,"ZISJARS01___F00012","0LOGSYS","Source System","0000","X","1","0","0","","","","","0000","","",null,null,null,null,6,"4FPHR4VUBZ4V8L920IF31B45T","45GNYN9VJWPPXB4L3WJ6FK2KH","3","","","","","00","X","0","0","","",null,null,null,null,null,null,null,null,null,null,null,null,null,null,null,null,null,null,null,null,null,null,null,null,null,null,null,null,null,null,null,null,null,null,null,null,null,null,null,null,null,null,null,null,null,null,null,null,null,null,null,null,null,null,null,null,null,null,null,null,null,null,null,null,null,null,null,null,null,null,null,null,null,null,null,null,null,null,null,null,null,null,null,null,null,null,4,"0000010001","4FL36T61CYHGU4IKVAS7WE3TD"]
[null,null,null,null,null,null,null,null,null,null,null,null,null,null,null,null,null,null,null,null,null,null,null,null,null,null,null,null,null,null,null,null,null,null,null,null,null,null,null,null,null,null,null,null,null,null,null,null,null,null,null,null,null,null,null,null,null,null,null,null,null,null,null,null,null,null,null,null,null,null,null,null,null,null,null,null,null,null,null,null,null,null,null,null,null,null,null,null,null,null,null,null,null,null,null,null,null,null,null,null,null,null,null,null,null,null,null,null,null,null,5,"ZISJARS01___F00012","0OBJ_CURR","Object currency","0000","X","0","0","0","","","","","0000","","",null,null,null,null,6,"4FPHR4VUBZ4V8L920IF31B45T","45GNYNHK2VBFFXO19QLIPM1A9","3","","","","","00","X","0","0","","",null,null,null,null,null,null,null,null,null,null,null,null,null,null,null,null,null,null,null,null,null,null,null,null,null,null,null,null,null,null,null,null,null,null,null,null,null,null,null,null,null,null,null,null,null,null,null,null,null,null,null,null,null,null,null,null,null,null,null,null,null,null,null,null,null,null,null,null,null,null,null,null,null,null,null,null,null,null,null,null,null,null,null,null,null,null,4,"0000010003","ZMJRS_C1"]
[null,null,null,null,null,null,null,null,null,null,null,null,null,null,null,null,null,null,null,null,null,null,null,null,null,null,null,null,null,null,null,null,null,null,null,null,null,null,null,null,null,null,null,null,null,null,null,null,null,null,null,null,null,null,null,null,null,null,null,null,null,null,null,null,null,null,null,null,null,null,null,null,null,null,null,null,null,null,null,null,null,null,null,null,null,null,null,null,null,null,null,null,null,null,null,null,null,null,null,null,null,null,null,null,null,null,null,null,null,null,5,"ZISJARS01___F00012","0RESP_PERS","Person responsible","0000","X","2","0","0","","","","","0000","","",null,null,null,null,6,"4FPHR4VUBZ4V8L920IF31B45T","45GNYNP8LTX4YK7HFKNUZO001","3","","","","","00","X","0","0","","",null,null,null,null,null,null,null,null,null,null,null,null,null,null,null,null,null,null,null,null,null,null,null,null,null,null,null,null,null,null,null,null,null,null,null,null,null,null,null,null,null,null,null,null,null,null,null,null,null,null,null,null,null,null,null,null,null,null,null,null,null,null,null,null,null,null,null,null,null,null,null,null,null,null,null,null,null,null,null,null,null,null,null,null,null,null,4,"0000000010",""]
[null,null,null,null,null,null,null,null,null,null,null,null,null,null,null,null,null,null,null,null,null,null,null,null,null,null,null,null,null,null,null,null,null,null,null,null,null,null,null,null,null,null,null,null,null,null,null,null,null,null,null,null,null,null,null,null,null,null,null,null,null,null,null,null,null,null,null,null,null,null,null,null,null,null,null,null,null,null,null,null,null,null,null,null,null,null,null,null,null,null,null,null,null,null,null,null,null,null,null,null,null,null,null,null,null,null,null,null,null,null,5,"ZISJARS01___F00012","0SOURSYSTEM","Source system ID","0000","X","1","0","0","","","","","0000","","",null,null,null,null,6,"4FPHR4VUBZ4V8L920IF31B45T","45GNYNWX4SIUH6QXLEQ79PYPT","3","","","","","00","X","0","0","","",null,null,null,null,null,null,null,null,null,null,null,null,null,null,null,null,null,null,null,null,null,null,null,null,null,null,null,null,null,null,null,null,null,null,null,null,null,null,null,null,null,null,null,null,null,null,null,null,null,null,null,null,null,null,null,null,null,null,null,null,null,null,null,null,null,null,null,null,null,null,null,null,null,null,null,null,null,null,null,null,null,null,null,null,null,null,4,"0000000109","2"]
[null,null,null,null,null,null,null,null,null,null,null,null,null,null,null,null,null,null,null,null,null,null,null,null,null,null,null,null,null,null,null,null,null,null,null,null,null,null,null,null,null,null,null,null,null,null,null,null,null,null,null,null,null,null,null,null,null,null,null,null,null,null,null,null,null,null,null,null,null,null,null,null,null,null,null,null,null,null,null,null,null,null,null,null,null,null,null,null,null,null,null,null,null,null,null,null,null,null,null,null,null,null,null,null,null,null,null,null,null,null,5,"ZISJARS01___F00003","0CHANGEDBY","Changed by","0000","X","2","0","0","","","","","0000","","",null,null,null,null,6,"4FPHR4VUBZ4V8L920IF31B45T","45GNYO4LNR4JZTADR8SJJRXFL","3","","","","","00","X","0","0","","",null,null,null,null,null,null,null,null,null,null,null,null,null,null,null,null,null,null,null,null,null,null,null,null,null,null,null,null,null,null,null,null,null,null,null,null,null,null,null,null,null,null,null,null,null,null,null,null,null,null,null,null,null,null,null,null,null,null,null,null,null,null,null,null,null,null,null,null,null,null,null,null,null,null,null,null,null,null,null,null,null,null,null,null,null,null,4,"0000000113",""]
[null,null,null,null,null,null,null,null,null,null,null,null,null,null,null,null,null,null,null,null,null,null,null,null,null,null,null,null,null,null,null,null,null,null,null,null,null,null,null,null,null,null,null,null,null,null,null,null,null,null,null,null,null,null,null,null,null,null,null,null,null,null,null,null,null,null,null,null,null,null,null,null,null,null,null,null,null,null,null,null,null,null,null,null,null,null,null,null,null,null,null,null,null,null,null,null,null,null,null,null,null,null,null,null,null,null,null,null,null,null,5,"ZISJARS01___F00003","0CH_AT","Last Changed At","0000","X","2","0","0","","","","","0000","","",null,null,null,null,6,"4FPHR4VUBZ4V8L920IF31B45T","45GNYOCA6PQ9IFTTX2UVTTW5D","3","","","","","00","X","0","0","","",null,null,null,null,null,null,null,null,null,null,null,null,null,null,null,null,null,null,null,null,null,null,null,null,null,null,null,null,null,null,null,null,null,null,null,null,null,null,null,null,null,null,null,null,null,null,null,null,null,null,null,null,null,null,null,null,null,null,null,null,null,null,null,null,null,null,null,null,null,null,null,null,null,null,null,null,null,null,null,null,null,null,null,null,null,null,4,"0000009002","4FL38C7T8Y2CBNWEORK7YGWK1"]
[null,null,null,null,null,null,null,null,null,null,null,null,null,null,null,null,null,null,null,null,null,null,null,null,null,null,null,null,null,null,null,null,null,null,null,null,null,null,null,null,null,null,null,null,null,null,null,null,null,null,null,null,null,null,null,null,null,null,null,null,null,null,null,null,null,null,null,null,null,null,null,null,null,null,null,null,null,null,null,null,null,null,null,null,null,null,null,null,null,null,null,null,null,null,null,null,null,null,null,null,null,null,null,null,null,null,null,null,null,null,5,"ZISJARS01___F00003","0CH_ON","Changed on","0000","X","2","0","0","","","","","0000","","",null,null,null,null,6,"4FPHR4VUBZ4V8L920IF31B45T","45GNYOJYPOBZ12DA2WX83VUV5","3","","","","","00","X","0","0","","",null,null,null,null,null,null,null,null,null,null,null,null,null,null,null,null,null,null,null,null,null,null,null,null,null,null,null,null,null,null,null,null,null,null,null,null,null,null,null,null,null,null,null,null,null,null,null,null,null,null,null,null,null,null,null,null,null,null,null,null,null,null,null,null,null,null,null,null,null,null,null,null,null,null,null,null,null,null,null,null,null,null,null,null,null,null,4,"0000000120",""]
[null,null,null,null,null,null,null,null,null,null,null,null,null,null,null,null,null,null,null,null,null,null,null,null,null,null,null,null,null,null,null,null,null,null,null,null,null,null,null,null,null,null,null,null,null,null,null,null,null,null,null,null,null,null,null,null,null,null,null,null,null,null,null,null,null,null,null,null,null,null,null,null,null,null,null,null,null,null,null,null,null,null,null,null,null,null,null,null,null,null,null,null,null,null,null,null,null,null,null,null,null,null,null,null,null,null,null,null,null,null,5,"ZISJARS01___F00003","ZFRCSCTY","FERC 2ndary Acct Typ","0000","X","2","0","0","","","","","0000","","",null,null,null,null,5,"4FL38CFHRWO1UAFUULMK8IV9T","0000000000000000000000000","3","0","","","","00","X","1","0","","",null,null,null,null,null,null,null,null,null,null,null,null,null,null,null,null,null,null,null,null,null,null,null,null,null,null,null,null,null,null,null,null,null,null,null,null,null,null,null,null,null,null,null,null,null,null,null,null,null,null,null,null,null,null,null,null,null,null,null,null,null,null,null,null,null,null,null,null,null,null,null,null,null,null,null,null,null,null,null,null,null,null,null,null,null,null,4,"0000000121",""]
[null,null,null,null,null,null,null,null,null,null,null,null,null,null,null,null,null,null,null,null,null,null,null,null,null,null,null,null,null,null,null,null,null,null,null,null,null,null,null,null,null,null,null,null,null,null,null,null,null,null,null,null,null,null,null,null,null,null,null,null,null,null,null,null,null,null,null,null,null,null,null,null,null,null,null,null,null,null,null,null,null,null,null,null,null,null,null,null,null,null,null,null,null,null,null,null,null,null,null,null,null,null,null,null,null,null,null,null,null,null,5,"ZISJARS01___F00003","ZJRSDEPR","JARS Depreciation","0000","X","2","0","0","","","","","0000","","",null,null,null,null,5,"4FL38CN6AV9RCWZB0FOWIKTZL","0000000000000000000000000","3","","","","","00","X","28","0","","",null,null,null,null,null,null,null,null,null,null,null,null,null,null,null,null,null,null,null,null,null,null,null,null,null,null,null,null,null,null,null,null,null,null,null,null,null,null,null,null,null,null,null,null,null,null,null,null,null,null,null,null,null,null,null,null,null,null,null,null,null,null,null,null,null,null,null,null,null,null,null,null,null,null,null,null,null,null,null,null,null,null,null,null,null,null,4,"0000000023",""]
[null,null,null,null,null,null,null,null,null,null,null,null,null,null,null,null,null,null,null,null,null,null,null,null,null,null,null,null,null,null,null,null,null,null,null,null,null,null,null,null,null,null,null,null,null,null,null,null,null,null,null,null,null,null,null,null,null,null,null,null,null,null,null,null,null,null,null,null,null,null,null,null,null,null,null,null,null,null,null,null,null,null,null,null,null,null,null,null,null,null,null,null,null,null,null,null,null,null,null,null,null,null,null,null,null,null,null,null,null,null,5,"ZISJARS01___F00003","ZJRSFRMDT","JARS 2ndary From DT","0000","X","2","0","0","","","","","0000","","",null,null,null,null,5,"4FL38CUUTTVGVJIR69R8SMSPD","0000000000000000000000000","3","0","","","","00","X","2","0","","",null,null,null,null,null,null,null,null,null,null,null,null,null,null,null,null,null,null,null,null,null,null,null,null,null,null,null,null,null,null,null,null,null,null,null,null,null,null,null,null,null,null,null,null,null,null,null,null,null,null,null,null,null,null,null,null,null,null,null,null,null,null,null,null,null,null,null,null,null,null,null,null,null,null,null,null,null,null,null,null,null,null,null,null,null,null,4,"0000000022",""]
[null,null,null,null,null,null,null,null,null,null,null,null,null,null,null,null,null,null,null,null,null,null,null,null,null,null,null,null,null,null,null,null,null,null,null,null,null,null,null,null,null,null,null,null,null,null,null,null,null,null,null,null,null,null,null,null,null,null,null,null,null,null,null,null,null,null,null,null,null,null,null,null,null,null,null,null,null,null,null,null,null,null,null,null,null,null,null,null,null,null,null,null,null,null,null,null,null,null,null,null,null,null,null,null,null,null,null,null,null,null,5,"ZISJARS01___F00003","ZJRSSCLVL","JARS 2ndary Acct Lvl","0000","X","2","0","0","","","","","0000","","",null,null,null,null,5,"4FL38D2JCSH6E627C3TL2ORF5","0000000000000000000000000","3","0","","","","00","X","4","0","","",null,null,null,null,null,null,null,null,null,null,null,null,null,null,null,null,null,null,null,null,null,null,null,null,null,null,null,null,null,null,null,null,null,null,null,null,null,null,null,null,null,null,null,null,null,null,null,null,null,null,null,null,null,null,null,null,null,null,null,null,null,null,null,null,null,null,null,null,null,null,null,null,null,null,null,null,null,null,null,null,null,null,null,null,null,null,4,"0000000021",""]
[null,null,null,null,null,null,null,null,null,null,null,null,null,null,null,null,null,null,null,null,null,null,null,null,null,null,null,null,null,null,null,null,null,null,null,null,null,null,null,null,null,null,null,null,null,null,null,null,null,null,null,null,null,null,null,null,null,null,null,null,null,null,null,null,null,null,null,null,null,null,null,null,null,null,null,null,null,null,null,null,null,null,null,null,null,null,null,null,null,null,null,null,null,null,null,null,null,null,null,null,null,null,null,null,null,null,null,null,null,null,5,"ZISJARS01___F00003","ZJRSTODT","JARS 2ndary To DT","0000","X","2","0","0","","","","","0000","","",null,null,null,null,5,"4FL38DA7VR2VWSLNHXVXCQQ4X","0000000000000000000000000","3","0","","","","00","X","6","0","","",null,null,null,null,null,null,null,null,null,null,null,null,null,null,null,null,null,null,null,null,null,null,null,null,null,null,null,null,null,null,null,null,null,null,null,null,null,null,null,null,null,null,null,null,null,null,null,null,null,null,null,null,null,null,null,null,null,null,null,null,null,null,null,null,null,null,null,null,null,null,null,null,null,null,null,null,null,null,null,null,null,null,null,null,null,null,4,"0000000030",""]
[null,null,null,null,null,null,null,null,null,null,null,null,null,null,null,null,null,null,null,null,null,null,null,null,null,null,null,null,null,null,null,null,null,null,null,null,null,null,null,null,null,null,null,null,null,null,null,null,null,null,null,null,null,null,null,null,null,null,null,null,null,null,null,null,null,null,null,null,null,null,null,null,null,null,null,null,null,null,null,null,null,null,null,null,null,null,null,null,null,null,null,null,null,null,null,null,null,null,null,null,null,null,null,null,null,null,null,null,null,null,5,"ZISJARS01___F00003","ZOLDFSEC","Old FERC Sec Account","0000","X","3","0","0","","","","","0000","","",null,null,null,null,5,"4FL38DHWEPOLFF53NRY9MSOUP","0000000000000000000000000","3","0","","","","00","X","8","0","","",null,null,null,null,null,null,null,null,null,null,null,null,null,null,null,null,null,null,null,null,null,null,null,null,null,null,null,null,null,null,null,null,null,null,null,null,null,null,null,null,null,null,null,null,null,null,null,null,null,null,null,null,null,null,null,null,null,null,null,null,null,null,null,null,null,null,null,null,null,null,null,null,null,null,null,null,null,null,null,null,null,null,null,null,null,null,4,"0000000040",""]
[null,null,null,null,null,null,null,null,null,null,null,null,null,null,null,null,null,null,null,null,null,null,null,null,null,null,null,null,null,null,null,null,null,null,null,null,null,null,null,null,null,null,null,null,null,null,null,null,null,null,null,null,null,null,null,null,null,null,null,null,null,null,null,null,null,null,null,null,null,null,null,null,null,null,null,null,null,null,null,null,null,null,null,null,null,null,null,null,null,null,null,null,null,null,null,null,null,null,null,null,null,null,null,null,null,null,null,null,null,null,5,"ZISJARS01___F00003","ZSECDWN","JARS Reportng Struct","0000","X","2","0","0","","","","","0000","","",null,null,null,null,5,"4FL38DPKXOAAY1OJTM0LWUNKH","0000000000000000000000000","3","0","","","","00","X","10","0","","",null,null,null,null,null,null,null,null,null,null,null,null,null,null,null,null,null,null,null,null,null,null,null,null,null,null,null,null,null,null,null,null,null,null,null,null,null,null,null,null,null,null,null,null,null,null,null,null,null,null,null,null,null,null,null,null,null,null,null,null,null,null,null,null,null,null,null,null,null,null,null,null,null,null,null,null,null,null,null,null,null,null,null,null,null,null,4,"0000000041",""]
[null,null,null,null,null,null,null,null,null,null,null,null,null,null,null,null,null,null,null,null,null,null,null,null,null,null,null,null,null,null,null,null,null,null,null,null,null,null,null,null,null,null,null,null,null,null,null,null,null,null,null,null,null,null,null,null,null,null,null,null,null,null,null,null,null,null,null,null,null,null,null,null,null,null,null,null,null,null,null,null,null,null,null,null,null,null,null,null,null,null,null,null,null,null,null,null,null,null,null,null,null,null,null,null,null,null,null,null,null,null,5,"ZISJARS01___F00001","ZFRCBSAIN","FERC Balance Sheet A","0000","X","2","0","0","","","","","0000","","",null,null,null,null,5,"4FL38DX9GMW0GO7ZZG2Y6WMA9","0000000000000000000000000","3","0","","","","00","X","12","0","","",null,null,null,null,null,null,null,null,null,null,null,null,null,null,null,null,null,null,null,null,null,null,null,null,null,null,null,null,null,null,null,null,null,null,null,null,null,null,null,null,null,null,null,null,null,null,null,null,null,null,null,null,null,null,null,null,null,null,null,null,null,null,null,null,null,null,null,null,null,null,null,null,null,null,null,null,null,null,null,null,null,null,null,null,null,null,4,"0000000042","00"]
[null,null,null,null,null,null,null,null,null,null,null,null,null,null,null,null,null,null,null,null,null,null,null,null,null,null,null,null,null,null,null,null,null,null,null,null,null,null,null,null,null,null,null,null,null,null,null,null,null,null,null,null,null,null,null,null,null,null,null,null,null,null,null,null,null,null,null,null,null,null,null,null,null,null,null,null,null,null,null,null,null,null,null,null,null,null,null,null,null,null,null,null,null,null,null,null,null,null,null,null,null,null,null,null,null,null,null,null,null,null,5,"ZISJARS01___F00001","ZFRCFILEN","FERC SAP to JARS int","0000","X","2","0","0","","","","","0000","","",null,null,null,null,5,"4FL38E4XZLHPZARG5A5AGYL01","0000000000000000000000000","3","0","","","","00","X","14","0","","",null,null,null,null,null,null,null,null,null,null,null,null,null,null,null,null,null,null,null,null,null,null,null,null,null,null,null,null,null,null,null,null,null,null,null,null,null,null,null,null,null,null,null,null,null,null,null,null,null,null,null,null,null,null,null,null,null,null,null,null,null,null,null,null,null,null,null,null,null,null,null,null,null,null,null,null,null,null,null,null,null,null,null,null,null,null,4,"0000000043","00"]
[null,null,null,null,null,null,null,null,null,null,null,null,null,null,null,null,null,null,null,null,null,null,null,null,null,null,null,null,null,null,null,null,null,null,null,null,null,null,null,null,null,null,null,null,null,null,null,null,null,null,null,null,null,null,null,null,null,null,null,null,null,null,null,null,null,null,null,null,null,null,null,null,null,null,null,null,null,null,null,null,null,null,null,null,null,null,null,null,null,null,null,null,null,null,null,null,null,null,null,null,null,null,null,null,null,null,null,null,null,null,5,"ZISJARS01___F00001","ZFRCKWHI","FERC KWH in JARS Ind","0000","X","2","0","0","","","","","0000","","",null,null,null,null,5,"4FL38ECMIK3FHXAWB47MR0JPT","0000000000000000000000000","3","0","","","","00","X","16","0","","",null,null,null,null,null,null,null,null,null,null,null,null,null,null,null,null,null,null,null,null,null,null,null,null,null,null,null,null,null,null,null,null,null,null,null,null,null,null,null,null,null,null,null,null,null,null,null,null,null,null,null,null,null,null,null,null,null,null,null,null,null,null,null,null,null,null,null,null,null,null,null,null,null,null,null,null,null,null,null,null,null,null,null,null,null,null,4,"0000010002","4FL36PYTGJFU2QEUFRT3PKN2P"]
[null,null,null,null,null,null,null,null,null,null,null,null,null,null,null,null,null,null,null,null,null,null,null,null,null,null,null,null,null,null,null,null,null,null,null,null,null,null,null,null,null,null,null,null,null,null,null,null,null,null,null,null,null,null,null,null,null,null,null,null,null,null,null,null,null,null,null,null,null,null,null,null,null,null,null,null,null,null,null,null,null,null,null,null,null,null,null,null,null,null,null,null,null,null,null,null,null,null,null,null,null,null,null,null,null,null,null,null,null,null,5,"ZISJARS01___F00001","ZFRCLGTX","FERC Account Long Te","0000","X","2","0","0","","","","","0000","","",null,null,null,null,5,"4FL38EKB1IP50JUCGY9Z12IFL","0000000000000000000000000","3","0","","","","00","X","18","0","","",null,null,null,null,null,null,null,null,null,null,null,null,null,null,null,null,null,null,null,null,null,null,null,null,null,null,null,null,null,null,null,null,null,null,null,null,null,null,null,null,null,null,null,null,null,null,null,null,null,null,null,null,null,null,null,null,null,null,null,null,null,null,null,null,null,null,null,null,null,null,null,null,null,null,null,null,null,null,null,null,null,null,null,null,null,null,4,"0000000105",""]
[null,null,null,null,null,null,null,null,null,null,null,null,null,null,null,null,null,null,null,null,null,null,null,null,null,null,null,null,null,null,null,null,null,null,null,null,null,null,null,null,null,null,null,null,null,null,null,null,null,null,null,null,null,null,null,null,null,null,null,null,null,null,null,null,null,null,null,null,null,null,null,null,null,null,null,null,null,null,null,null,null,null,null,null,null,null,null,null,null,null,null,null,null,null,null,null,null,null,null,null,null,null,null,null,null,null,null,null,null,null,5,"ZISJARS01___F00001","ZFRCLOC","FERC Location Code","0000","X","1","0","0","","","","","0000","","",null,null,null,null,5,"4FL38ERZKHAUJ6DSMSCBB4H5D","0000000000000000000000000","3","0","","","","00","X","20","0","","",null,null,null,null,null,null,null,null,null,null,null,null,null,null,null,null,null,null,null,null,null,null,null,null,null,null,null,null,null,null,null,null,null,null,null,null,null,null,null,null,null,null,null,null,null,null,null,null,null,null,null,null,null,null,null,null,null,null,null,null,null,null,null,null,null,null,null,null,null,null,null,null,null,null,null,null,null,null,null,null,null,null,null,null,null,null,4,"0000000106",""]
[null,null,null,null,null,null,null,null,null,null,null,null,null,null,null,null,null,null,null,null,null,null,null,null,null,null,null,null,null,null,null,null,null,null,null,null,null,null,null,null,null,null,null,null,null,null,null,null,null,null,null,null,null,null,null,null,null,null,null,null,null,null,null,null,null,null,null,null,null,null,null,null,null,null,null,null,null,null,null,null,null,null,null,null,null,null,null,null,null,null,null,null,null,null,null,null,null,null,null,null,null,null,null,null,null,null,null,null,null,null,5,"ZISJARS01___F00001","ZFRCSECD","FERC Secondary Accou","0000","X","2","0","0","","","","","0000","","",null,null,null,null,5,"4FL38EZO3FWK1SX8SMENL6FV5","0000000000000000000000000","3","0","","","","00","X","23","0","","",null,null,null,null,null,null,null,null,null,null,null,null,null,null,null,null,null,null,null,null,null,null,null,null,null,null,null,null,null,null,null,null,null,null,null,null,null,null,null,null,null,null,null,null,null,null,null,null,null,null,null,null,null,null,null,null,null,null,null,null,null,null,null,null,null,null,null,null,null,null,null,null,null,null,null,null,null,null,null,null,null,null,null,null,null,null,4,"0000000112","0"]
[null,null,null,null,null,null,null,null,null,null,null,null,null,null,null,null,null,null,null,null,null,null,null,null,null,null,null,null,null,null,null,null,null,null,null,null,null,null,null,null,null,null,null,null,null,null,null,null,null,null,null,null,null,null,null,null,null,null,null,null,null,null,null,null,null,null,null,null,null,null,null,null,null,null,null,null,null,null,null,null,null,null,null,null,null,null,null,null,null,null,null,null,null,null,null,null,null,null,null,null,null,null,null,null,null,null,null,null,null,null,5,"ZISJARS01___F00001","ZFRCSHTX","FERC Account Short T","0000","X","2","0","0","","","","","0000","","",null,null,null,null,5,"4FL38F7CMEI9KFGOYGGZV8EKX","0000000000000000000000000","3","0","","","","00","X","26","0","","",null,null,null,null,null,null,null,null,null,null,null,null,null,null,null,null,null,null,null,null,null,null,null,null,null,null,null,null,null,null,null,null,null,null,null,null,null,null,null,null,null,null,null,null,null,null,null,null,null,null,null,null,null,null,null,null,null,null,null,null,null,null,null,null,null,null,null,null,null,null,null,null,null,null,null,null,null,null,null,null,null,null,null,null,null,null,4,"0000000200","X"]
[null,null,null,null,null,null,null,null,null,null,null,null,null,null,null,null,null,null,null,null,null,null,null,null,null,null,null,null,null,null,null,null,null,null,null,null,null,null,null,null,null,null,null,null,null,null,null,null,null,null,null,null,null,null,null,null,null,null,null,null,null,null,null,null,null,null,null,null,null,null,null,null,null,null,null,null,null,null,null,null,null,null,null,null,null,null,null,null,null,null,null,null,null,null,null,null,null,null,null,null,null,null,null,null,null,null,null,null,null,null,5,"ZISJARS01___F00011","0OFPER","Open FY Period","0001","X","1","0","0","","","","","0000","","",null,null,null,null,5,"4FNHK0E95EEABVX5A1IN62U35","0000000000000000000000000","3","","","","","00","X","3","0","","",null,null,null,null,null,null,null,null,null,null,null,null,null,null,null,null,null,null,null,null,null,null,null,null,null,null,null,null,null,null,null,null,null,null,null,null,null,null,null,null,null,null,null,null,null,null,null,null,null,null,null,null,null,null,null,null,null,null,null,null,null,null,null,null,null,null,null,null,null,null,null,null,null,null,null,null,null,null,null,null,null,null,null,null,null,null,4,"0000004000","X"]
[null,null,null,null,null,null,null,null,null,null,null,null,null,null,null,null,null,null,null,null,null,null,null,null,null,null,null,null,null,null,null,null,null,null,null,null,null,null,null,null,null,null,null,null,null,null,null,null,null,null,null,null,null,null,null,null,null,null,null,null,null,null,null,null,null,null,null,null,null,null,null,null,null,null,null,null,null,null,null,null,null,null,null,null,null,null,null,null,null,null,null,null,null,null,null,null,null,null,null,null,null,null,null,null,null,null,null,null,null,null,5,"ZISJARS01___F00011","0RETROPOST","Post to Prev. Allwd","0002","X","2","0","0","","","","","0000","","",null,null,null,null,5,"4FNHK0LXOCZZUIGLFVKZG4SSX","0000000000000000000000000","3","","","","","00","X","5","0","","",null,null,null,null,null,null,null,null,null,null,null,null,null,null,null,null,null,null,null,null,null,null,null,null,null,null,null,null,null,null,null,null,null,null,null,null,null,null,null,null,null,null,null,null,null,null,null,null,null,null,null,null,null,null,null,null,null,null,null,null,null,null,null,null,null,null,null,null,null,null,null,null,null,null,null,null,null,null,null,null,null,null,null,null,null,null,4,"0000000020",""]
[null,null,null,null,null,null,null,null,null,null,null,null,null,null,null,null,null,null,null,null,null,null,null,null,null,null,null,null,null,null,null,null,null,null,null,null,null,null,null,null,null,null,null,null,null,null,null,null,null,null,null,null,null,null,null,null,null,null,null,null,null,null,null,null,null,null,null,null,null,null,null,null,null,null,null,null,null,null,null,null,null,null,null,null,null,null,null,null,null,null,null,null,null,null,null,null,null,null,null,null,null,null,null,null,null,null,null,null,null,null,5,"ZISJARS01___F00011","0OFYEAR","Open Fiscal Year","0003","X","2","0","0","","","","","0000","","",null,null,null,null,5,"4FNHK0TM7BLPD501LPNBQ6RIP","0000000000000000000000000","3","","","","","00","X","7","0","","",null,null,null,null,null,null,null,null,null,null,null,null,null,null,null,null,null,null,null,null,null,null,null,null,null,null,null,null,null,null,null,null,null,null,null,null,null,null,null,null,null,null,null,null,null,null,null,null,null,null,null,null,null,null,null,null,null,null,null,null,null,null,null,null,null,null,null,null,null,null,null,null,null,null,null,null,null,null,null,null,null,null,null,null,null,null,4,"0000009001","WC JARS - Jurisdiction by FERC Account 13 Mth Avg"]
[null,null,null,null,null,null,null,null,null,null,null,null,null,null,null,null,null,null,null,null,null,null,null,null,null,null,null,null,null,null,null,null,null,null,null,null,null,null,null,null,null,null,null,null,null,null,null,null,null,null,null,null,null,null,null,null,null,null,null,null,null,null,null,null,null,null,null,null,null,null,null,null,null,null,null,null,null,null,null,null,null,null,null,null,null,null,null,null,null,null,null,null,null,null,null,null,null,null,null,null,null,null,null,null,null,null,null,null,null,null,5,"ZISJARS01___F00011","0OFPER3","Open Posting Period","0004","X","2","0","0","","","","","0000","","",null,null,null,null,5,"4FNHK11AQA7EVRJHRJPO08Q8H","0000000000000000000000000","3","","","","","00","X","9","0","","",null,null,null,null,null,null,null,null,null,null,null,null,null,null,null,null,null,null,null,null,null,null,null,null,null,null,null,null,null,null,null,null,null,null,null,null,null,null,null,null,null,null,null,null,null,null,null,null,null,null,null,null,null,null,null,null,null,null,null,null,null,null,null,null,null,null,null,null,null,null,null,null,null,null,null,null,null,null,null,null,null,null,null,null,null,null,4,"0000000114","1"]
[null,null,null,null,null,null,null,null,null,null,null,null,null,null,null,null,null,null,null,null,null,null,null,null,null,null,null,null,null,null,null,null,null,null,null,null,null,null,null,null,null,null,null,null,null,null,null,null,null,null,null,null,null,null,null,null,null,null,null,null,null,null,null,null,null,null,null,null,null,null,null,null,null,null,null,null,null,null,null,null,null,null,null,null,null,null,null,null,null,null,null,null,null,null,null,null,null,null,null,null,null,null,null,null,null,null,null,null,null,null,5,"ZISJARS01___F00012","0SEGMENT","Segment","0005","X","1","0","0","","","","","0000","","",null,null,null,null,5,"4FNHK18Z98T4EE2XXDS0AAOY9","0000000000000000000000000","3","","","","","00","X","11","0","",""]
[null,null,null,null,null,null,null,null,null,null,null,null,null,null,null,null,null,null,null,null,null,null,null,null,null,null,null,null,null,null,null,null,null,null,null,null,null,null,null,null,null,null,null,null,null,null,null,null,null,null,null,null,null,null,null,null,null,null,null,null,null,null,null,null,null,null,null,null,null,null,null,null,null,null,null,null,null,null,null,null,null,null,null,null,null,null,null,null,null,null,null,null,null,null,null,null,null,null,null,null,null,null,null,null,null,null,null,null,null,null,5,"ZISJARS01___F00012","0RESP_USER","Person Responsible","0006","X","2","0","0","","","","","0000","","",null,null,null,null,5,"4FNHK1GNS7ETX0ME37UCKCNO1","0000000000000000000000000","3","","","","","00","X","13","0","",""]
[null,null,null,null,null,null,null,null,null,null,null,null,null,null,null,null,null,null,null,null,null,null,null,null,null,null,null,null,null,null,null,null,null,null,null,null,null,null,null,null,null,null,null,null,null,null,null,null,null,null,null,null,null,null,null,null,null,null,null,null,null,null,null,null,null,null,null,null,null,null,null,null,null,null,null,null,null,null,null,null,null,null,null,null,null,null,null,null,null,null,null,null,null,null,null,null,null,null,null,null,null,null,null,null,null,null,null,null,null,null,5,"ZISJARS01___F00012","0PCA_HIEND","Hierarchy Area","0007","X","2","0","0","","","","","0000","","",null,null,null,null,5,"4FNHK1OCB60JFN5U91WOUEMDT","0000000000000000000000000","3","","","","","00","X","15","0","",""]
[null,null,null,null,null,null,null,null,null,null,null,null,null,null,null,null,null,null,null,null,null,null,null,null,null,null,null,null,null,null,null,null,null,null,null,null,null,null,null,null,null,null,null,null,null,null,null,null,null,null,null,null,null,null,null,null,null,null,null,null,null,null,null,null,null,null,null,null,null,null,null,null,null,null,null,null,null,null,null,null,null,null,null,null,null,null,null,null,null,null,null,null,null,null,null,null,null,null,null,null,null,null,null,null,null,null,null,null,null,null,5,"ZISJARS01___F00012","0PCA_DEPART","Department","0008","X","2","0","0","","","","","0000","","",null,null,null,null,5,"4FNHK1W0U4M8Y9PAEVZ14GL3L","0000000000000000000000000","3","","","","","00","X","17","0","",""]
[null,null,null,null,null,null,null,null,null,null,null,null,null,null,null,null,null,null,null,null,null,null,null,null,null,null,null,null,null,null,null,null,null,null,null,null,null,null,null,null,null,null,null,null,null,null,null,null,null,null,null,null,null,null,null,null,null,null,null,null,null,null,null,null,null,null,null,null,null,null,null,null,null,null,null,null,null,null,null,null,null,null,null,null,null,null,null,null,null,null,null,null,null,null,null,null,null,null,null,null,null,null,null,null,null,null,null,null,null,null,4,"ZISJARS01___F00006","0BAL_FLAG","Balance Sheet Acct","0000","X","2","0","0","","","","","0000","","",null,null,null,null,5,"4FNHK23PD37YGW8QKQ1DEIJTD","0000000000000000000000000","3","","","","","00","X","19","0","",""]
[null,null,null,null,null,null,null,null,null,null,null,null,null,null,null,null,null,null,null,null,null,null,null,null,null,null,null,null,null,null,null,null,null,null,null,null,null,null,null,null,null,null,null,null,null,null,null,null,null,null,null,null,null,null,null,null,null,null,null,null,null,null,null,null,null,null,null,null,null,null,null,null,null,null,null,null,null,null,null,null,null,null,null,null,null,null,null,null,null,null,null,null,null,null,null,null,null,null,null,null,null,null,null,null,null,null,null,null,null,null,4,"ZISJARS01___F00006","0CSTEL_FLAG","Ind.: Cost Element","0000","X","2","0","0","","","","","0000","","",null,null,null,null,5,"4FNHK2BDW1TNZIS6QK3POKIJ5","0000000000000000000000000","3","","","","","00","X","21","0","",""]
[null,null,null,null,null,null,null,null,null,null,null,null,null,null,null,null,null,null,null,null,null,null,null,null,null,null,null,null,null,null,null,null,null,null,null,null,null,null,null,null,null,null,null,null,null,null,null,null,null,null,null,null,null,null,null,null,null,null,null,null,null,null,null,null,null,null,null,null,null,null,null,null,null,null,null,null,null,null,null,null,null,null,null,null,null,null,null,null,null,null,null,null,null,null,null,null,null,null,null,null,null,null,null,null,null,null,null,null,null,null,4,"ZISJARS01___F00006","0GLACC_FLAG","G/L account","0000","X","2","0","0","","","","","0000","","",null,null,null,null,5,"4FNHK2J2F0FDI5BMWE61YMH8X","0000000000000000000000000","3","","","","","00","X","24","0","",""]
[null,null,null,null,null,null,null,null,null,null,null,null,null,null,null,null,null,null,null,null,null,null,null,null,null,null,null,null,null,null,null,null,null,null,null,null,null,null,null,null,null,null,null,null,null,null,null,null,null,null,null,null,null,null,null,null,null,null,null,null,null,null,null,null,null,null,null,null,null,null,null,null,null,null,null,null,null,null,null,null,null,null,null,null,null,null,null,null,null,null,null,null,null,null,null,null,null,null,null,null,null,null,null,null,null,null,null,null,null,null,4,"ZISJARS01___F00006","0LOGSYS","Source System","0000","X","1","0","0","","","","","0000","","",null,null,null,null,5,"4FNHK2QQXZ130RV3288E8OFYP","0000000000000000000000000","3","","","","","00","X","27","0","",""]
[null,null,null,null,null,null,null,null,null,null,null,null,null,null,null,null,null,null,null,null,null,null,null,null,null,null,null,null,null,null,null,null,null,null,null,null,null,null,null,null,null,null,null,null,null,null,null,null,null,null,null,null,null,null,null,null,null,null,null,null,null,null,null,null,null,null,null,null,null,null,null,null,null,null,null,null,null,null,null,null,null,null,null,null,null,null,null,null,null,null,null,null,null,null,null,null,null,null,null,null,null,null,null,null,null,null,null,null,null,null,4,"ZISJARS01___F00006","0SEM_POSIT","Planning Item","0000","X","1","0","0","","","","","0000","","",null,null,null,null,4,"4FL38CFHRWO1UAFUULMK8IV9T","0000000000000000000000000","3","0","","","","00","X","1","0","",""]
[null,null,null,null,null,null,null,null,null,null,null,null,null,null,null,null,null,null,null,null,null,null,null,null,null,null,null,null,null,null,null,null,null,null,null,null,null,null,null,null,null,null,null,null,null,null,null,null,null,null,null,null,null,null,null,null,null,null,null,null,null,null,null,null,null,null,null,null,null,null,null,null,null,null,null,null,null,null,null,null,null,null,null,null,null,null,null,null,null,null,null,null,null,null,null,null,null,null,null,null,null,null,null,null,null,null,null,null,null,null,4,"ZISJARS01___F00029","ZJRSRBCD","JARS Rate Base Code","0000","X","2","0","0","","","","","0000","","",null,null,null,null,4,"4FL38CN6AV9RCWZB0FOWIKTZL","0000000000000000000000000","3","","","","","00","X","28","0","",""]
[null,null,null,null,null,null,null,null,null,null,null,null,null,null,null,null,null,null,null,null,null,null,null,null,null,null,null,null,null,null,null,null,null,null,null,null,null,null,null,null,null,null,null,null,null,null,null,null,null,null,null,null,null,null,null,null,null,null,null,null,null,null,null,null,null,null,null,null,null,null,null,null,null,null,null,null,null,null,null,null,null,null,null,null,null,null,null,null,null,null,null,null,null,null,null,null,null,null,null,null,null,null,null,null,null,null,null,null,null,null,4,"ZISJARS01___F00011","0CHRT_ACCTS","Chart of accounts","0000","X","0","0","0","","","","","0000","","",null,null,null,null,4,"4FL38CUUTTVGVJIR69R8SMSPD","0000000000000000000000000","3","0","","","","00","X","2","0","",""]
[null,null,null,null,null,null,null,null,null,null,null,null,null,null,null,null,null,null,null,null,null,null,null,null,null,null,null,null,null,null,null,null,null,null,null,null,null,null,null,null,null,null,null,null,null,null,null,null,null,null,null,null,null,null,null,null,null,null,null,null,null,null,null,null,null,null,null,null,null,null,null,null,null,null,null,null,null,null,null,null,null,null,null,null,null,null,null,null,null,null,null,null,null,null,null,null,null,null,null,null,null,null,null,null,null,null,null,null,null,null,4,"ZISJARS01___F00011","0COMPANY","Company","0000","X","0","0","0","","","","","0000","","",null,null,null,null,4,"4FL38D2JCSH6E627C3TL2ORF5","0000000000000000000000000","3","0","","","","00","X","4","0","",""]
[null,null,null,null,null,null,null,null,null,null,null,null,null,null,null,null,null,null,null,null,null,null,null,null,null,null,null,null,null,null,null,null,null,null,null,null,null,null,null,null,null,null,null,null,null,null,null,null,null,null,null,null,null,null,null,null,null,null,null,null,null,null,null,null,null,null,null,null,null,null,null,null,null,null,null,null,null,null,null,null,null,null,null,null,null,null,null,null,null,null,null,null,null,null,null,null,null,null,null,null,null,null,null,null,null,null,null,null,null,null,4,"ZISJARS01___F00011","0COUNTRY","Country","0000","X","0","0","0","","","","","0000","","",null,null,null,null,4,"4FL38DA7VR2VWSLNHXVXCQQ4X","0000000000000000000000000","3","0","","","","00","X","6","0","",""]
[null,null,null,null,null,null,null,null,null,null,null,null,null,null,null,null,null,null,null,null,null,null,null,null,null,null,null,null,null,null,null,null,null,null,null,null,null,null,null,null,null,null,null,null,null,null,null,null,null,null,null,null,null,null,null,null,null,null,null,null,null,null,null,null,null,null,null,null,null,null,null,null,null,null,null,null,null,null,null,null,null,null,null,null,null,null,null,null,null,null,null,null,null,null,null,null,null,null,null,null,null,null,null,null,null,null,null,null,null,null,4,"ZISJARS01___F00011","0CURRENCY","Currency","0000","X","0","0","0","","","","","0000","","",null,null,null,null,4,"4FL38DHWEPOLFF53NRY9MSOUP","0000000000000000000000000","3","0","","","","00","X","8","0","",""]
[null,null,null,null,null,null,null,null,null,null,null,null,null,null,null,null,null,null,null,null,null,null,null,null,null,null,null,null,null,null,null,null,null,null,null,null,null,null,null,null,null,null,null,null,null,null,null,null,null,null,null,null,null,null,null,null,null,null,null,null,null,null,null,null,null,null,null,null,null,null,null,null,null,null,null,null,null,null,null,null,null,null,null,null,null,null,null,null,null,null,null,null,null,null,null,null,null,null,null,null,null,null,null,null,null,null,null,null,null,null,4,"ZISJARS01___F00011","0C_CTR_AREA","Credit Control Area","0000","X","0","0","0","","","","","0000","","",null,null,null,null,4,"4FL38DPKXOAAY1OJTM0LWUNKH","0000000000000000000000000","3","0","","","","00","X","10","0","",""]
[null,null,null,null,null,null,null,null,null,null,null,null,null,null,null,null,null,null,null,null,null,null,null,null,null,null,null,null,null,null,null,null,null,null,null,null,null,null,null,null,null,null,null,null,null,null,null,null,null,null,null,null,null,null,null,null,null,null,null,null,null,null,null,null,null,null,null,null,null,null,null,null,null,null,null,null,null,null,null,null,null,null,null,null,null,null,null,null,null,null,null,null,null,null,null,null,null,null,null,null,null,null,null,null,null,null,null,null,null,null,4,"ZISJARS01___F00011","0FISCVARNT","Fiscal Year Variant","0000","X","2","0","0","","","","","0000","","",null,null,null,null,4,"4FL38DX9GMW0GO7ZZG2Y6WMA9","0000000000000000000000000","3","0","","","","00","X","12","0","",""]
[null,null,null,null,null,null,null,null,null,null,null,null,null,null,null,null,null,null,null,null,null,null,null,null,null,null,null,null,null,null,null,null,null,null,null,null,null,null,null,null,null,null,null,null,null,null,null,null,null,null,null,null,null,null,null,null,null,null,null,null,null,null,null,null,null,null,null,null,null,null,null,null,null,null,null,null,null,null,null,null,null,null,null,null,null,null,null,null,null,null,null,null,null,null,null,null,null,null,null,null,null,null,null,null,null,null,null,null,null,null,4,"ZISJARS01___F00011","0LOGSYS","Source System","0000","X","1","0","0","","","","","0000","","",null,null,null,null,4,"4FL38E4XZLHPZARG5A5AGYL01","0000000000000000000000000","3","0","","","","00","X","14","0","",""]
[null,null,null,null,null,null,null,null,null,null,null,null,null,null,null,null,null,null,null,null,null,null,null,null,null,null,null,null,null,null,null,null,null,null,null,null,null,null,null,null,null,null,null,null,null,null,null,null,null,null,null,null,null,null,null,null,null,null,null,null,null,null,null,null,null,null,null,null,null,null,null,null,null,null,null,null,null,null,null,null,null,null,null,null,null,null,null,null,null,null,null,null,null,null,null,null,null,null,null,null,null,null,null,null,null,null,null,null,null,null,4,"ZISJARS01___F00011","0SOURSYSTEM","Source system ID","0000","X","1","0","0","","","","","0000","","",null,null,null,null,4,"4FL38ECMIK3FHXAWB47MR0JPT","0000000000000000000000000","3","0","","","","00","X","16","0","",""]
[null,null,null,null,null,null,null,null,null,null,null,null,null,null,null,null,null,null,null,null,null,null,null,null,null,null,null,null,null,null,null,null,null,null,null,null,null,null,null,null,null,null,null,null,null,null,null,null,null,null,null,null,null,null,null,null,null,null,null,null,null,null,null,null,null,null,null,null,null,null,null,null,null,null,null,null,null,null,null,null,null,null,null,null,null,null,null,null,null,null,null,null,null,null,null,null,null,null,null,null,null,null,null,null,null,null,null,null,null,null,4,"ZISJARS01___F00002","0CHANGEDBY","Changed by","0000","X","2","0","0","","","","","0000","","",null,null,null,null,4,"4FL38EKB1IP50JUCGY9Z12IFL","0000000000000000000000000","3","0","","","","00","X","18","0","",""]
[null,null,null,null,null,null,null,null,null,null,null,null,null,null,null,null,null,null,null,null,null,null,null,null,null,null,null,null,null,null,null,null,null,null,null,null,null,null,null,null,null,null,null,null,null,null,null,null,null,null,null,null,null,null,null,null,null,null,null,null,null,null,null,null,null,null,null,null,null,null,null,null,null,null,null,null,null,null,null,null,null,null,null,null,null,null,null,null,null,null,null,null,null,null,null,null,null,null,null,null,null,null,null,null,null,null,null,null,null,null,4,"ZISJARS01___F00002","0CH_AT","Last Changed At","0000","X","2","0","0","","","","","0000","","",null,null,null,null,4,"4FL38ERZKHAUJ6DSMSCBB4H5D","0000000000000000000000000","3","0","","","","00","X","20","0","",""]
[null,null,null,null,null,null,null,null,null,null,null,null,null,null,null,null,null,null,null,null,null,null,null,null,null,null,null,null,null,null,null,null,null,null,null,null,null,null,null,null,null,null,null,null,null,null,null,null,null,null,null,null,null,null,null,null,null,null,null,null,null,null,null,null,null,null,null,null,null,null,null,null,null,null,null,null,null,null,null,null,null,null,null,null,null,null,null,null,null,null,null,null,null,null,null,null,null,null,null,null,null,null,null,null,null,null,null,null,null,null,4,"ZISJARS01___F00002","0CH_ON","Changed on","0000","X","2","0","0","","","","","0000","","",null,null,null,null,4,"4FL38EZO3FWK1SX8SMENL6FV5","0000000000000000000000000","3","0","","","","00","X","23","0","",""]
[null,null,null,null,null,null,null,null,null,null,null,null,null,null,null,null,null,null,null,null,null,null,null,null,null,null,null,null,null,null,null,null,null,null,null,null,null,null,null,null,null,null,null,null,null,null,null,null,null,null,null,null,null,null,null,null,null,null,null,null,null,null,null,null,null,null,null,null,null,null,null,null,null,null,null,null,null,null,null,null,null,null,null,null,null,null,null,null,null,null,null,null,null,null,null,null,null,null,null,null,null,null,null,null,null,null,null,null,null,null,4,"ZISJARS01___F00002","0COUNTRY","Country","0000","X","0","0","0","","","","","0000","","",null,null,null,null,4,"4FL38F7CMEI9KFGOYGGZV8EKX","0000000000000000000000000","3","0","","","","00","X","26","0","",""]
[null,null,null,null,null,null,null,null,null,null,null,null,null,null,null,null,null,null,null,null,null,null,null,null,null,null,null,null,null,null,null,null,null,null,null,null,null,null,null,null,null,null,null,null,null,null,null,null,null,null,null,null,null,null,null,null,null,null,null,null,null,null,null,null,null,null,null,null,null,null,null,null,null,null,null,null,null,null,null,null,null,null,null,null,null,null,null,null,null,null,null,null,null,null,null,null,null,null,null,null,null,null,null,null,null,null,null,null,null,null,4,"ZISJARS01___F00002","0REGION","Region","0000","X","0","0","0","","","","","0000","","",null,null,null,null,4,"4FNHK0E95EEABVX5A1IN62U35","0000000000000000000000000","3","","","","","00","X","3","0","",""]
[null,null,null,null,null,null,null,null,null,null,null,null,null,null,null,null,null,null,null,null,null,null,null,null,null,null,null,null,null,null,null,null,null,null,null,null,null,null,null,null,null,null,null,null,null,null,null,null,null,null,null,null,null,null,null,null,null,null,null,null,null,null,null,null,null,null,null,null,null,null,null,null,null,null,null,null,null,null,null,null,null,null,null,null,null,null,null,null,null,null,null,null,null,null,null,null,null,null,null,null,null,null,null,null,null,null,null,null,null,null,4,"ZISJARS01___F00002","ZFRCDVSN","FERC Division Code","0000","X","2","0","0","","","","","0000","","",null,null,null,null,4,"4FNHK0LXOCZZUIGLFVKZG4SSX","0000000000000000000000000","3","","","","","00","X","5","0","",""]
[null,null,null,null,null,null,null,null,null,null,null,null,null,null,null,null,null,null,null,null,null,null,null,null,null,null,null,null,null,null,null,null,null,null,null,null,null,null,null,null,null,null,null,null,null,null,null,null,null,null,null,null,null,null,null,null,null,null,null,null,null,null,null,null,null,null,null,null,null,null,null,null,null,null,null,null,null,null,null,null,null,null,null,null,null,null,null,null,null,null,null,null,null,null,null,null,null,null,null,null,null,null,null,null,null,null,null,null,null,null,4,"ZISJARS01___F00002","ZFRCPFUN","FERC Plant Function","0000","X","2","0","0","","","","","0000","","",null,null,null,null,4,"4FNHK0TM7BLPD501LPNBQ6RIP","0000000000000000000000000","3","","","","","00","X","7","0","",""]
[null,null,null,null,null,null,null,null,null,null,null,null,null,null,null,null,null,null,null,null,null,null,null,null,null,null,null,null,null,null,null,null,null,null,null,null,null,null,null,null,null,null,null,null,null,null,null,null,null,null,null,null,null,null,null,null,null,null,null,null,null,null,null,null,null,null,null,null,null,null,null,null,null,null,null,null,null,null,null,null,null,null,null,null,null,null,null,null,null,null,null,null,null,null,null,null,null,null,null,null,null,null,null,null,null,null,null,null,null,null,4,"ZISJARS01___F00012","0LOGSYS","Source System","0000","X","1","0","0","","","","","0000","","",null,null,null,null,4,"4FNHK11AQA7EVRJHRJPO08Q8H","0000000000000000000000000","3","","","","","00","X","9","0","",""]
[null,null,null,null,null,null,null,null,null,null,null,null,null,null,null,null,null,null,null,null,null,null,null,null,null,null,null,null,null,null,null,null,null,null,null,null,null,null,null,null,null,null,null,null,null,null,null,null,null,null,null,null,null,null,null,null,null,null,null,null,null,null,null,null,null,null,null,null,null,null,null,null,null,null,null,null,null,null,null,null,null,null,null,null,null,null,null,null,null,null,null,null,null,null,null,null,null,null,null,null,null,null,null,null,null,null,null,null,null,null,4,"ZISJARS01___F00012","0OBJ_CURR","Object currency","0000","X","0","0","0","","","","","0000","","",null,null,null,null,4,"4FNHK18Z98T4EE2XXDS0AAOY9","0000000000000000000000000","3","","","","","00","X","11","0","",""]
[null,null,null,null,null,null,null,null,null,null,null,null,null,null,null,null,null,null,null,null,null,null,null,null,null,null,null,null,null,null,null,null,null,null,null,null,null,null,null,null,null,null,null,null,null,null,null,null,null,null,null,null,null,null,null,null,null,null,null,null,null,null,null,null,null,null,null,null,null,null,null,null,null,null,null,null,null,null,null,null,null,null,null,null,null,null,null,null,null,null,null,null,null,null,null,null,null,null,null,null,null,null,null,null,null,null,null,null,null,null,4,"ZISJARS01___F00012","0RESP_PERS","Person responsible","0000","X","2","0","0","","","","","0000","","",null,null,null,null,4,"4FNHK1GNS7ETX0ME37UCKCNO1","0000000000000000000000000","3","","","","","00","X","13","0","",""]
[null,null,null,null,null,null,null,null,null,null,null,null,null,null,null,null,null,null,null,null,null,null,null,null,null,null,null,null,null,null,null,null,null,null,null,null,null,null,null,null,null,null,null,null,null,null,null,null,null,null,null,null,null,null,null,null,null,null,null,null,null,null,null,null,null,null,null,null,null,null,null,null,null,null,null,null,null,null,null,null,null,null,null,null,null,null,null,null,null,null,null,null,null,null,null,null,null,null,null,null,null,null,null,null,null,null,null,null,null,null,4,"ZISJARS01___F00012","0SOURSYSTEM","Source system ID","0000","X","1","0","0","","","","","0000","","",null,null,null,null,4,"4FNHK1OCB60JFN5U91WOUEMDT","0000000000000000000000000","3","","","","","00","X","15","0","",""]
[null,null,null,null,null,null,null,null,null,null,null,null,null,null,null,null,null,null,null,null,null,null,null,null,null,null,null,null,null,null,null,null,null,null,null,null,null,null,null,null,null,null,null,null,null,null,null,null,null,null,null,null,null,null,null,null,null,null,null,null,null,null,null,null,null,null,null,null,null,null,null,null,null,null,null,null,null,null,null,null,null,null,null,null,null,null,null,null,null,null,null,null,null,null,null,null,null,null,null,null,null,null,null,null,null,null,null,null,null,null,4,"ZISJARS01___F00003","0CHANGEDBY","Changed by","0000","X","2","0","0","","","","","0000","","",null,null,null,null,4,"4FNHK1W0U4M8Y9PAEVZ14GL3L","0000000000000000000000000","3","","","","","00","X","17","0","",""]
[null,null,null,null,null,null,null,null,null,null,null,null,null,null,null,null,null,null,null,null,null,null,null,null,null,null,null,null,null,null,null,null,null,null,null,null,null,null,null,null,null,null,null,null,null,null,null,null,null,null,null,null,null,null,null,null,null,null,null,null,null,null,null,null,null,null,null,null,null,null,null,null,null,null,null,null,null,null,null,null,null,null,null,null,null,null,null,null,null,null,null,null,null,null,null,null,null,null,null,null,null,null,null,null,null,null,null,null,null,null,4,"ZISJARS01___F00003","0CH_AT","Last Changed At","0000","X","2","0","0","","","","","0000","","",null,null,null,null,4,"4FNHK23PD37YGW8QKQ1DEIJTD","0000000000000000000000000","3","","","","","00","X","19","0","",""]
[null,null,null,null,null,null,null,null,null,null,null,null,null,null,null,null,null,null,null,null,null,null,null,null,null,null,null,null,null,null,null,null,null,null,null,null,null,null,null,null,null,null,null,null,null,null,null,null,null,null,null,null,null,null,null,null,null,null,null,null,null,null,null,null,null,null,null,null,null,null,null,null,null,null,null,null,null,null,null,null,null,null,null,null,null,null,null,null,null,null,null,null,null,null,null,null,null,null,null,null,null,null,null,null,null,null,null,null,null,null,4,"ZISJARS01___F00003","0CH_ON","Changed on","0000","X","2","0","0","","","","","0000","","",null,null,null,null,4,"4FNHK2BDW1TNZIS6QK3POKIJ5","0000000000000000000000000","3","","","","","00","X","21","0","",""]
[null,null,null,null,null,null,null,null,null,null,null,null,null,null,null,null,null,null,null,null,null,null,null,null,null,null,null,null,null,null,null,null,null,null,null,null,null,null,null,null,null,null,null,null,null,null,null,null,null,null,null,null,null,null,null,null,null,null,null,null,null,null,null,null,null,null,null,null,null,null,null,null,null,null,null,null,null,null,null,null,null,null,null,null,null,null,null,null,null,null,null,null,null,null,null,null,null,null,null,null,null,null,null,null,null,null,null,null,null,null,4,"ZISJARS01___F00003","ZFRCSCTY","FERC 2ndary Acct Typ","0000","X","2","0","0","","","","","0000","","",null,null,null,null,4,"4FNHK2J2F0FDI5BMWE61YMH8X","0000000000000000000000000","3","","","","","00","X","24","0","",""]
[null,null,null,null,null,null,null,null,null,null,null,null,null,null,null,null,null,null,null,null,null,null,null,null,null,null,null,null,null,null,null,null,null,null,null,null,null,null,null,null,null,null,null,null,null,null,null,null,null,null,null,null,null,null,null,null,null,null,null,null,null,null,null,null,null,null,null,null,null,null,null,null,null,null,null,null,null,null,null,null,null,null,null,null,null,null,null,null,null,null,null,null,null,null,null,null,null,null,null,null,null,null,null,null,null,null,null,null,null,null,4,"ZISJARS01___F00003","ZJRSDEPR","JARS Depreciation","0000","X","2","0","0","","","","","0000","","",null,null,null,null,4,"4FNHK2QQXZ130RV3288E8OFYP","0000000000000000000000000","3","","","","","00","X","27","0","",""]
[null,null,null,null,null,null,null,null,null,null,null,null,null,null,null,null,null,null,null,null,null,null,null,null,null,null,null,null,null,null,null,null,null,null,null,null,null,null,null,null,null,null,null,null,null,null,null,null,null,null,null,null,null,null,null,null,null,null,null,null,null,null,null,null,null,null,null,null,null,null,null,null,null,null,null,null,null,null,null,null,null,null,null,null,null,null,null,null,null,null,null,null,null,null,null,null,null,null,null,null,null,null,null,null,null,null,null,null,null,null,4,"ZISJARS01___F00003","ZJRSFRMDT","JARS 2ndary From DT","0000","X","2","0","0","","","","","0000","",""]
[null,null,null,null,null,null,null,null,null,null,null,null,null,null,null,null,null,null,null,null,null,null,null,null,null,null,null,null,null,null,null,null,null,null,null,null,null,null,null,null,null,null,null,null,null,null,null,null,null,null,null,null,null,null,null,null,null,null,null,null,null,null,null,null,null,null,null,null,null,null,null,null,null,null,null,null,null,null,null,null,null,null,null,null,null,null,null,null,null,null,null,null,null,null,null,null,null,null,null,null,null,null,null,null,null,null,null,null,null,null,4,"ZISJARS01___F00003","ZJRSSCLVL","JARS 2ndary Acct Lvl","0000","X","2","0","0","","","","","0000","",""]
[null,null,null,null,null,null,null,null,null,null,null,null,null,null,null,null,null,null,null,null,null,null,null,null,null,null,null,null,null,null,null,null,null,null,null,null,null,null,null,null,null,null,null,null,null,null,null,null,null,null,null,null,null,null,null,null,null,null,null,null,null,null,null,null,null,null,null,null,null,null,null,null,null,null,null,null,null,null,null,null,null,null,null,null,null,null,null,null,null,null,null,null,null,null,null,null,null,null,null,null,null,null,null,null,null,null,null,null,null,null,4,"ZISJARS01___F00003","ZJRSTODT","JARS 2ndary To DT","0000","X","2","0","0","","","","","0000","",""]
[null,null,null,null,null,null,null,null,null,null,null,null,null,null,null,null,null,null,null,null,null,null,null,null,null,null,null,null,null,null,null,null,null,null,null,null,null,null,null,null,null,null,null,null,null,null,null,null,null,null,null,null,null,null,null,null,null,null,null,null,null,null,null,null,null,null,null,null,null,null,null,null,null,null,null,null,null,null,null,null,null,null,null,null,null,null,null,null,null,null,null,null,null,null,null,null,null,null,null,null,null,null,null,null,null,null,null,null,null,null,4,"ZISJARS01___F00003","ZOLDFSEC","Old FERC Sec Account","0000","X","3","0","0","","","","","0000","",""]
[null,null,null,null,null,null,null,null,null,null,null,null,null,null,null,null,null,null,null,null,null,null,null,null,null,null,null,null,null,null,null,null,null,null,null,null,null,null,null,null,null,null,null,null,null,null,null,null,null,null,null,null,null,null,null,null,null,null,null,null,null,null,null,null,null,null,null,null,null,null,null,null,null,null,null,null,null,null,null,null,null,null,null,null,null,null,null,null,null,null,null,null,null,null,null,null,null,null,null,null,null,null,null,null,null,null,null,null,null,null,4,"ZISJARS01___F00003","ZSECDWN","JARS Reportng Struct","0000","X","2","0","0","","","","","0000","",""]
[null,null,null,null,null,null,null,null,null,null,null,null,null,null,null,null,null,null,null,null,null,null,null,null,null,null,null,null,null,null,null,null,null,null,null,null,null,null,null,null,null,null,null,null,null,null,null,null,null,null,null,null,null,null,null,null,null,null,null,null,null,null,null,null,null,null,null,null,null,null,null,null,null,null,null,null,null,null,null,null,null,null,null,null,null,null,null,null,null,null,null,null,null,null,null,null,null,null,null,null,null,null,null,null,null,null,null,null,null,null,4,"ZISJARS01___F00001","ZFRCBSAIN","FERC Balance Sheet A","0000","X","2","0","0","","","","","0000","",""]
[null,null,null,null,null,null,null,null,null,null,null,null,null,null,null,null,null,null,null,null,null,null,null,null,null,null,null,null,null,null,null,null,null,null,null,null,null,null,null,null,null,null,null,null,null,null,null,null,null,null,null,null,null,null,null,null,null,null,null,null,null,null,null,null,null,null,null,null,null,null,null,null,null,null,null,null,null,null,null,null,null,null,null,null,null,null,null,null,null,null,null,null,null,null,null,null,null,null,null,null,null,null,null,null,null,null,null,null,null,null,4,"ZISJARS01___F00001","ZFRCFILEN","FERC SAP to JARS int","0000","X","2","0","0","","","","","0000","",""]
[null,null,null,null,null,null,null,null,null,null,null,null,null,null,null,null,null,null,null,null,null,null,null,null,null,null,null,null,null,null,null,null,null,null,null,null,null,null,null,null,null,null,null,null,null,null,null,null,null,null,null,null,null,null,null,null,null,null,null,null,null,null,null,null,null,null,null,null,null,null,null,null,null,null,null,null,null,null,null,null,null,null,null,null,null,null,null,null,null,null,null,null,null,null,null,null,null,null,null,null,null,null,null,null,null,null,null,null,null,null,4,"ZISJARS01___F00001","ZFRCKWHI","FERC KWH in JARS Ind","0000","X","2","0","0","","","","","0000","",""]
[null,null,null,null,null,null,null,null,null,null,null,null,null,null,null,null,null,null,null,null,null,null,null,null,null,null,null,null,null,null,null,null,null,null,null,null,null,null,null,null,null,null,null,null,null,null,null,null,null,null,null,null,null,null,null,null,null,null,null,null,null,null,null,null,null,null,null,null,null,null,null,null,null,null,null,null,null,null,null,null,null,null,null,null,null,null,null,null,null,null,null,null,null,null,null,null,null,null,null,null,null,null,null,null,null,null,null,null,null,null,4,"ZISJARS01___F00001","ZFRCLGTX","FERC Account Long Te","0000","X","2","0","0","","","","","0000","",""]
[null,null,null,null,null,null,null,null,null,null,null,null,null,null,null,null,null,null,null,null,null,null,null,null,null,null,null,null,null,null,null,null,null,null,null,null,null,null,null,null,null,null,null,null,null,null,null,null,null,null,null,null,null,null,null,null,null,null,null,null,null,null,null,null,null,null,null,null,null,null,null,null,null,null,null,null,null,null,null,null,null,null,null,null,null,null,null,null,null,null,null,null,null,null,null,null,null,null,null,null,null,null,null,null,null,null,null,null,null,null,4,"ZISJARS01___F00001","ZFRCLOC","FERC Location Code","0000","X","1","0","0","","","","","0000","",""]
[null,null,null,null,null,null,null,null,null,null,null,null,null,null,null,null,null,null,null,null,null,null,null,null,null,null,null,null,null,null,null,null,null,null,null,null,null,null,null,null,null,null,null,null,null,null,null,null,null,null,null,null,null,null,null,null,null,null,null,null,null,null,null,null,null,null,null,null,null,null,null,null,null,null,null,null,null,null,null,null,null,null,null,null,null,null,null,null,null,null,null,null,null,null,null,null,null,null,null,null,null,null,null,null,null,null,null,null,null,null,4,"ZISJARS01___F00001","ZFRCSECD","FERC Secondary Accou","0000","X","2","0","0","","","","","0000","",""]
[null,null,null,null,null,null,null,null,null,null,null,null,null,null,null,null,null,null,null,null,null,null,null,null,null,null,null,null,null,null,null,null,null,null,null,null,null,null,null,null,null,null,null,null,null,null,null,null,null,null,null,null,null,null,null,null,null,null,null,null,null,null,null,null,null,null,null,null,null,null,null,null,null,null,null,null,null,null,null,null,null,null,null,null,null,null,null,null,null,null,null,null,null,null,null,null,null,null,null,null,null,null,null,null,null,null,null,null,null,null,4,"ZISJARS01___F00001","ZFRCSHTX","FERC Account Short T","0000","X","2","0","0","","","","","0000","",""]
[null,null,null,null,null,null,null,null,null,null,null,null,null,null,null,null,null,null,null,null,null,null,null,null,null,null,null,null,null,null,null,null,null,null,null,null,null,null,null,null,null,null,null,null,null,null,null,null,null,null,null,null,null,null,null,null,null,null,null,null,null,null,null,null,null,null,null,null,null,null,null,null,null,null,null,null,null,null,null,null,null,null,null,null,null,null,null,null,null,null,null,null,null,null,null,null,null,null,null,null,null,null,null,null,null,null,null,null,null,null,4,"ZISJARS01___F00011","0OFPER","Open FY Period","0001","X","1","0","0","","","","","0000","",""]
[null,null,null,null,null,null,null,null,null,null,null,null,null,null,null,null,null,null,null,null,null,null,null,null,null,null,null,null,null,null,null,null,null,null,null,null,null,null,null,null,null,null,null,null,null,null,null,null,null,null,null,null,null,null,null,null,null,null,null,null,null,null,null,null,null,null,null,null,null,null,null,null,null,null,null,null,null,null,null,null,null,null,null,null,null,null,null,null,null,null,null,null,null,null,null,null,null,null,null,null,null,null,null,null,null,null,null,null,null,null,4,"ZISJARS01___F00011","0RETROPOST","Post to Prev. Allwd","0002","X","2","0","0","","","","","0000","",""]
[null,null,null,null,null,null,null,null,null,null,null,null,null,null,null,null,null,null,null,null,null,null,null,null,null,null,null,null,null,null,null,null,null,null,null,null,null,null,null,null,null,null,null,null,null,null,null,null,null,null,null,null,null,null,null,null,null,null,null,null,null,null,null,null,null,null,null,null,null,null,null,null,null,null,null,null,null,null,null,null,null,null,null,null,null,null,null,null,null,null,null,null,null,null,null,null,null,null,null,null,null,null,null,null,null,null,null,null,null,null,4,"ZISJARS01___F00011","0OFYEAR","Open Fiscal Year","0003","X","2","0","0","","","","","0000","",""]
[null,null,null,null,null,null,null,null,null,null,null,null,null,null,null,null,null,null,null,null,null,null,null,null,null,null,null,null,null,null,null,null,null,null,null,null,null,null,null,null,null,null,null,null,null,null,null,null,null,null,null,null,null,null,null,null,null,null,null,null,null,null,null,null,null,null,null,null,null,null,null,null,null,null,null,null,null,null,null,null,null,null,null,null,null,null,null,null,null,null,null,null,null,null,null,null,null,null,null,null,null,null,null,null,null,null,null,null,null,null,4,"ZISJARS01___F00011","0OFPER3","Open Posting Period","0004","X","2","0","0","","","","","0000","",""]
[null,null,null,null,null,null,null,null,null,null,null,null,null,null,null,null,null,null,null,null,null,null,null,null,null,null,null,null,null,null,null,null,null,null,null,null,null,null,null,null,null,null,null,null,null,null,null,null,null,null,null,null,null,null,null,null,null,null,null,null,null,null,null,null,null,null,null,null,null,null,null,null,null,null,null,null,null,null,null,null,null,null,null,null,null,null,null,null,null,null,null,null,null,null,null,null,null,null,null,null,null,null,null,null,null,null,null,null,null,null,4,"ZISJARS01___F00012","0SEGMENT","Segment","0005","X","1","0","0","","","","","0000","",""]
[null,null,null,null,null,null,null,null,null,null,null,null,null,null,null,null,null,null,null,null,null,null,null,null,null,null,null,null,null,null,null,null,null,null,null,null,null,null,null,null,null,null,null,null,null,null,null,null,null,null,null,null,null,null,null,null,null,null,null,null,null,null,null,null,null,null,null,null,null,null,null,null,null,null,null,null,null,null,null,null,null,null,null,null,null,null,null,null,null,null,null,null,null,null,null,null,null,null,null,null,null,null,null,null,null,null,null,null,null,null,4,"ZISJARS01___F00012","0RESP_USER","Person Responsible","0006","X","2","0","0","","","","","0000","",""]
[null,null,null,null,null,null,null,null,null,null,null,null,null,null,null,null,null,null,null,null,null,null,null,null,null,null,null,null,null,null,null,null,null,null,null,null,null,null,null,null,null,null,null,null,null,null,null,null,null,null,null,null,null,null,null,null,null,null,null,null,null,null,null,null,null,null,null,null,null,null,null,null,null,null,null,null,null,null,null,null,null,null,null,null,null,null,null,null,null,null,null,null,null,null,null,null,null,null,null,null,null,null,null,null,null,null,null,null,null,null,4,"ZISJARS01___F00012","0PCA_HIEND","Hierarchy Area","0007","X","2","0","0","","","","","0000","",""]
[null,null,null,null,null,null,null,null,null,null,null,null,null,null,null,null,null,null,null,null,null,null,null,null,null,null,null,null,null,null,null,null,null,null,null,null,null,null,null,null,null,null,null,null,null,null,null,null,null,null,null,null,null,null,null,null,null,null,null,null,null,null,null,null,null,null,null,null,null,null,null,null,null,null,null,null,null,null,null,null,null,null,null,null,null,null,null,null,null,null,null,null,null,null,null,null,null,null,null,null,null,null,null,null,null,null,null,null,null,null,4,"ZISJARS01___F00012","0PCA_DEPART","Department","0008","X","2","0","0","","","","","0000","",""]

{"sheet":"SAPBEXfilters","index":1,"n_rows":8,"n_cols":237,"rows_kept":8,"cut":false,"hidden":true,"merged":[]}
[]
[null,null,null,null,null,null,null,null,null,null,null,null,null,null,null,null,null,null,null,null,null,null,null,null,null,null,null,null,null,null,null,null,null,null,null,null,null,null,null,null,null,null,null,null,null,null,null,null,null,null,null,null,null,null,null,null,null,null,null,null,null,null,null,null,null,null,null,null,null,null,null,null,null,null,null,null,null,null,null,null,null,null,null,null,null,null,null,null,null,null,null,null,null,null,null,null,null,null,null,null,0,null,null,null,null,null,null,null,null,null,null,null,null,null,null,null,null,null,null,null,null,null,null,null,null,null,null,null,null,null,null,null,null,null,null,null,null,null,null,null,null,null,null,null,null,null,null,null,null,null,null,null,null,null,null,5,null,null,null,null,null,null,null,null,null,null,null,null,null,null,null,null,null,null,null,null,null,null,null,null,null,null,null,null,null,null,null,null,null,null,null,null,null,null,null,null,null,null,null,null,null,null,null,null,null,5]
[null,null,null,null,null,null,null,null,null,null,null,null,null,null,null,null,null,null,null,null,null,null,null,null,null,null,null,null,null,null,null,null,null,null,null,null,null,null,null,null,null,null,null,null,null,null,null,null,null,null,null,null,null,null,null,null,null,null,null,null,null,null,null,null,null,null,null,null,null,null,null,null,null,null,null,null,null,null,null,null,null,null,null,null,null,null,null,null,null,null,null,null,null,null,null,null,null,null,null,null,8,null,null,null,null,null,null,null,null,null,null,null,null,null,null,null,null,null,null,null,null,null,null,null,null,null,null,null,null,null,null,null,null,null,null,null,null,null,null,null,null,null,null,null,null,null,null,null,null,null,null,null,null,null,null,12,null,null,null,null,null,null,null,null,null,null,null,null,null,null,null,null,null,null,null,null,null,null,null,null,null,null,null,null,null,null,null,null,null,null,null,null,null,null,null,null,null,null,null,null,null,null,null,null,null,31]
[null,null,null,null,null,null,null,null,null,null,null,null,null,null,null,null,null,null,null,null,null,null,null,null,null,null,null,null,null,null,null,null,null,null,null,null,null,null,null,null,null,null,null,null,null,null,null,null,null,null,null,null,null,null,null,null,null,null,null,null,null,null,null,null,null,null,null,null,null,null,null,null,null,null,null,null,null,null,null,null,null,null,null,null,null,null,null,null,null,null,null,null,null,null,null,null,null,null,null,null,null,null,null,null,null,null,null,null,null,null,null,null,null,null,null,null,null,null,null,null,null,null,null,null,null,null,null,null,null,null,null,null,null,null,null,null,null,null,null,null,null,null,null,null,null,null,null,null,null,null,null,null,null,null,null,6,"4ULU8MA3NLMY7Z8C1N91XQYMP","","X","3","0","ZISJARS01___F00035","","","0","","","",null,null,null,null,null,null,null,null,null,null,null,null,null,null,null,null,null,null,null,null,null,null,null,null,null,null,null,null,null,null,null,null,null,null,null,null,null,6,"4ULU8MA3NLMY7Z8C1N91XQYMP","","","0001","0001","0","0000","I","EQ","DEPR","","DEPR","","1","","0","","","","","","","0","","","0","","0","","","00"]
[null,null,null,null,null,null,null,null,null,null,null,null,null,null,null,null,null,null,null,null,null,null,null,null,null,null,null,null,null,null,null,null,null,null,null,null,null,null,null,null,null,null,null,null,null,null,null,null,null,null,null,null,null,null,null,null,null,null,null,null,null,null,null,null,null,null,null,null,null,null,null,null,null,null,null,null,null,null,null,null,null,null,null,null,null,null,null,null,null,null,null,null,null,null,null,null,null,null,null,null,null,null,null,null,null,null,null,null,null,null,null,null,null,null,null,null,null,null,null,null,null,null,null,null,null,null,null,null,null,null,null,null,null,null,null,null,null,null,null,null,null,null,null,null,null,null,null,null,null,null,null,null,null,null,null,5,"4ULU8RM4TMPO5MQK3IVKX42J5","","X","3","0","ZISJARS01___F00008","","","0","","","",null,null,null,null,null,null,null,null,null,null,null,null,null,null,null,null,null,null,null,null,null,null,null,null,null,null,null,null,null,null,null,null,null,null,null,null,null,5,"4ULU8RM4TMPO5MQK3IVKX42J5","","","0001","0001","0","0000","I","EQ","001","","1","","1","","0","","Budget  (Original)","","","","","0","","","0","","0","","","00"]
[null,null,null,null,null,null,null,null,null,null,null,null,null,null,null,null,null,null,null,null,null,null,null,null,null,null,null,null,null,null,null,null,null,null,null,null,null,null,null,null,null,null,null,null,null,null,null,null,null,null,null,null,null,null,null,null,null,null,null,null,null,null,null,null,null,null,null,null,null,null,null,null,null,null,null,null,null,null,null,null,null,null,null,null,null,null,null,null,null,null,null,null,null,null,null,null,null,null,null,null,null,null,null,null,null,null,null,null,null,null,null,null,null,null,null,null,null,null,null,null,null,null,null,null,null,null,null,null,null,null,null,null,null,null,null,null,null,null,null,null,null,null,null,null,null,null,null,null,null,null,null,null,null,null,null,5,"4ULU8RTTCLBDO9A09CXX7618X","","X","3","0","ZISJARS01___F00035","","","0","","","",null,null,null,null,null,null,null,null,null,null,null,null,null,null,null,null,null,null,null,null,null,null,null,null,null,null,null,null,null,null,null,null,null,null,null,null,null,5,"4ULU8RTTCLBDO9A09CXX7618X","","","0001","0001","0","0000","I","EQ","DEPR","","DEPR","","1","","0","","","","","","","0","","","0","","0","","","00"]
[null,null,null,null,null,null,null,null,null,null,null,null,null,null,null,null,null,null,null,null,null,null,null,null,null,null,null,null,null,null,null,null,null,null,null,null,null,null,null,null,null,null,null,null,null,null,null,null,null,null,null,null,null,null,null,null,null,null,null,null,null,null,null,null,null,null,null,null,null,null,null,null,null,null,null,null,null,null,null,null,null,null,null,null,null,null,null,null,null,null,null,null,null,null,null,null,null,null,null,null,null,null,null,null,null,null,null,null,null,null,null,null,null,null,null,null,null,null,null,null,null,null,null,null,null,null,null,null,null,null,null,null,null,null,null,null,null,null,null,null,null,null,null,null,null,null,null,null,null,null,null,null,null,null,null,4,"4ULU8WQHGP6OKNPBZKFRMF7PT","","X","3","0","ZISJARS01___F00008","","","0","","","",null,null,null,null,null,null,null,null,null,null,null,null,null,null,null,null,null,null,null,null,null,null,null,null,null,null,null,null,null,null,null,null,null,null,null,null,null,4,"4ULU8WQHGP6OKNPBZKFRMF7PT","","","0001","0001","0","0000","I","EQ","000","","0","","1","","0","","Actuals / Detailed Plan","","","","","0","","","0","","0","","","00"]
[null,null,null,null,null,null,null,null,null,null,null,null,null,null,null,null,null,null,null,null,null,null,null,null,null,null,null,null,null,null,null,null,null,null,null,null,null,null,null,null,null,null,null,null,null,null,null,null,null,null,null,null,null,null,null,null,null,null,null,null,null,null,null,null,null,null,null,null,null,null,null,null,null,null,null,null,null,null,null,null,null,null,null,null,null,null,null,null,null,null,null,null,null,null,null,null,null,null,null,null,null,null,null,null,null,null,null,null,null,null,null,null,null,null,null,null,null,null,null,null,null,null,null,null,null,null,null,null,null,null,null,null,null,null,null,null,null,null,null,null,null,null,null,null,null,null,null,null,null,null,null,null,null,null,null,4,"4ULU8WY5ZNSE3A8S5EI3WH6FL","","X","3","0","ZISJARS01___F00035","","","0","","","",null,null,null,null,null,null,null,null,null,null,null,null,null,null,null,null,null,null,null,null,null,null,null,null,null,null,null,null,null,null,null,null,null,null,null,null,null,4,"4ULU8WY5ZNSE3A8S5EI3WH6FL","","","0001","0001","0","0000","I","EQ","DEPR","","DEPR","","1","","0","","","","","","","0","","","0","","0","","","00"]

{"sheet":"Page B17, 1-7","index":2,"n_rows":472,"n_cols":22,"rows_kept":472,"cut":false,"hidden":false,"merged":[]}
[]
[]
[]
[]
[null,null,null,"Depreciation Reserve (Actuals)"]
[null,null,null,{"$f":"+\"13 Month Average as of \" & VLOOKUP(MID($E$26,1,2),'Master Data'!$F$2:$G$13,2,FALSE) & \" \" & MID($E$26,4,4)","v":"13 Month Average as of June 2013"}]
[null,null,null,{"$f":"+\"Allocation Method - \" &$E$32","v":"Allocation Method - Factor 2010 Protocol"}]
[null,null,null,"(Allocated in Thousands)"]
[]
[null,null,null,"WC JARS - Jurisdiction by FERC Account 13 Mth Avg"]
[]
[]
[null,null,null,"Account Number",""]
[null,null,null,"Allocation Version",""]
[null,null,null,"Company code",""]
[null,null,null,"FERC Location Code",""]
[null,null,null,"FERC Merger Code",""]
[null,null,null,"JARS Primary Group","DEPR"]
[null,null,null,"Profit Center",""]
[null,null,null,"Secondary Account",""]
[null,null,null,"Version","0"]
[null,null,null,"wc Jurisdictional Areas 13 mth avg","Total, Calif, Oregon, Wash, Id-PPL, Mont, Wy-PPL, Utah, Idaho, Wy-UPL..."]
[null,null,null,"Primary Account",""]
[null,null,null,"Alloc",""]
[]
[null,null,null,"Calendar Year/Month (Single Value, Required Entry)","06/2013"]
[null,null,null,"Cal. year / month","06/2012..06/2013"]
[null,null,null,"JARS Reg Alloc Mthd","Factor 2010 Protocol"]
[null,null,null,"JARS Calendar Month","06/2011"]
[null,null,null,"Allocation Version","Average"]
[null,null,null,"Alloc","]NUTIL["]
[null,null,null,"Allocation Method (Mandatory, Single Value)","Factor 2010 Protocol"]
[]
[]
[]
["Factor","Extr","Data","Primary Account"," ","Secondary Account"," ","Alloc","Total","Calif","Oregon","Wash","Id-PPL","Mont","Wyoming","Wy-PPL","Utah","Idaho","Wy-UPL","FERC","Other","Nutil"]
[{"$f":"(IF(LEN(D37)=7,LEFT(D37,3),\"\"))&IF(LEN(F37)=7,LEFT(F37,3),\"\")&H37","v":"108310SG"},null,{"$f":"IFERROR(((VLOOKUP(A37,#REF!,6,FALSE))/1000),\"\")","v":""},"1080000","AC PR DPR EL PL SR","3102000","LAND RIGHTS","SG",-26241.324489230701,-412.10908294808729,-6828.5127535969841,-2061.8476021347269,0,0,-4189.8468225747274,-3303.2527401179182,-11186.235030263882,-1462.9833421344108,-886.59408245680879,-99.789855577884651,0,0]
[{"$f":"(IF(LEN(D38)=7,LEFT(D38,3),\"\"))&IF(LEN(F38)=7,LEFT(F38,3),\"\")&H38","v":"108310SG"},null,{"$f":"IFERROR(((VLOOKUP(A38,#REF!,6,FALSE))/1000),\"\")","v":""},"1080000","AC PR DPR EL PL SR","3103000","WATER RIGHTS","SG",-15156.06907,-238.0197588006229,-3943.9095759577576,-1190.8508917906347,0,0,-2419.9086392046756,-1907.8429789410995,-6460.7771921539625,-844.96788989245886,-512.06566026357609,-57.635122199888741,0,0]
["108311SG",null,{"$f":"IFERROR(((VLOOKUP(A39,#REF!,6,FALSE))/1000),\"\")","v":""},"1080000","AC PR DPR EL PL SR","3110000","STRUCTURES AND IMPROVEMENTS","SG",-463098.07209384401,-7272.7625423001737,-120507.2972881673,-36386.793276832024,0,0,-73941.008072941098,-58294.693784039308,-197410.91493418344,-25818.238158134835,-15646.314288901787,-1761.0578212851592,0,0]
["108312SG",null,{"$f":"IFERROR(((VLOOKUP(A40,#REF!,6,FALSE))/1000),\"\")","v":""},"1080000","AC PR DPR EL PL SR","3120000","BOILER PLANT EQUIPMENT","SG",-1371630.2561353671,-21540.882482200028,-356925.37932236184,-107772.47755877498,0,0,-219002.69069019868,-172660.54554019278,-584702.89584842057,-76469.928837514468,-46342.14515000589,-5216.0013958966856,0,0]
["108314SG",null,{"$f":"IFERROR(((VLOOKUP(A41,#REF!,6,FALSE))/1000),\"\")","v":""},"1080000","AC PR DPR EL PL SR","3140000","TURBOGENERATOR UNITS","SG",-379290.91356307798,-5956.6059869870815,-98699.013521663073,-29801.851692450484,0,0,-60559.855874497298,-47745.065232635141,-161685.33359287298,-21145.894849684595,-12814.790641862159,-1442.3580449224912,0,0]
["108315SG",null,{"$f":"IFERROR(((VLOOKUP(A42,#REF!,6,FALSE))/1000),\"\")","v":""},"1080000","AC PR DPR EL PL SR","3150000","ACCESSORY ELECTRIC EQUIPMENT","SG",-197355.769205385,-3099.3902421016837,-51355.882877328899,-15506.744702256718,0,0,-31511.002535764721,-24843.105220291389,-84129.443230503355,-11002.806010805365,-6667.897315473333,-750.49960662427918,0,0]
["108315SG",null,{"$f":"IFERROR(((VLOOKUP(A43,#REF!,6,FALSE))/1000),\"\")","v":""},"1080000","AC PR DPR EL PL SR","3157000","ACCESSORY ELECTRIC EQUIP-SUPV & ALARM","SG",-33.975726153846203,-0.5335746430597712,-8.8411573680082522,-2.6695592110772917,0,0,-5.4247676533546354,-4.276857692958572,-14.483280302287406,-1.8941849303527523,-1.1479099603960639,-0.12920204570609561,0,0]
["108316SG",null,{"$f":"IFERROR(((VLOOKUP(A44,#REF!,6,FALSE))/1000),\"\")","v":""},"1080000","AC PR DPR EL PL SR","3160000","MISCELLANEOUS POWER PLANT EQUIPMENT","SG",-14735.0860969229,-231.40839636566795,-3834.3614621846168,-1157.7731889507954,0,0,-2352.6919797396008,-1854.8497254972569,-6281.3192352009009,-821.49761585248893,-497.84225424234398,-56.034218628830324,0,0]
["108330SG-P",null,{"$f":"IFERROR(((VLOOKUP(A45,#REF!,6,FALSE))/1000),\"\")","v":""},"1080000","AC PR DPR EL PL SR","3302000","LAND RIGHTS","SG-P",-4770.5107876923003,-74.91888706748226,-1241.3814618350409,-374.83116496645914,0,0,-761.6882857446426,-600.51095506531158,-2033.5884687312821,-265.96133966982342,-161.17733067933099,-18.141179677570133,0,0]
["108330SG-U",null,{"$f":"IFERROR(((VLOOKUP(A46,#REF!,6,FALSE))/1000),\"\")","v":""},"1080000","AC PR DPR EL PL SR","3302000","LAND RIGHTS","SG-U",-38.8129846153846,-0.60954177457348646,-10.099907897563867,-3.0496349105307248,0,0,-6.197113271936769,-4.8857708320149813,-16.545322181122749,-2.1638675278806971,-1.3113424399217877,-0.14759705177630819,0,0]
["108330SG-U",null,{"$f":"IFERROR(((VLOOKUP(A47,#REF!,6,FALSE))/1000),\"\")","v":""},"1080000","AC PR DPR EL PL SR","3303000","WATER RIGHTS","SG-U",-114.8729,-1.8040310996503048,-29.892205441634207,-9.0258558981069879,0,0,-18.341294291851284,-14.46017794742097,-48.968384142932841,-6.404293321079952,-3.8811163444303145,-0.43683580474442901,0,0]
["108330SG-P",null,{"$f":"IFERROR(((VLOOKUP(A48,#REF!,6,FALSE))/1000),\"\")","v":""},"1080000","AC PR DPR EL PL SR","3304000","FLOOD RIGHTS","SG-P",-168.645303076923,-2.6485043170383995,-43.884850529080815,-13.250890361999097,0,0,-26.926917790639024,-21.22903741865181,-71.890654671137398,-9.4021652463465468,-5.6978803719872122,-0.64132016068172559,0,0]
["108330SG-U",null,{"$f":"IFERROR(((VLOOKUP(A49,#REF!,6,FALSE))/1000),\"\")","v":""},"1080000","AC PR DPR EL PL SR","3304000","FLOOD RIGHTS","SG-U",-80.654028461538502,-1.2666379594899779,-20.987776825236601,-6.337192135792395,0,0,-12.877704592087664,-10.152713161504604,-34.381455054931635,-4.4965527621782284,-2.7249914305830605,-0.30670913182200721,0,0]
["108330SG-P",null,{"$f":"IFERROR(((VLOOKUP(A50,#REF!,6,FALSE))/1000),\"\")","v":""},"1080000","AC PR DPR EL PL SR","3305000","LAND RIGHTS - FISH/WILDLIFE","SG-P",-205.75179461538499,-3.2312463278546697,-53.540695104136965,-16.166441771517654,0,0,-32.851562171037017,-25.899995239431394,-87.708527571115496,-11.470893866660667,-6.9515669316056252,-0.78242780306253412,0,0]
["108331SG-P",null,{"$f":"IFERROR(((VLOOKUP(A51,#REF!,6,FALSE))/1000),\"\")","v":""},"1080000","AC PR DPR EL PL SR","3310000","STRUCTURES AND IMPROVE","SG-P",-29.228586153846202,-0.45902278448917749,-7.6058574483561889,-2.2965643483364744,0,0,-4.666810887358313,-3.6792886480287406,-12.459654407056398,-1.6295265383714277,-0.98752223932957273,-0.11114973987822438,0,0]
["108331SG-U",null,{"$f":"IFERROR(((VLOOKUP(A52,#REF!,6,FALSE))/1000),\"\")","v":""},"1080000","AC PR DPR EL PL SR","3310000","STRUCTURES AND IMPROVE","SG-U",-4779.7258107692496,-75.063605170836595,-1243.7793934878987,-375.55521276528964,0,0,-763.15961144600942,-601.67094034889271,-2037.5166779948947,-266.47508756637086,-161.48867109711665,-18.176222337950062,0,0]
["108331SG-P",null,{"$f":"IFERROR(((VLOOKUP(A53,#REF!,6,FALSE))/1000),\"\")","v":""},"1080000","AC PR DPR EL PL SR","3311000","STRUCTURES AND IMPROVE-PRODUCTION","SG-P",-20772.720636922801,-326.22693475446709,-5405.47363965366,-1632.1654896890252,0,0,-3316.6968226989438,-2614.8659680565875,-8855.0612358760354,-1158.1025292797899,-701.8308546423566,-78.993984970879808,0,0]
["108331SG-U",null,{"$f":"IFERROR(((VLOOKUP(A54,#REF!,6,FALSE))/1000),\"\")","v":""},"1080000","AC PR DPR EL PL SR","3311000","STRUCTURES AND IMPROVE-PRODUCTION","SG-U",-856.49545846154399,-13.45090481544273,-222.87709463380094,-67.297026413165995,0,0,-136.75318776906707,-107.81547902518201,-365.10960049430514,-47.750584725906435,-28.937708743885057,-3.2570596098557383,0,0]
["108331SG-P",null,{"$f":"IFERROR(((VLOOKUP(A55,#REF!,6,FALSE))/1000),\"\")","v":""},"1080000","AC PR DPR EL PL SR","3312000","STRUCTURES AND IMPROVE-FISH/WILDLIFE","SG-P",-8475.9455561539507,-133.11119839617984,-2205.6090329108119,-665.97659839741016,0,0,-1353.3201638256605,-1066.9503513416839,-3613.15295398942,-472.54349385376401,-286.36981248397655,-32.232114780705267,0,0]
["108331SG-U",null,{"$f":"IFERROR(((VLOOKUP(A56,#REF!,6,FALSE))/1000),\"\")","v":""},"1080000","AC PR DPR EL PL SR","3312000","STRUCTURES AND IMPROVE-FISH/WILDLIFE","SG-U",-101.49241384615399,-1.593896131786009,-26.410337733761359,-7.97451707170642,0,0,-16.20488584115725,-12.775844995022139,-43.264508067716449,-5.6583161749656048,-3.4290408461351096,-0.38595282506090917,0,0]
["108331SG-P",null,{"$f":"IFERROR(((VLOOKUP(A57,#REF!,6,FALSE))/1000),\"\")","v":""},"1080000","AC PR DPR EL PL SR","3313000","STRUCTURES AND IMPROVE-RECREATION","SG-P",-4570.8095515384703,-71.782662242827186,-1189.4152419689228,-359.14013096106447,0,0,-729.80279192718103,-575.37260292913049,-1948.4591924111119,-254.82777123974648,-154.43018899805048,-17.381760787616837,0,0]
["108331SG-U",null,{"$f":"IFERROR(((VLOOKUP(A58,#REF!,6,FALSE))/1000),\"\")","v":""},"1080000","AC PR DPR EL PL SR","3313000","STRUCTURES AND IMPROVE-RECREATION","SG-U",-824.77030230769003,-12.952674437844404,-214.62158018767022,-64.804300210644527,0,0,-131.68775958302169,-103.82192263899827,-351.58570030952308,-45.981871603260927,-27.865836944023414,-3.1364159757252215,0,0]
["108332SG-P",null,{"$f":"IFERROR(((VLOOKUP(A59,#REF!,6,FALSE))/1000),\"\")","v":""},"1080000","AC PR DPR EL PL SR","3320000","\"RESERVOIRS, DAMS & WATERWAYS\"","SG-P",-1028.12465692307,-16.146269967995224,-267.53841388485966,-80.78236902418513,0,0,-164.15653214408849,-129.42012860508203,-438.27223955371488,-57.319105494594758,-34.736403539006474,-3.9097268536319643,0,0]
["108332SG-U",null,{"$f":"IFERROR(((VLOOKUP(A60,#REF!,6,FALSE))/1000),\"\")","v":""},"1080000","AC PR DPR EL PL SR","3320000","\"RESERVOIRS, DAMS & WATERWAYS\"","SG-U",-15944.5320830769,-250.40224236737112,-4149.0832798515794,-1252.802435949608,0,0,-2545.7993598279318,-2007.094547187846,-6796.8857060579721,-888.92558930256314,-538.70481264008549,-60.633469719875308,0,0]
["108332SG-P",null,{"$f":"IFERROR(((VLOOKUP(A61,#REF!,6,FALSE))/1000),\"\")","v":""},"1080000","AC PR DPR EL PL SR","3321000","\"RESERVOIRS, DAMS, & WTRWYS-PRODUCTION\"","SG-P",-119800.383070001,-1881.4151711004222,-31174.434202626959,-9413.0207745068255,0,0,-19128.045711072031,-15080.448542357795,-51068.887254020025,-6679.0060419648771,-4047.5971687142364,-455.5739147098642,0,0]
["108332SG-U",null,{"$f":"IFERROR(((VLOOKUP(A62,#REF!,6,FALSE))/1000),\"\")","v":""},"1080000","AC PR DPR EL PL SR","3321000","\"RESERVOIRS, DAMS, & WTRWYS-PRODUCTION\"","SG-U",-11191.8845623077,-175.76389047459611,-2912.3501941324375,-879.37483329521149,0,0,-1786.9632301240129,-1408.8322166321473,-4770.9120474058136,-623.96014684651493,-378.13101349186559,-42.560220029114227,0,0]
["108332SG-P",null,{"$f":"IFERROR(((VLOOKUP(A63,#REF!,6,FALSE))/1000),\"\")","v":""},"1080000","AC PR DPR EL PL SR","3322000","\"RESERVOIRS, DAMS, & WTRWYS-FISH/WILDLIF","SG-P",-2994.7271453846101,-47.030943810427146,-779.28736082640489,-235.3033280120097,0,0,-478.15604809572005,-376.97566115448893,-1276.6017856122921,-166.95940518297604,-101.18038694123112,-11.388273844780386,0,0]
["108332SG-U",null,{"$f":"IFERROR(((VLOOKUP(A64,#REF!,6,FALSE))/1000),\"\")","v":""},"1080000","AC PR DPR EL PL SR","3322000","\"RESERVOIRS, DAMS, & WTRWYS-FISH/WILDLIF","SG-U",-159.38923,-2.5031415405140409,-41.476236852590006,-12.52361716027219,0,0,-25.449037800748229,-20.063884769187588,-67.944946483341809,-8.8861287661500334,-5.3851530315606428,-0.60612139638369789,0,0]
["108332SG-P",null,{"$f":"IFERROR(((VLOOKUP(A65,#REF!,6,FALSE))/1000),\"\")","v":""},"1080000","AC PR DPR EL PL SR","3323000","\"RESERVOIRS, DAMS, & WTRWYS-RECREATION\"","SG-P",-55.367766153846198,-0.8695277307328716,-14.40779018127976,-4.3503861981781711,0,0,-8.8403487098357925,-6.9696834600311117,-23.602346960489513,-3.0868152103950872,-1.8706652498046801,-0.21055116293500697,0,0]
["108332SG-U",null,{"$f":"IFERROR(((VLOOKUP(A66,#REF!,6,FALSE))/1000),\"\")","v":""},"1080000","AC PR DPR EL PL SR","3323000","\"RESERVOIRS, DAMS, & WTRWYS-RECREATION\"","SG-U",-25.0997861538462,-0.39418169834757072,-6.531461852637622,-1.9721540319598168,0,0,-4.0075819841775315,-3.1595561200842757,-10.699616448152764,-1.3993412965600438,-0.84802586409325598,-9.54488420108527E-2,0,0]
["108333SG-P",null,{"$f":"IFERROR(((VLOOKUP(A67,#REF!,6,FALSE))/1000),\"\")","v":""},"1080000","AC PR DPR EL PL SR","3330000","\"WATER WHEELS, TURB & GENERATORS\"","SG-P",-33929.143851538203,-532.84308738339371,-8829.0357296537313,-2665.8991211166999,0,0,-5417.3300443500484,-4270.9939219510125,-14463.423050719106,-1891.5879146288378,-1146.336122399036,-129.02490368638894,0,0]
["108333SG-U",null,{"$f":"IFERROR(((VLOOKUP(A68,#REF!,6,FALSE))/1000),\"\")","v":""},"1080000","AC PR DPR EL PL SR","3330000","\"WATER WHEELS, TURB & GENERATORS\"","SG-U",-10481.6151823077,-164.609405381512,-2727.5240234180033,-823.56716174937435,0,0,-1673.557372649615,-1319.4236474621832,-4468.1361634087807,-584.36183038979095,-354.13372518743188,-39.859225310624254,0,0]
["108334SG-P",null,{"$f":"IFERROR(((VLOOKUP(A69,#REF!,6,FALSE))/1000),\"\")","v":""},"1080000","AC PR DPR EL PL SR","3340000","ACCESSORY ELECTRIC EQUIPMENT","SG-P",-13425.3506653844,-210.83954635135328,-3493.5423430212954,-1054.8639451717015,0,0,-2143.5717869498958,-1689.9804882438323,-5723.0010614872817,-748.4783930716261,-453.59129870606375,-51.053589331246535,0,0]
["108334SG-U",null,{"$f":"IFERROR(((VLOOKUP(A70,#REF!,6,FALSE))/1000),\"\")","v":""},"1080000","AC PR DPR EL PL SR","3340000","ACCESSORY ELECTRIC EQUIPMENT","SG-U",-4076.8818999999999,-64.025733982526987,-1060.8854770453258,-320.33097922138836,0,0,-650.93934880221366,-513.19708777805465,-1737.9061465721672,-227.29074936735944,-137.74226102415901,-15.503465009018635,0,0]
["108334SG-P",null,{"$f":"IFERROR(((VLOOKUP(A71,#REF!,6,FALSE))/1000),\"\")","v":""},"1080000","AC PR DPR EL PL SR","3347000","ACCESSORY ELECT EQUIP - SUPV & ALARM","SG-P",-1745.2607969230901,-27.408594669845801,-454.15145165530987,-137.12957936678865,0,0,-278.65877759155808,-219.69308416663645,-743.9753077821747,-97.300251541287977,-58.965693424921639,-6.6368343161250527,0,0]
["108334SG-U",null,{"$f":"IFERROR(((VLOOKUP(A72,#REF!,6,FALSE))/1000),\"\")","v":""},"1080000","AC PR DPR EL PL SR","3347000","ACCESSORY ELECT EQUIP - SUPV & ALARM","SG-U",-17.8232461538461,-0.27990666517743562,-4.6379619184993528,-1.4004177784412557,0,0,-2.8457660853325528,-2.2435867030892487,-7.5977498986757199,-0.99366601089587292,-0.60217938224330403,-6.7777796823910691E-2,0,0]
["108335SG-U",null,{"$f":"IFERROR(((VLOOKUP(A73,#REF!,6,FALSE))/1000),\"\")","v":""},"1080000","AC PR DPR EL PL SR","3350000","MISC POWER PLANT EQUIP","SG-U",-104.847957692309,-1.6465935517580286,-27.283516751768886,-8.2381706855280843,0,0,-16.740652041815011,-13.198240191154339,-44.694919940899531,-5.845391516865404,-3.5424118506606739,-0.39871320367405755,0,0]
["108335SG-P",null,{"$f":"IFERROR(((VLOOKUP(A74,#REF!,6,FALSE))/1000),\"\")","v":""},"1080000","AC PR DPR EL PL SR","3351000","MISC POWER PLANT EQUIP - PRODUCTION","SG-P",-1088.0851992307701,-17.087925337320701,-283.14133545342429,-85.493621325133802,0,0,-173.73019096496378,-136.96794981960002,-463.83240969951976,-60.661973139004665,-36.76224114536376,-4.1377433114030886,0,0]
["108335SG-P",null,{"$f":"IFERROR(((VLOOKUP(A75,#REF!,6,FALSE))/1000),\"\")","v":""},"1080000","AC PR DPR EL PL SR","3353000","MISC POWER PLANT EQUIP - RECREATION","SG-P",-3.1608869230769199,-4.9640413985445865E-2,-0.82252542838554887,-0.24835892432334403,0,0,-0.50468611203702596,-0.39789182112898863,-1.3474329026393834,-0.17622299959477367,-0.10679429090803731,-1.2020142111398322E-2,0,0]
["108336SG-P",null,{"$f":"IFERROR(((VLOOKUP(A76,#REF!,6,FALSE))/1000),\"\")","v":""},"1080000","AC PR DPR EL PL SR","3360000","\"ROADS, RAILROADS & BRIDGES\"","SG-P",-6006.05518538461,-94.322597763700699,-1562.8946034731359,-471.911030533396,0,0,-958.96269431901294,-756.0410396420034,-2560.2802532326364,-334.84432890434795,-202.92165467700957,-22.839677158380585,0,0]
["108336SG-U",null,{"$f":"IFERROR(((VLOOKUP(A77,#REF!,6,FALSE))/1000),\"\")","v":""},"1080000","AC PR DPR EL PL SR","3360000","\"ROADS, RAILROADS & BRIDGES\"","SG-U",-782.07533076923198,-12.282167673811609,-203.51150234901277,-61.449647714887028,0,0,-124.87082506000475,-98.447488060379854,-333.38555243072142,-43.601578940087578,-26.423336999624894,-2.974056600706894,0,0]
["108340SG",null,{"$f":"IFERROR(((VLOOKUP(A78,#REF!,6,FALSE))/1000),\"\")","v":""},"1080000","AC PR DPR EL PL SR","3403000","WATER RIGHTS - OTHER PRODUCTION","SG",-0.35102,-5.5126230520797332E-3,-9.1342361463168764E-2,-2.7580534115126502E-2,0,0,-5.6045952721012857E-2,-4.4186328221048732E-2,-0.14963391889516403,-1.956975963491376E-2,-1.1859624499964125E-2,-1.3348501185343931E-3,0,0]
["108341SG",null,{"$f":"IFERROR(((VLOOKUP(A79,#REF!,6,FALSE))/1000),\"\")","v":""},"1080000","AC PR DPR EL PL SR","3410000","STRUCTURES & IMPROVEMENTS","SG",-30049.0235546154,-471.90741251113826,-7819.3515216823889,-2361.0282014537911,0,0,-4797.8068299657461,-3782.5651458784696,-12809.39306435586,-1675.2668458426449,-1015.2416840872768,-114.26967880383208,0,0]
["108342SG",null,{"$f":"IFERROR(((VLOOKUP(A80,#REF!,6,FALSE))/1000),\"\")","v":""},"1080000","AC PR DPR EL PL SR","3420000","\"FUEL HOLDERS,PRODUCERS, ACCES\"","SG",-2005.1995592307601,-31.490824779886072,-521.79266977677275,-157.55362899834938,0,0,-320.16215512746567,-252.41412418914194,-854.78282780056463,-111.79212977659674,-67.748030938323708,-7.6253229711249864,0,0]
["108343SG",null,{"$f":"IFERROR(((VLOOKUP(A81,#REF!,6,FALSE))/1000),\"\")","v":""},"1080000","AC PR DPR EL PL SR","3430000","PRIME MOVERS","SG",-440706.09545615502,-6921.1058657730373,-114680.461142322,-34627.398725066036,0,0,-70365.771152064961,-55475.996190651524,-187865.59211466784,-24569.860286360639,-14889.774961413437,-1675.9061699005129,0,0]
["108344SG",null,{"$f":"IFERROR(((VLOOKUP(A82,#REF!,6,FALSE))/1000),\"\")","v":""},"1080000","AC PR DPR EL PL SR","3440000","GENERATORS","SG",-68208.366973077005,-1071.1840240456336,-17749.169024178856,-5359.3048608000063,0,0,-10890.555838842711,-8586.055753216684,-29076.079002965609,-3802.6931421375052,-2304.5000856260267,-259.38108010668685,0,0]
["108345SG",null,{"$f":"IFERROR(((VLOOKUP(A83,#REF!,6,FALSE))/1000),\"\")","v":""},"1080000","AC PR DPR EL PL SR","3450000","ACCESSORY ELECTRIC EQUIPMENT","SG",-43299.722659230902,-680.00412876740768,-11267.446066874902,-3402.1693293215026,0,0,-6913.4927040972716,-5450.5605301725191,-18457.943104593618,-2414.0082180490499,-1462.9321739247523,-164.65910752715149,0,0]
["108346SG",null,{"$f":"IFERROR(((VLOOKUP(A84,#REF!,6,FALSE))/1000),\"\")","v":""},"1080000","AC PR DPR EL PL SR","3460000","MISCELLANEOUS PWR PLANT EQUIP","SG",-2128.2616307692301,-33.423463411302102,-553.81585996785384,-167.2229289309598,0,0,-339.81098152822625,-267.90515343123928,-907.24211795969597,-118.65297861763834,-71.905828096986966,-8.0933003535539498,0,0]
["108350SG",null,{"$f":"IFERROR(((VLOOKUP(A85,#REF!,6,FALSE))/1000),\"\")","v":""},"1080000","AC PR DPR EL PL SR","3502000","LAND RIGHTS","SG",-30857.7843907692,-484.60866494405013,-8029.807121457944,-2424.574597193402,0,0,-4926.9384224268106,-3884.3718000822805,-13154.154198657674,-1720.3561717091532,-1042.5666223445301,-117.34521438016925,0,0]
["108352SG",null,{"$f":"IFERROR(((VLOOKUP(A86,#REF!,6,FALSE))/1000),\"\")","v":""},"1080000","AC PR DPR EL PL SR","3520000","STRUCTURES & IMPROVEMENTS","SG",-21494.253609231098,-337.55830987834133,-5593.2308203390321,-1688.8581703281272,0,0,-3431.9010926910892,-2705.6923960000759,-9162.638599725864,-1198.3288036708168,-726.20869669101319,-81.737812597830427,0,0]
["108353SG",null,{"$f":"IFERROR(((VLOOKUP(A87,#REF!,6,FALSE))/1000),\"\")","v":""},"1080000","AC PR DPR EL PL SR","3530000","STATION EQUIPMENT","SG",-278365.48839153699,-4371.6141764304602,-72436.217479150131,-21871.88436287572,0,0,-44445.498836401726,-35040.592659908216,-118662.52325563206,-15519.188930766779,-9404.9061764935086,-1058.5613502801189,0,0]
["108353SG",null,{"$f":"IFERROR(((VLOOKUP(A88,#REF!,6,FALSE))/1000),\"\")","v":""},"1080000","AC PR DPR EL PL SR","3534000","STATION EQUIPMENT, STEP-UP TRANSFORMERS","SG",-24740.9440584613,-388.54623254198873,-6438.0840269158734,-1943.9588959171222,0,0,-3950.2871089218443,-3114.3851480422095,-10546.648101628363,-1379.3354463134162,-835.901960879635,-94.084246222693452,0,0]
["108353SG",null,{"$f":"IFERROR(((VLOOKUP(A89,#REF!,6,FALSE))/1000),\"\")","v":""},"1080000","AC PR DPR EL PL SR","3537000","STATION EQUIPMENT-SUPERVISORY & ALARM","SG",-8260.9418438457906,-129.73465455037993,-2149.6608054435019,-649.08320992326605,0,0,-1318.9913851382198,-1039.8857265317235,-3521.5004896008427,-460.55679517424471,-279.10565860649638,-31.414504015336107,0,0]
["108354SG",null,{"$f":"IFERROR(((VLOOKUP(A90,#REF!,6,FALSE))/1000),\"\")","v":""},"1080000","AC PR DPR EL PL SR","3540000","TOWERS AND FIXTURES","SG",-220370.61241538401,-3460.8287789925766,-57344.801250942604,-17315.079464685256,0,0,-35185.690059065753,-27740.20913469225,-93940.283587947109,-12285.909394244791,-7445.4809243735017,-838.01987950593161,0,0]
["108355SG",null,{"$f":"IFERROR(((VLOOKUP(A91,#REF!,6,FALSE))/1000),\"\")","v":""},"1080000","AC PR DPR EL PL SR","3550000","POLES AND FIXTURES","SG",-284399.483509249,-4466.3755592064726,-74006.382606803963,-22345.990704949003,0,0,-45408.922587430476,-35800.150772709283,-121234.71383183153,-15855.590942309902,-9608.7718147211908,-1081.5072767176832,0,0]
["108356SG",null,{"$f":"IFERROR(((VLOOKUP(A92,#REF!,6,FALSE))/1000),\"\")","v":""},"1080000","AC PR DPR EL PL SR","3560000","OVERHEAD CONDUCTORS & DEVICES","SG",-419484.96528385999,-6587.8368458340647,-109158.30245377227,-32960.000557786327,0,0,-66977.478580921132,-52804.684518910231,-178819.3814398775,-23386.758421358561,-14172.7940620109,-1595.206984310171,0,0]
["108357SG",null,{"$f":"IFERROR(((VLOOKUP(A93,#REF!,6,FALSE))/1000),\"\")","v":""},"1080000","AC PR DPR EL PL SR","3570000","UNDERGROUND CONDUIT","SG",-651.43177384615399,-10.230464968837959,-169.5154593904866,-51.184651194351382,0,0,-104.01149335635316,-82.002102936545342,-277.69440263639746,-36.318053765354492,-22.009390419807808,-2.4772485343729946,0,0]
["108358SG",null,{"$f":"IFERROR(((VLOOKUP(A94,#REF!,6,FALSE))/1000),\"\")","v":""},"1080000","AC PR DPR EL PL SR","3580000","UNDERGROUND CONDUCTORS & DEVICES","SG",-1555.3103599999899,-24.425502090121284,-404.72258301672332,-122.20469045521452,0,0,-248.33015470076043,-195.78216071037838,-663.00263308371848,-86.710301130679127,-52.547993990382039,-5.9144955227729357,0,0]
["108359SG",null,{"$f":"IFERROR(((VLOOKUP(A95,#REF!,6,FALSE))/1000),\"\")","v":""},"1080000","AC PR DPR EL PL SR","3590000","ROADS AND TRAILS","SG",-3614.4095769230698,-56.762798568183783,-940.54101205414486,-283.99335263622208,0,0,-577.09825156004342,-454.98116315658547,-1540.7619779135398,-201.50739742041708,-122.11708840345794,-13.744786770519074,0,0]
["108360CA",null,{"$f":"IFERROR(((VLOOKUP(A96,#REF!,6,FALSE))/1000),\"\")","v":""},"1080000","AC PR DPR EL PL SR","3602000","LAND RIGHTS","CA",-545.05200153846101,-545.05200153846101,0,0,0,0,0,0,0,0,0,0,0,0]
["108360IDU",null,{"$f":"IFERROR(((VLOOKUP(A97,#REF!,6,FALSE))/1000),\"\")","v":""},"1080000","AC PR DPR EL PL SR","3602000","LAND RIGHTS","IDU",-420.77976076922999,0,0,0,0,0,0,0,0,-420.77976076922999,0,0,0,0]
["108360OR",null,{"$f":"IFERROR(((VLOOKUP(A98,#REF!,6,FALSE))/1000),\"\")","v":""},"1080000","AC PR DPR EL PL SR","3602000","LAND RIGHTS","OR",-2482.9711007692299,0,-2482.9711007692299,0,0,0,0,0,0,0,0,0,0,0]
["108360UT",null,{"$f":"IFERROR(((VLOOKUP(A99,#REF!,6,FALSE))/1000),\"\")","v":""},"1080000","AC PR DPR EL PL SR","3602000","LAND RIGHTS","UT",-2640.26886153846,0,0,0,0,0,0,0,-2640.26886153846,0,0,0,0,0]
["108360WA",null,{"$f":"IFERROR(((VLOOKUP(A100,#REF!,6,FALSE))/1000),\"\")","v":""},"1080000","AC PR DPR EL PL SR","3602000","LAND RIGHTS","WA",-138.99683692307599,0,0,-138.99683692307599,0,0,0,0,0,0,0,0,0,0]
["108360WYP",null,{"$f":"IFERROR(((VLOOKUP(A101,#REF!,6,FALSE))/1000),\"\")","v":""},"1080000","AC PR DPR EL PL SR","3602000","LAND RIGHTS","WYP",-1057.51720692307,0,0,0,0,0,-1057.51720692307,-1057.51720692307,0,0,0,0,0,0]
[{"$f":"(IF(LEN(D102)=7,LEFT(D102,3),\"\"))&IF(LEN(F102)=7,LEFT(F102,3),\"\")&H102","v":"108360WYU"},null,{"$f":"IFERROR(((VLOOKUP(A102,#REF!,6,FALSE))/1000),\"\")","v":""},"1080000","AC PR DPR EL PL SR","3602000","LAND RIGHTS","WYU",-583.31020538461496,0,0,0,0,0,-583.31020538461496,0,0,0,-583.31020538461496,0,0,0]
["108361CA",null,{"$f":"IFERROR(((VLOOKUP(A103,#REF!,6,FALSE))/1000),\"\")","v":""},"1080000","AC PR DPR EL PL SR","3610000","STRUCTURES & IMPROVEMENTS","CA",-690.56634076923001,-690.56634076923001,0,0,0,0,0,0,0,0,0,0,0,0]
["108361IDU",null,{"$f":"IFERROR(((VLOOKUP(A104,#REF!,6,FALSE))/1000),\"\")","v":""},"1080000","AC PR DPR EL PL SR","3610000","STRUCTURES & IMPROVEMENTS","IDU",-455.87023230769199,0,0,0,0,0,0,0,0,-455.87023230769199,0,0,0,0]
["108361OR",null,{"$f":"IFERROR(((VLOOKUP(A105,#REF!,6,FALSE))/1000),\"\")","v":""},"1080000","AC PR DPR EL PL SR","3610000","STRUCTURES & IMPROVEMENTS","OR",-4036.8856784615314,0,-4036.8856784615314,0,0,0,0,0,0,0,0,0,0,0]
["108361UT",null,{"$f":"IFERROR(((VLOOKUP(A106,#REF!,6,FALSE))/1000),\"\")","v":""},"1080000","AC PR DPR EL PL SR","3610000","STRUCTURES & IMPROVEMENTS","UT",-7835.4196661538426,0,0,0,0,0,0,0,-7835.4196661538426,0,0,0,0,0]
["108361WA",null,{"$f":"IFERROR(((VLOOKUP(A107,#REF!,6,FALSE))/1000),\"\")","v":""},"1080000","AC PR DPR EL PL SR","3610000","STRUCTURES & IMPROVEMENTS","WA",-658.79563076923,0,0,-658.79563076923,0,0,0,0,0,0,0,0,0,0]
["108361WYP",null,{"$f":"IFERROR(((VLOOKUP(A108,#REF!,6,FALSE))/1000),\"\")","v":""},"1080000","AC PR DPR EL PL SR","3610000","STRUCTURES & IMPROVEMENTS","WYP",-2389.2186199999933,0,0,0,0,0,-2389.2186199999933,-2389.2186199999933,0,0,0,0,0,0]
["108361WYU",null,{"$f":"IFERROR(((VLOOKUP(A109,#REF!,6,FALSE))/1000),\"\")","v":""},"1080000","AC PR DPR EL PL SR","3610000","STRUCTURES & IMPROVEMENTS","WYU",-166.45687076922999,0,0,0,0,0,-166.45687076922999,0,0,0,-166.45687076922999,0,0,0]
["108362CA",null,{"$f":"IFERROR(((VLOOKUP(A110,#REF!,6,FALSE))/1000),\"\")","v":""},"1080000","AC PR DPR EL PL SR","3620000","STATION EQUIPMENT","CA",-4507.9454146153766,-4507.9454146153766,0,0,0,0,0,0,0,0,0,0,0,0]
["108362IDU",null,{"$f":"IFERROR(((VLOOKUP(A111,#REF!,6,FALSE))/1000),\"\")","v":""},"1080000","AC PR DPR EL PL SR","3620000","STATION EQUIPMENT","IDU",-8542.5395523076895,0,0,0,0,0,0,0,0,-8542.5395523076895,0,0,0,0]
["108362OR",null,{"$f":"IFERROR(((VLOOKUP(A112,#REF!,6,FALSE))/1000),\"\")","v":""},"1080000","AC PR DPR EL PL SR","3620000","STATION EQUIPMENT","OR",-59983.336913076826,0,-59983.336913076826,0,0,0,0,0,0,0,0,0,0,0]
["108362UT",null,{"$f":"IFERROR(((VLOOKUP(A113,#REF!,6,FALSE))/1000),\"\")","v":""},"1080000","AC PR DPR EL PL SR","3620000","STATION EQUIPMENT","UT",-84943.697838461507,0,0,0,0,0,0,0,-84943.697838461507,0,0,0,0,0]
["108362WA",null,{"$f":"IFERROR(((VLOOKUP(A114,#REF!,6,FALSE))/1000),\"\")","v":""},"1080000","AC PR DPR EL PL SR","3620000","STATION EQUIPMENT","WA",-15269.021643076869,0,0,-15269.021643076869,0,0,0,0,0,0,0,0,0,0]
["108362WYP",null,{"$f":"IFERROR(((VLOOKUP(A115,#REF!,6,FALSE))/1000),\"\")","v":""},"1080000","AC PR DPR EL PL SR","3620000","STATION EQUIPMENT","WYP",-39696.506048461481,0,0,0,0,0,-39696.506048461481,-39696.506048461481,0,0,0,0,0,0]
["108362WYU",null,{"$f":"IFERROR(((VLOOKUP(A116,#REF!,6,FALSE))/1000),\"\")","v":""},"1080000","AC PR DPR EL PL SR","3620000","STATION EQUIPMENT","WYU",-2656.2568538461501,0,0,0,0,0,-2656.2568538461501,0,0,0,-2656.2568538461501,0,0,0]
["108362CA",null,{"$f":"IFERROR(((VLOOKUP(A117,#REF!,6,FALSE))/1000),\"\")","v":""},"1080000","AC PR DPR EL PL SR","3627000","STATION EQUIPMENT-SUPERVISORY & ALARM","CA",-165.398131538461,-165.398131538461,0,0,0,0,0,0,0,0,0,0,0,0]
["108362IDU",null,{"$f":"IFERROR(((VLOOKUP(A118,#REF!,6,FALSE))/1000),\"\")","v":""},"1080000","AC PR DPR EL PL SR","3627000","STATION EQUIPMENT-SUPERVISORY & ALARM","IDU",-253.63050692307601,0,0,0,0,0,0,0,0,-253.63050692307601,0,0,0,0]
["108362OR",null,{"$f":"IFERROR(((VLOOKUP(A119,#REF!,6,FALSE))/1000),\"\")","v":""},"1080000","AC PR DPR EL PL SR","3627000","STATION EQUIPMENT-SUPERVISORY & ALARM","OR",-1997.54450461538,0,-1997.54450461538,0,0,0,0,0,0,0,0,0,0,0]
["108362UT",null,{"$f":"IFERROR(((VLOOKUP(A120,#REF!,6,FALSE))/1000),\"\")","v":""},"1080000","AC PR DPR EL PL SR","3627000","STATION EQUIPMENT-SUPERVISORY & ALARM","UT",-2486.2301946153798,0,0,0,0,0,0,0,-2486.2301946153798,0,0,0,0,0]
["108362WA",null,{"$f":"IFERROR(((VLOOKUP(A121,#REF!,6,FALSE))/1000),\"\")","v":""},"1080000","AC PR DPR EL PL SR","3627000","STATION EQUIPMENT-SUPERVISORY & ALARM","WA",-641.54516461538401,0,0,-641.54516461538401,0,0,0,0,0,0,0,0,0,0]
["108362WYP",null,{"$f":"IFERROR(((VLOOKUP(A122,#REF!,6,FALSE))/1000),\"\")","v":""},"1080000","AC PR DPR EL PL SR","3627000","STATION EQUIPMENT-SUPERVISORY & ALARM","WYP",-1652.7019715384599,0,0,0,0,0,-1652.7019715384599,-1652.7019715384599,0,0,0,0,0,0]
["108362WYU",null,{"$f":"IFERROR(((VLOOKUP(A123,#REF!,6,FALSE))/1000),\"\")","v":""},"1080000","AC PR DPR EL PL SR","3627000","STATION EQUIPMENT-SUPERVISORY & ALARM","WYU",-21.955677692307599,0,0,0,0,0,-21.955677692307599,0,0,0,-21.955677692307599,0,0,0]
["108364CA",null,{"$f":"IFERROR(((VLOOKUP(A124,#REF!,6,FALSE))/1000),\"\")","v":""},"1080000","AC PR DPR EL PL SR","3640000","\"POLES, TOWERS AND FIXTURES\"","CA",-28618.304873846093,-28618.304873846093,0,0,0,0,0,0,0,0,0,0,0,0]
["108364IDU",null,{"$f":"IFERROR(((VLOOKUP(A125,#REF!,6,FALSE))/1000),\"\")","v":""},"1080000","AC PR DPR EL PL SR","3640000","\"POLES, TOWERS AND FIXTURES\"","IDU",-45247.526293846109,0,0,0,0,0,0,0,0,-45247.526293846109,0,0,0,0]
["108364OR",null,{"$f":"IFERROR(((VLOOKUP(A126,#REF!,6,FALSE))/1000),\"\")","v":""},"1080000","AC PR DPR EL PL SR","3640000","\"POLES, TOWERS AND FIXTURES\"","OR",-224933.41022769199,0,-224933.41022769199,0,0,0,0,0,0,0,0,0,0,0]
["108364UT",null,{"$f":"IFERROR(((VLOOKUP(A127,#REF!,6,FALSE))/1000),\"\")","v":""},"1080000","AC PR DPR EL PL SR","3640000","\"POLES, TOWERS AND FIXTURES\"","UT",-184861.67731769185,0,0,0,0,0,0,0,-184861.67731769185,0,0,0,0,0]
["108364WA",null,{"$f":"IFERROR(((VLOOKUP(A128,#REF!,6,FALSE))/1000),\"\")","v":""},"1080000","AC PR DPR EL PL SR","3640000","\"POLES, TOWERS AND FIXTURES\"","WA",-51560.148308461445,0,0,-51560.148308461445,0,0,0,0,0,0,0,0,0,0]
["108364WYP",null,{"$f":"IFERROR(((VLOOKUP(A129,#REF!,6,FALSE))/1000),\"\")","v":""},"1080000","AC PR DPR EL PL SR","3640000","\"POLES, TOWERS AND FIXTURES\"","WYP",-39627.138016153665,0,0,0,0,0,-39627.138016153665,-39627.138016153665,0,0,0,0,0,0]
["108364WYU",null,{"$f":"IFERROR(((VLOOKUP(A130,#REF!,6,FALSE))/1000),\"\")","v":""},"1080000","AC PR DPR EL PL SR","3640000","\"POLES, TOWERS AND FIXTURES\"","WYU",-8645.5920923076901,0,0,0,0,0,-8645.5920923076901,0,0,0,-8645.5920923076901,0,0,0]
["108365CA",null,{"$f":"IFERROR(((VLOOKUP(A131,#REF!,6,FALSE))/1000),\"\")","v":""},"1080000","AC PR DPR EL PL SR","3650000","OVERHEAD CONDUCTORS & DEVICES","CA",-13135.563002307685,-13135.563002307685,0,0,0,0,0,0,0,0,0,0,0,0]
["108365IDU",null,{"$f":"IFERROR(((VLOOKUP(A132,#REF!,6,FALSE))/1000),\"\")","v":""},"1080000","AC PR DPR EL PL SR","3650000","OVERHEAD CONDUCTORS & DEVICES","IDU",-16169.403924615301,0,0,0,0,0,0,0,0,-16169.403924615301,0,0,0,0]
["108365OR",null,{"$f":"IFERROR(((VLOOKUP(A133,#REF!,6,FALSE))/1000),\"\")","v":""},"1080000","AC PR DPR EL PL SR","3650000","OVERHEAD CONDUCTORS & DEVICES","OR",-135498.13912846139,0,-135498.13912846139,0,0,0,0,0,0,0,0,0,0,0]
["108365UT",null,{"$f":"IFERROR(((VLOOKUP(A134,#REF!,6,FALSE))/1000),\"\")","v":""},"1080000","AC PR DPR EL PL SR","3650000","OVERHEAD CONDUCTORS & DEVICES","UT",-78275.052018461472,0,0,0,0,0,0,0,-78275.052018461472,0,0,0,0,0]
["108365WA",null,{"$f":"IFERROR(((VLOOKUP(A135,#REF!,6,FALSE))/1000),\"\")","v":""},"1080000","AC PR DPR EL PL SR","3650000","OVERHEAD CONDUCTORS & DEVICES","WA",-29975.943301538398,0,0,-29975.943301538398,0,0,0,0,0,0,0,0,0,0]
["108365WYP",null,{"$f":"IFERROR(((VLOOKUP(A136,#REF!,6,FALSE))/1000),\"\")","v":""},"1080000","AC PR DPR EL PL SR","3650000","OVERHEAD CONDUCTORS & DEVICES","WYP",-36685.990914615359,0,0,0,0,0,-36685.990914615359,-36685.990914615359,0,0,0,0,0,0]
["108365WYU",null,{"$f":"IFERROR(((VLOOKUP(A137,#REF!,6,FALSE))/1000),\"\")","v":""},"1080000","AC PR DPR EL PL SR","3650000","OVERHEAD CONDUCTORS & DEVICES","WYU",-4728.4533000000001,0,0,0,0,0,-4728.4533000000001,0,0,0,-4728.4533000000001,0,0,0]
["108366CA",null,{"$f":"IFERROR(((VLOOKUP(A138,#REF!,6,FALSE))/1000),\"\")","v":""},"1080000","AC PR DPR EL PL SR","3660000","UNDERGROUND CONDUIT","CA",-8420.2392346153829,-8420.2392346153829,0,0,0,0,0,0,0,0,0,0,0,0]
["108366IDU",null,{"$f":"IFERROR(((VLOOKUP(A139,#REF!,6,FALSE))/1000),\"\")","v":""},"1080000","AC PR DPR EL PL SR","3660000","UNDERGROUND CONDUIT","IDU",-3133.7953769230717,0,0,0,0,0,0,0,0,-3133.7953769230717,0,0,0,0]
["108366OR",null,{"$f":"IFERROR(((VLOOKUP(A140,#REF!,6,FALSE))/1000),\"\")","v":""},"1080000","AC PR DPR EL PL SR","3660000","UNDERGROUND CONDUIT","OR",-38954.539375384556,0,-38954.539375384556,0,0,0,0,0,0,0,0,0,0,0]
["108366UT",null,{"$f":"IFERROR(((VLOOKUP(A141,#REF!,6,FALSE))/1000),\"\")","v":""},"1080000","AC PR DPR EL PL SR","3660000","UNDERGROUND CONDUIT","UT",-60294.267572307625,0,0,0,0,0,0,0,-60294.267572307625,0,0,0,0,0]
["108366WA",null,{"$f":"IFERROR(((VLOOKUP(A142,#REF!,6,FALSE))/1000),\"\")","v":""},"1080000","AC PR DPR EL PL SR","3660000","UNDERGROUND CONDUIT","WA",-11293.082496153793,0,0,-11293.082496153793,0,0,0,0,0,0,0,0,0,0]
["108366WYP",null,{"$f":"IFERROR(((VLOOKUP(A143,#REF!,6,FALSE))/1000),\"\")","v":""},"1080000","AC PR DPR EL PL SR","3660000","UNDERGROUND CONDUIT","WYP",-7739.9057069230748,0,0,0,0,0,-7739.9057069230748,-7739.9057069230748,0,0,0,0,0,0]
["108366WYU",null,{"$f":"IFERROR(((VLOOKUP(A144,#REF!,6,FALSE))/1000),\"\")","v":""},"1080000","AC PR DPR EL PL SR","3660000","UNDERGROUND CONDUIT","WYU",-2608.2174915384599,0,0,0,0,0,-2608.2174915384599,0,0,0,-2608.2174915384599,0,0,0]
["108367CA",null,{"$f":"IFERROR(((VLOOKUP(A145,#REF!,6,FALSE))/1000),\"\")","v":""},"1080000","AC PR DPR EL PL SR","3670000","UNDERGROUND CONDUCTORS & DEVICES","CA",-14905.545992307647,-14905.545992307647,0,0,0,0,0,0,0,0,0,0,0,0]
["108367IDU",null,{"$f":"IFERROR(((VLOOKUP(A146,#REF!,6,FALSE))/1000),\"\")","v":""},"1080000","AC PR DPR EL PL SR","3670000","UNDERGROUND CONDUCTORS & DEVICES","IDU",-10093.767507692301,0,0,0,0,0,0,0,0,-10093.767507692301,0,0,0,0]
["108367OR",null,{"$f":"IFERROR(((VLOOKUP(A147,#REF!,6,FALSE))/1000),\"\")","v":""},"1080000","AC PR DPR EL PL SR","3670000","UNDERGROUND CONDUCTORS & DEVICES","OR",-64360.421569999991,0,-64360.421569999991,0,0,0,0,0,0,0,0,0,0,0]
["108367UT",null,{"$f":"IFERROR(((VLOOKUP(A148,#REF!,6,FALSE))/1000),\"\")","v":""},"1080000","AC PR DPR EL PL SR","3670000","UNDERGROUND CONDUCTORS & DEVICES","UT",-172023.99041999999,0,0,0,0,0,0,0,-172023.99041999999,0,0,0,0,0]
["108367WA",null,{"$f":"IFERROR(((VLOOKUP(A149,#REF!,6,FALSE))/1000),\"\")","v":""},"1080000","AC PR DPR EL PL SR","3670000","UNDERGROUND CONDUCTORS & DEVICES","WA",-9837.5548484615301,0,0,-9837.5548484615301,0,0,0,0,0,0,0,0,0,0]
["108367WYP",null,{"$f":"IFERROR(((VLOOKUP(A150,#REF!,6,FALSE))/1000),\"\")","v":""},"1080000","AC PR DPR EL PL SR","3670000","UNDERGROUND CONDUCTORS & DEVICES","WYP",-18684.237276153799,0,0,0,0,0,-18684.237276153799,-18684.237276153799,0,0,0,0,0,0]
["108367WYU",null,{"$f":"IFERROR(((VLOOKUP(A151,#REF!,6,FALSE))/1000),\"\")","v":""},"1080000","AC PR DPR EL PL SR","3670000","UNDERGROUND CONDUCTORS & DEVICES","WYU",-13066.4622430769,0,0,0,0,0,-13066.4622430769,0,0,0,-13066.4622430769,0,0,0]
["108368CA",null,{"$f":"IFERROR(((VLOOKUP(A152,#REF!,6,FALSE))/1000),\"\")","v":""},"1080000","AC PR DPR EL PL SR","3680000","LINE TRANSFORMERS","CA",-23493.558493076853,-23493.558493076853,0,0,0,0,0,0,0,0,0,0,0,0]
["108368IDU",null,{"$f":"IFERROR(((VLOOKUP(A153,#REF!,6,FALSE))/1000),\"\")","v":""},"1080000","AC PR DPR EL PL SR","3680000","LINE TRANSFORMERS","IDU",-21871.992027692278,0,0,0,0,0,0,0,0,-21871.992027692278,0,0,0,0]
["108368OR",null,{"$f":"IFERROR(((VLOOKUP(A154,#REF!,6,FALSE))/1000),\"\")","v":""},"1080000","AC PR DPR EL PL SR","3680000","LINE TRANSFORMERS","OR",-179666.69902230697,0,-179666.69902230697,0,0,0,0,0,0,0,0,0,0,0]
["108368UT",null,{"$f":"IFERROR(((VLOOKUP(A155,#REF!,6,FALSE))/1000),\"\")","v":""},"1080000","AC PR DPR EL PL SR","3680000","LINE TRANSFORMERS","UT",-92892.223305384599,0,0,0,0,0,0,0,-92892.223305384599,0,0,0,0,0]
["108368WA",null,{"$f":"IFERROR(((VLOOKUP(A156,#REF!,6,FALSE))/1000),\"\")","v":""},"1080000","AC PR DPR EL PL SR","3680000","LINE TRANSFORMERS","WA",-45619.693585384543,0,0,-45619.693585384543,0,0,0,0,0,0,0,0,0,0]
["108368WYP",null,{"$f":"IFERROR(((VLOOKUP(A157,#REF!,6,FALSE))/1000),\"\")","v":""},"1080000","AC PR DPR EL PL SR","3680000","LINE TRANSFORMERS","WYP",-29524.029739230678,0,0,0,0,0,-29524.029739230678,-29524.029739230678,0,0,0,0,0,0]
["108368WYU",null,{"$f":"IFERROR(((VLOOKUP(A158,#REF!,6,FALSE))/1000),\"\")","v":""},"1080000","AC PR DPR EL PL SR","3680000","LINE TRANSFORMERS","WYU",-4625.6950915384532,0,0,0,0,0,-4625.6950915384532,0,0,0,-4625.6950915384532,0,0,0]
["108369CA",null,{"$f":"IFERROR(((VLOOKUP(A159,#REF!,6,FALSE))/1000),\"\")","v":""},"1080000","AC PR DPR EL PL SR","3691000","SERVICES - OVERHEAD","CA",-3677.15088846153,-3677.15088846153,0,0,0,0,0,0,0,0,0,0,0,0]
["108369IDU",null,{"$f":"IFERROR(((VLOOKUP(A160,#REF!,6,FALSE))/1000),\"\")","v":""},"1080000","AC PR DPR EL PL SR","3691000","SERVICES - OVERHEAD","IDU",-3327.1020084615302,0,0,0,0,0,0,0,0,-3327.1020084615302,0,0,0,0]
["108369OR",null,{"$f":"IFERROR(((VLOOKUP(A161,#REF!,6,FALSE))/1000),\"\")","v":""},"1080000","AC PR DPR EL PL SR","3691000","SERVICES - OVERHEAD","OR",-24603.292197692215,0,-24603.292197692215,0,0,0,0,0,0,0,0,0,0,0]
["108369UT",null,{"$f":"IFERROR(((VLOOKUP(A162,#REF!,6,FALSE))/1000),\"\")","v":""},"1080000","AC PR DPR EL PL SR","3691000","SERVICES - OVERHEAD","UT",-25487.7615238461,0,0,0,0,0,0,0,-25487.7615238461,0,0,0,0,0]
["108369WA",null,{"$f":"IFERROR(((VLOOKUP(A163,#REF!,6,FALSE))/1000),\"\")","v":""},"1080000","AC PR DPR EL PL SR","3691000","SERVICES - OVERHEAD","WA",-7203.9505730769197,0,0,-7203.9505730769197,0,0,0,0,0,0,0,0,0,0]
["108369WYP",null,{"$f":"IFERROR(((VLOOKUP(A164,#REF!,6,FALSE))/1000),\"\")","v":""},"1080000","AC PR DPR EL PL SR","3691000","SERVICES - OVERHEAD","WYP",-4232.4374599999956,0,0,0,0,0,-4232.4374599999956,-4232.4374599999956,0,0,0,0,0,0]
["108369WYU",null,{"$f":"IFERROR(((VLOOKUP(A165,#REF!,6,FALSE))/1000),\"\")","v":""},"1080000","AC PR DPR EL PL SR","3691000","SERVICES - OVERHEAD","WYU",-601.34271615384603,0,0,0,0,0,-601.34271615384603,0,0,0,-601.34271615384603,0,0,0]
[{"$f":"(IF(LEN(D166)=7,LEFT(D166,3),\"\"))&IF(LEN(F166)=7,LEFT(F166,3),\"\")&H166","v":"108369CA"},null,{"$f":"IFERROR(((VLOOKUP(A166,#REF!,6,FALSE))/1000),\"\")","v":""},"1080000","AC PR DPR EL PL SR","3692000","SERVICES - UNDERGROUND","CA",-6177.1654846153797,-6177.1654846153797,0,0,0,0,0,0,0,0,0,0,0,0]
["108369IDU",null,{"$f":"IFERROR(((VLOOKUP(A167,#REF!,6,FALSE))/1000),\"\")","v":""},"1080000","AC PR DPR EL PL SR","3692000","SERVICES - UNDERGROUND","IDU",-7251.7535676922998,0,0,0,0,0,0,0,0,-7251.7535676922998,0,0,0,0]
["108369OR",null,{"$f":"IFERROR(((VLOOKUP(A168,#REF!,6,FALSE))/1000),\"\")","v":""},"1080000","AC PR DPR EL PL SR","3692000","SERVICES - UNDERGROUND","OR",-49857.182023076901,0,-49857.182023076901,0,0,0,0,0,0,0,0,0,0,0]
["108369UT",null,{"$f":"IFERROR(((VLOOKUP(A169,#REF!,6,FALSE))/1000),\"\")","v":""},"1080000","AC PR DPR EL PL SR","3692000","SERVICES - UNDERGROUND","UT",-35152.676700769203,0,0,0,0,0,0,0,-35152.676700769203,0,0,0,0,0]
["108369WA",null,{"$f":"IFERROR(((VLOOKUP(A170,#REF!,6,FALSE))/1000),\"\")","v":""},"1080000","AC PR DPR EL PL SR","3692000","SERVICES - UNDERGROUND","WA",-11843.854524615301,0,0,-11843.854524615301,0,0,0,0,0,0,0,0,0,0]
["108369WYP",null,{"$f":"IFERROR(((VLOOKUP(A171,#REF!,6,FALSE))/1000),\"\")","v":""},"1080000","AC PR DPR EL PL SR","3692000","SERVICES - UNDERGROUND","WYP",-10452.953164615323,0,0,0,0,0,-10452.953164615323,-10452.953164615323,0,0,0,0,0,0]
["108369WYU",null,{"$f":"IFERROR(((VLOOKUP(A172,#REF!,6,FALSE))/1000),\"\")","v":""},"1080000","AC PR DPR EL PL SR","3692000","SERVICES - UNDERGROUND","WYU",-2433.5749592307602,0,0,0,0,0,-2433.5749592307602,0,0,0,-2433.5749592307602,0,0,0]
["108370CA",null,{"$f":"IFERROR(((VLOOKUP(A173,#REF!,6,FALSE))/1000),\"\")","v":""},"1080000","AC PR DPR EL PL SR","3700000","METERS","CA",-1830.0557146153801,-1830.0557146153801,0,0,0,0,0,0,0,0,0,0,0,0]
["108370IDU",null,{"$f":"IFERROR(((VLOOKUP(A174,#REF!,6,FALSE))/1000),\"\")","v":""},"1080000","AC PR DPR EL PL SR","3700000","METERS","IDU",-6728.6458161538385,0,0,0,0,0,0,0,0,-6728.6458161538385,0,0,0,0]
["108370OR",null,{"$f":"IFERROR(((VLOOKUP(A175,#REF!,6,FALSE))/1000),\"\")","v":""},"1080000","AC PR DPR EL PL SR","3700000","METERS","OR",-33733.723071538407,0,-33733.723071538407,0,0,0,0,0,0,0,0,0,0,0]
["108370UT",null,{"$f":"IFERROR(((VLOOKUP(A176,#REF!,6,FALSE))/1000),\"\")","v":""},"1080000","AC PR DPR EL PL SR","3700000","METERS","UT",-24981.268860769218,0,0,0,0,0,0,0,-24981.268860769218,0,0,0,0,0]
["108370WA",null,{"$f":"IFERROR(((VLOOKUP(A177,#REF!,6,FALSE))/1000),\"\")","v":""},"1080000","AC PR DPR EL PL SR","3700000","METERS","WA",-2080.70789384615,0,0,-2080.70789384615,0,0,0,0,0,0,0,0,0,0]
["108370WYP",null,{"$f":"IFERROR(((VLOOKUP(A178,#REF!,6,FALSE))/1000),\"\")","v":""},"1080000","AC PR DPR EL PL SR","3700000","METERS","WYP",-1759.8544984615339,0,0,0,0,0,-1759.8544984615339,-1759.8544984615339,0,0,0,0,0,0]
["108370WYU",null,{"$f":"IFERROR(((VLOOKUP(A179,#REF!,6,FALSE))/1000),\"\")","v":""},"1080000","AC PR DPR EL PL SR","3700000","METERS","WYU",-668.50345923076918,0,0,0,0,0,-668.50345923076918,0,0,0,-668.50345923076918,0,0,0]
["108371CA",null,{"$f":"IFERROR(((VLOOKUP(A180,#REF!,6,FALSE))/1000),\"\")","v":""},"1080000","AC PR DPR EL PL SR","3710000","INSTALL ON CUSTOMERS PREMISES","CA",-221.30819846153801,-221.30819846153801,0,0,0,0,0,0,0,0,0,0,0,0]
["108371IDU",null,{"$f":"IFERROR(((VLOOKUP(A181,#REF!,6,FALSE))/1000),\"\")","v":""},"1080000","AC PR DPR EL PL SR","3710000","INSTALL ON CUSTOMERS PREMISES","IDU",-118.064926153846,0,0,0,0,0,0,0,0,-118.064926153846,0,0,0,0]
["108371OR",null,{"$f":"IFERROR(((VLOOKUP(A182,#REF!,6,FALSE))/1000),\"\")","v":""},"1080000","AC PR DPR EL PL SR","3710000","INSTALL ON CUSTOMERS PREMISES","OR",-2561.6526284615297,0,-2561.6526284615297,0,0,0,0,0,0,0,0,0,0,0]
["108371UT",null,{"$f":"IFERROR(((VLOOKUP(A183,#REF!,6,FALSE))/1000),\"\")","v":""},"1080000","AC PR DPR EL PL SR","3710000","INSTALL ON CUSTOMERS PREMISES","UT",-3384.6484361538401,0,0,0,0,0,0,0,-3384.6484361538401,0,0,0,0,0]
["108371WA",null,{"$f":"IFERROR(((VLOOKUP(A184,#REF!,6,FALSE))/1000),\"\")","v":""},"1080000","AC PR DPR EL PL SR","3710000","INSTALL ON CUSTOMERS PREMISES","WA",-285.71043615384599,0,0,-285.71043615384599,0,0,0,0,0,0,0,0,0,0]
["108371WYP",null,{"$f":"IFERROR(((VLOOKUP(A185,#REF!,6,FALSE))/1000),\"\")","v":""},"1080000","AC PR DPR EL PL SR","3710000","INSTALL ON CUSTOMERS PREMISES","WYP",-933.53413999999941,0,0,0,0,0,-933.53413999999941,-933.53413999999941,0,0,0,0,0,0]
["108371WYU",null,{"$f":"IFERROR(((VLOOKUP(A186,#REF!,6,FALSE))/1000),\"\")","v":""},"1080000","AC PR DPR EL PL SR","3710000","INSTALL ON CUSTOMERS PREMISES","WYU",-150.30763461538399,0,0,0,0,0,-150.30763461538399,0,0,0,-150.30763461538399,0,0,0]
["108373CA",null,{"$f":"IFERROR(((VLOOKUP(A187,#REF!,6,FALSE))/1000),\"\")","v":""},"1080000","AC PR DPR EL PL SR","3730000","STREET LIGHTING & SIGNAL SYSTEMS","CA",-587.83924538461474,-587.83924538461474,0,0,0,0,0,0,0,0,0,0,0,0]
["108373IDU",null,{"$f":"IFERROR(((VLOOKUP(A188,#REF!,6,FALSE))/1000),\"\")","v":""},"1080000","AC PR DPR EL PL SR","3730000","STREET LIGHTING & SIGNAL SYSTEMS","IDU",-426.58334461538402,0,0,0,0,0,0,0,0,-426.58334461538402,0,0,0,0]
["108373OR",null,{"$f":"IFERROR(((VLOOKUP(A189,#REF!,6,FALSE))/1000),\"\")","v":""},"1080000","AC PR DPR EL PL SR","3730000","STREET LIGHTING & SIGNAL SYSTEMS","OR",-9206.8584384615333,0,-9206.8584384615333,0,0,0,0,0,0,0,0,0,0,0]
["108373UT",null,{"$f":"IFERROR(((VLOOKUP(A190,#REF!,6,FALSE))/1000),\"\")","v":""},"1080000","AC PR DPR EL PL SR","3730000","STREET LIGHTING & SIGNAL SYSTEMS","UT",-11508.244023076924,0,0,0,0,0,0,0,-11508.244023076924,0,0,0,0,0]
["108373WA",null,{"$f":"IFERROR(((VLOOKUP(A191,#REF!,6,FALSE))/1000),\"\")","v":""},"1080000","AC PR DPR EL PL SR","3730000","STREET LIGHTING & SIGNAL SYSTEMS","WA",-2252.3783238461501,0,0,-2252.3783238461501,0,0,0,0,0,0,0,0,0,0]
["108373WYP",null,{"$f":"IFERROR(((VLOOKUP(A192,#REF!,6,FALSE))/1000),\"\")","v":""},"1080000","AC PR DPR EL PL SR","3730000","STREET LIGHTING & SIGNAL SYSTEMS","WYP",-2707.1884346153802,0,0,0,0,0,-2707.1884346153802,-2707.1884346153802,0,0,0,0,0,0]
["108373WYU",null,{"$f":"IFERROR(((VLOOKUP(A193,#REF!,6,FALSE))/1000),\"\")","v":""},"1080000","AC PR DPR EL PL SR","3730000","STREET LIGHTING & SIGNAL SYSTEMS","WYU",-890.31109692307609,0,0,0,0,0,-890.31109692307609,0,0,0,-890.31109692307609,0,0,0]
["108389IDU",null,{"$f":"IFERROR(((VLOOKUP(A194,#REF!,6,FALSE))/1000),\"\")","v":""},"1080000","AC PR DPR EL PL SR","3892000","LAND RIGHTS","IDU",-2.9229684615384599,0,0,0,0,0,0,0,0,-2.9229684615384599,0,0,0,0]
["108389SG",null,{"$f":"IFERROR(((VLOOKUP(A195,#REF!,6,FALSE))/1000),\"\")","v":""},"1080000","AC PR DPR EL PL SR","3892000","LAND RIGHTS","SG",-0.47624461538461998,-7.4792235348359144E-3,-0.12392828842615733,-3.7419750617516984E-2,0,0,-7.6040063806858182E-2,-5.9949578055073588E-2,-0.20301506510375708,-2.6551172726622312E-2,-1.6090485751784601E-2,-1.8110511688722193E-3,0,0]
["108389UT",null,{"$f":"IFERROR(((VLOOKUP(A196,#REF!,6,FALSE))/1000),\"\")","v":""},"1080000","AC PR DPR EL PL SR","3892000","LAND RIGHTS","UT",-20.428216923076899,0,0,0,0,0,0,0,-20.428216923076899,0,0,0,0,0]
["108389WYP",null,{"$f":"IFERROR(((VLOOKUP(A197,#REF!,6,FALSE))/1000),\"\")","v":""},"1080000","AC PR DPR EL PL SR","3892000","LAND RIGHTS","WYP",-5.04122,0,0,0,0,0,-5.04122,-5.04122,0,0,0,0,0,0]
["108389WYU",null,{"$f":"IFERROR(((VLOOKUP(A198,#REF!,6,FALSE))/1000),\"\")","v":""},"1080000","AC PR DPR EL PL SR","3892000","LAND RIGHTS","WYU",-2.3009630769230802,0,0,0,0,0,-2.3009630769230802,0,0,0,-2.3009630769230802,0,0,0]
["108390CA",null,{"$f":"IFERROR(((VLOOKUP(A199,#REF!,6,FALSE))/1000),\"\")","v":""},"1080000","AC PR DPR EL PL SR","3900000","STRUCTURES AND IMPROVEMENTS","CA",-618.51759384615298,-618.51759384615298,0,0,0,0,0,0,0,0,0,0,0,0]
["108390CN",null,{"$f":"IFERROR(((VLOOKUP(A200,#REF!,6,FALSE))/1000),\"\")","v":""},"1080000","AC PR DPR EL PL SR","3900000","STRUCTURES AND IMPROVEMENTS","CN",-1872.13029769231,-48.285788468368132,-597.52177880224269,-135.28714508376513,0,0,-148.88634386363702,-131.93254063492893,-863.59380995624247,-78.555431518054604,-16.9538032287081,0,0,0]
["108390IDU",null,{"$f":"IFERROR(((VLOOKUP(A201,#REF!,6,FALSE))/1000),\"\")","v":""},"1080000","AC PR DPR EL PL SR","3900000","STRUCTURES AND IMPROVEMENTS","IDU",-4075.9430069230698,0,0,0,0,0,0,0,0,-4075.9430069230698,0,0,0,0]
["108390OR",null,{"$f":"IFERROR(((VLOOKUP(A202,#REF!,6,FALSE))/1000),\"\")","v":""},"1080000","AC PR DPR EL PL SR","3900000","STRUCTURES AND IMPROVEMENTS","OR",-6033.8842415384597,0,-6033.8842415384597,0,0,0,0,0,0,0,0,0,0,0]
["108390SE",null,{"$f":"IFERROR(((VLOOKUP(A203,#REF!,6,FALSE))/1000),\"\")","v":""},"1080000","AC PR DPR EL PL SR","3900000","STRUCTURES AND IMPROVEMENTS","SE",-0.80937538461537994,-1.2095923065798809E-2,-0.20054559490788812,-6.0463848648507935E-2,0,0,-0.14260468934029544,-0.11122364821174351,-0.33970879180936014,-5.0795171768152222E-2,-3.1381041128551938E-2,-3.1613650753772159E-3,0,0]
["108390SG",null,{"$f":"IFERROR(((VLOOKUP(A204,#REF!,6,FALSE))/1000),\"\")","v":""},"1080000","AC PR DPR EL PL SR","3900000","STRUCTURES AND IMPROVEMENTS","SG",-2216.7942246153698,-34.813830962144337,-576.85379566486824,-174.17915998581165,0,0,-353.94662499289888,-279.04961884616245,-944.98207285443641,-123.58877025750044,-74.897006146736416,-8.4299698977100572,0,0]
["108390SO",null,{"$f":"IFERROR(((VLOOKUP(A205,#REF!,6,FALSE))/1000),\"\")","v":""},"1080000","AC PR DPR EL PL SR","3900000","STRUCTURES AND IMPROVEMENTS","SO",-20547.649459230699,-450.24518035200327,-5600.9585727186241,-1576.1596645036677,0,0,-3006.0135055466044,-2403.8287739690809,-8726.6452939014507,-1130.8490181663394,-602.18473157752373,-56.778224042010983,0,0]
["108390UT",null,{"$f":"IFERROR(((VLOOKUP(A206,#REF!,6,FALSE))/1000),\"\")","v":""},"1080000","AC PR DPR EL PL SR","3900000","STRUCTURES AND IMPROVEMENTS","UT",-11879.792439999999,0,0,0,0,0,0,0,-11879.792439999999,0,0,0,0,0]
["108390WA",null,{"$f":"IFERROR(((VLOOKUP(A207,#REF!,6,FALSE))/1000),\"\")","v":""},"1080000","AC PR DPR EL PL SR","3900000","STRUCTURES AND IMPROVEMENTS","WA",-5728.7003638461501,0,0,-5728.7003638461501,0,0,0,0,0,0,0,0,0,0]
["108390WYP",null,{"$f":"IFERROR(((VLOOKUP(A208,#REF!,6,FALSE))/1000),\"\")","v":""},"1080000","AC PR DPR EL PL SR","3900000","STRUCTURES AND IMPROVEMENTS","WYP",-1229.00093615384,0,0,0,0,0,-1229.00093615384,-1229.00093615384,0,0,0,0,0,0]
["108390WYU",null,{"$f":"IFERROR(((VLOOKUP(A209,#REF!,6,FALSE))/1000),\"\")","v":""},"1080000","AC PR DPR EL PL SR","3900000","STRUCTURES AND IMPROVEMENTS","WYU",-1441.2284576923,0,0,0,0,0,-1441.2284576923,0,0,0,-1441.2284576923,0,0,0]
["108390CA",null,{"$f":"IFERROR(((VLOOKUP(A210,#REF!,6,FALSE))/1000),\"\")","v":""},"1080000","AC PR DPR EL PL SR","3903000","STRUCTURES & IMPROVEMENTS - PANELS","CA",-17.1568592307692,-17.1568592307692,0,0,0,0,0,0,0,0,0,0,0,0]
["108390CN",null,{"$f":"IFERROR(((VLOOKUP(A211,#REF!,6,FALSE))/1000),\"\")","v":""},"1080000","AC PR DPR EL PL SR","3903000","STRUCTURES & IMPROVEMENTS - PANELS","CN",-331.63166538461502,-8.5534091638347931,-105.84580723469119,-23.964945861173621,0,0,-26.373926125434352,-23.370706741468378,-152.97816277246278,-13.915414227018273,-3.0032193839659715,0,0,0]
["108390IDU",null,{"$f":"IFERROR(((VLOOKUP(A212,#REF!,6,FALSE))/1000),\"\")","v":""},"1080000","AC PR DPR EL PL SR","3903000","STRUCTURES & IMPROVEMENTS - PANELS","IDU",-5.5411230769230801,0,0,0,0,0,0,0,0,-5.5411230769230801,0,0,0,0]
["108390OR",null,{"$f":"IFERROR(((VLOOKUP(A213,#REF!,6,FALSE))/1000),\"\")","v":""},"1080000","AC PR DPR EL PL SR","3903000","STRUCTURES & IMPROVEMENTS - PANELS","OR",-85.345713846153799,0,-85.345713846153799,0,0,0,0,0,0,0,0,0,0,0]
["108390SG",null,{"$f":"IFERROR(((VLOOKUP(A214,#REF!,6,FALSE))/1000),\"\")","v":""},"1080000","AC PR DPR EL PL SR","3903000","STRUCTURES & IMPROVEMENTS - PANELS","SG",-12.401479230769199,-0.19476007147007673,-3.2271107018827996,-0.97441576264105367,0,0,-1.9800943497188577,-1.5610957544222175,-5.2865418990284869,-0.69139640950238845,-0.41899859529664024,-4.7160036525537234E-2,0,0]
["108390SO",null,{"$f":"IFERROR(((VLOOKUP(A215,#REF!,6,FALSE))/1000),\"\")","v":""},"1080000","AC PR DPR EL PL SR","3903000","STRUCTURES & IMPROVEMENTS - PANELS","SO",-3407.5479815384501,-74.667034716063611,-928.84274267069304,-261.38462669505157,0,0,-498.50642398909969,-398.64228280488999,-1447.1953405588822,-187.53591727964584,-99.864141184209686,-9.4158956290144964,0,0]
["108390UT",null,{"$f":"IFERROR(((VLOOKUP(A216,#REF!,6,FALSE))/1000),\"\")","v":""},"1080000","AC PR DPR EL PL SR","3903000","STRUCTURES & IMPROVEMENTS - PANELS","UT",-33.305107692307601,0,0,0,0,0,0,0,-33.305107692307601,0,0,0,0,0]
["108390WA",null,{"$f":"IFERROR(((VLOOKUP(A217,#REF!,6,FALSE))/1000),\"\")","v":""},"1080000","AC PR DPR EL PL SR","3903000","STRUCTURES & IMPROVEMENTS - PANELS","WA",-4.4143715384615403,0,0,-4.4143715384615403,0,0,0,0,0,0,0,0,0,0]
["108390WYP",null,{"$f":"IFERROR(((VLOOKUP(A218,#REF!,6,FALSE))/1000),\"\")","v":""},"1080000","AC PR DPR EL PL SR","3903000","STRUCTURES & IMPROVEMENTS - PANELS","WYP",-69.847026153846102,0,0,0,0,0,-69.847026153846102,-69.847026153846102,0,0,0,0,0,0]
["108390WYU",null,{"$f":"IFERROR(((VLOOKUP(A219,#REF!,6,FALSE))/1000),\"\")","v":""},"1080000","AC PR DPR EL PL SR","3903000","STRUCTURES & IMPROVEMENTS - PANELS","WYU",-1.36900076923077,0,0,0,0,0,-1.36900076923077,0,0,0,-1.36900076923077,0,0,0]
["108391CA",null,{"$f":"IFERROR(((VLOOKUP(A220,#REF!,6,FALSE))/1000),\"\")","v":""},"1080000","AC PR DPR EL PL SR","3910000","OFFICE FURNITURE","CA",-58.6328015384615,-58.6328015384615,0,0,0,0,0,0,0,0,0,0,0,0]
["108391CN",null,{"$f":"IFERROR(((VLOOKUP(A221,#REF!,6,FALSE))/1000),\"\")","v":""},"1080000","AC PR DPR EL PL SR","3910000","OFFICE FURNITURE","CN",-1540.43226538461,-39.730667575807338,-491.65478945112278,-111.31740330023331,0,0,-122.50713972494484,-108.55715689165808,-710.58503282748586,-64.637232505015888,-13.949982833286747,0,0,0]
["108391IDU",null,{"$f":"IFERROR(((VLOOKUP(A222,#REF!,6,FALSE))/1000),\"\")","v":""},"1080000","AC PR DPR EL PL SR","3910000","OFFICE FURNITURE","IDU",-42.648596923076902,0,0,0,0,0,0,0,0,-42.648596923076902,0,0,0,0]
["108391OR",null,{"$f":"IFERROR(((VLOOKUP(A223,#REF!,6,FALSE))/1000),\"\")","v":""},"1080000","AC PR DPR EL PL SR","3910000","OFFICE FURNITURE","OR",-799.83182846153795,0,-799.83182846153795,0,0,0,0,0,0,0,0,0,0,0]
["108391SG",null,{"$f":"IFERROR(((VLOOKUP(A224,#REF!,6,FALSE))/1000),\"\")","v":""},"1080000","AC PR DPR EL PL SR","3910000","OFFICE FURNITURE","SG",-1299.03194076924,-20.400756145155228,-338.03385871444806,-102.06824328820299,0,0,-207.41120943375989,-163.52188395093035,-553.75545572130352,-72.42249113705644,-43.889325482829541,-4.9399263293139493,0,0]
["108391SO",null,{"$f":"IFERROR(((VLOOKUP(A225,#REF!,6,FALSE))/1000),\"\")","v":""},"1080000","AC PR DPR EL PL SR","3910000","OFFICE FURNITURE","SO",-10783.6344584612,-236.29366712885908,-2939.4452141604488,-827.18608295816,0,0,-1577.5892461728686,-1261.5560164507515,-4579.8402919419486,-593.4821140399248,-316.0332297221172,-29.797842058990593,0,0]
["108391UT",null,{"$f":"IFERROR(((VLOOKUP(A226,#REF!,6,FALSE))/1000),\"\")","v":""},"1080000","AC PR DPR EL PL SR","3910000","OFFICE FURNITURE","UT",-277.93506923076899,0,0,0,0,0,0,0,-277.93506923076899,0,0,0,0,0]
["108391WA",null,{"$f":"IFERROR(((VLOOKUP(A227,#REF!,6,FALSE))/1000),\"\")","v":""},"1080000","AC PR DPR EL PL SR","3910000","OFFICE FURNITURE","WA",-382.72645076922998,0,0,-382.72645076922998,0,0,0,0,0,0,0,0,0,0]
["108391WYP",null,{"$f":"IFERROR(((VLOOKUP(A228,#REF!,6,FALSE))/1000),\"\")","v":""},"1080000","AC PR DPR EL PL SR","3910000","OFFICE FURNITURE","WYP",-270.26634538461502,0,0,0,0,0,-270.26634538461502,-270.26634538461502,0,0,0,0,0,0]
["108391WYU",null,{"$f":"IFERROR(((VLOOKUP(A229,#REF!,6,FALSE))/1000),\"\")","v":""},"1080000","AC PR DPR EL PL SR","3910000","OFFICE FURNITURE","WYU",-16.023399999999999,0,0,0,0,0,-16.023399999999999,0,0,0,-16.023399999999999,0,0,0]
[{"$f":"(IF(LEN(D230)=7,LEFT(D230,3),\"\"))&IF(LEN(F230)=7,LEFT(F230,3),\"\")&H230","v":"108391CA"},null,{"$f":"IFERROR(((VLOOKUP(A230,#REF!,6,FALSE))/1000),\"\")","v":""},"1080000","AC PR DPR EL PL SR","3912000","COMPUTER EQUIPMENT - PERSONAL COMPUTERS","CA",-118.18264000000001,-118.18264000000001,0,0,0,0,0,0,0,0,0,0,0,0]
["108391CN",null,{"$f":"IFERROR(((VLOOKUP(A231,#REF!,6,FALSE))/1000),\"\")","v":""},"1080000","AC PR DPR EL PL SR","3912000","COMPUTER EQUIPMENT - PERSONAL COMPUTERS","CN",-4025.6705723076934,-103.8296735742114,-1284.8602707846749,-290.91002877661072,0,0,-320.15259506730945,-283.69657123679161,-1856.9990515368008,-168.91895256808635,-36.456023830517864,0,0,0]
["108391IDU",null,{"$f":"IFERROR(((VLOOKUP(A232,#REF!,6,FALSE))/1000),\"\")","v":""},"1080000","AC PR DPR EL PL SR","3912000","COMPUTER EQUIPMENT - PERSONAL COMPUTERS","IDU",-374.81588384615299,0,0,0,0,0,0,0,0,-374.81588384615299,0,0,0,0]
["108391OR",null,{"$f":"IFERROR(((VLOOKUP(A233,#REF!,6,FALSE))/1000),\"\")","v":""},"1080000","AC PR DPR EL PL SR","3912000","COMPUTER EQUIPMENT - PERSONAL COMPUTERS","OR",-1080.63082307692,0,-1080.63082307692,0,0,0,0,0,0,0,0,0,0,0]
["108391SE",null,{"$f":"IFERROR(((VLOOKUP(A234,#REF!,6,FALSE))/1000),\"\")","v":""},"1080000","AC PR DPR EL PL SR","3912000","COMPUTER EQUIPMENT - PERSONAL COMPUTERS","SE",-14.424171538461501,-0.21556582092007417,-3.5739955986044967,-1.0775481208834867,0,0,-2.5414097590957883,-1.9821568723665377,-6.0540732759129234,-0.9052391323435387,-0.55925288672925055,-5.6339830701191466E-2,0,0]
["108391SG",null,{"$f":"IFERROR(((VLOOKUP(A235,#REF!,6,FALSE))/1000),\"\")","v":""},"1080000","AC PR DPR EL PL SR","3912000","COMPUTER EQUIPMENT - PERSONAL COMPUTERS","SG",-853.20718692308503,-13.399263879073274,-222.02142120364036,-67.038658555647146,0,0,-136.22816266742521,-107.40155205384625,-363.70786567380765,-47.567259890791711,-28.826610613578971,-3.244555052699778,0,0]
["108391SO",null,{"$f":"IFERROR(((VLOOKUP(A236,#REF!,6,FALSE))/1000),\"\")","v":""},"1080000","AC PR DPR EL PL SR","3912000","COMPUTER EQUIPMENT - PERSONAL COMPUTERS","SO",-22107.7378776923,-484.43022388844355,-6026.2135693506661,-1695.8302109142137,0,0,-3234.2462708099652,-2586.3404251277589,-9389.2192920636608,-1216.7091774887201,-647.90584568220618,-61.089133176630597,0,0]
["108391UT",null,{"$f":"IFERROR(((VLOOKUP(A237,#REF!,6,FALSE))/1000),\"\")","v":""},"1080000","AC PR DPR EL PL SR","3912000","COMPUTER EQUIPMENT - PERSONAL COMPUTERS","UT",-1399.4975861538401,0,0,0,0,0,0,0,-1399.4975861538401,0,0,0,0,0]
["108391WA",null,{"$f":"IFERROR(((VLOOKUP(A238,#REF!,6,FALSE))/1000),\"\")","v":""},"1080000","AC PR DPR EL PL SR","3912000","COMPUTER EQUIPMENT - PERSONAL COMPUTERS","WA",-459.92344538461498,0,0,-459.92344538461498,0,0,0,0,0,0,0,0,0,0]
["108391WYP",null,{"$f":"IFERROR(((VLOOKUP(A239,#REF!,6,FALSE))/1000),\"\")","v":""},"1080000","AC PR DPR EL PL SR","3912000","COMPUTER EQUIPMENT - PERSONAL COMPUTERS","WYP",-1328.9389053846101,0,0,0,0,0,-1328.9389053846101,-1328.9389053846101,0,0,0,0,0,0]
["108391WYU",null,{"$f":"IFERROR(((VLOOKUP(A240,#REF!,6,FALSE))/1000),\"\")","v":""},"1080000","AC PR DPR EL PL SR","3912000","COMPUTER EQUIPMENT - PERSONAL COMPUTERS","WYU",-52.7852507692307,0,0,0,0,0,-52.7852507692307,0,0,0,-52.7852507692307,0,0,0]
["108391CA",null,{"$f":"IFERROR(((VLOOKUP(A241,#REF!,6,FALSE))/1000),\"\")","v":""},"1080000","AC PR DPR EL PL SR","3913000","OFFICE EQUIPMENT","CA",-1.19200461538462,-1.19200461538462,0,0,0,0,0,0,0,0,0,0,0,0]
["108391CN",null,{"$f":"IFERROR(((VLOOKUP(A242,#REF!,6,FALSE))/1000),\"\")","v":""},"1080000","AC PR DPR EL PL SR","3913000","OFFICE EQUIPMENT","CN",-2.1182969230769202,-5.4634892275910306E-2,-0.67608998533298925,-0.15307606714984137,0,0,-0.16846342612118181,-0.14928036538118286,-0.97714785807031557,-8.8884694126681832E-2,-1.9183060739998963E-2,0,0,0]
["108391IDU",null,{"$f":"IFERROR(((VLOOKUP(A243,#REF!,6,FALSE))/1000),\"\")","v":""},"1080000","AC PR DPR EL PL SR","3913000","OFFICE EQUIPMENT","IDU",-9.7607869230769193,0,0,0,0,0,0,0,0,-9.7607869230769193,0,0,0,0]
["108391OR",null,{"$f":"IFERROR(((VLOOKUP(A244,#REF!,6,FALSE))/1000),\"\")","v":""},"1080000","AC PR DPR EL PL SR","3913000","OFFICE EQUIPMENT","OR",-120.220186153846,0,-120.220186153846,0,0,0,0,0,0,0,0,0,0,0]
["108391SG",null,{"$f":"IFERROR(((VLOOKUP(A245,#REF!,6,FALSE))/1000),\"\")","v":""},"1080000","AC PR DPR EL PL SR","3913000","OFFICE EQUIPMENT","SG",-462.50624384615401,-7.2634681259105438,-120.35329184766644,-36.340291826271631,0,0,-73.84651323507147,-58.220194561194688,-197.15862851171545,-25.785243067962067,-15.626318673876787,-1.7588072315564229,0,0]
["108391SO",null,{"$f":"IFERROR(((VLOOKUP(A246,#REF!,6,FALSE))/1000),\"\")","v":""},"1080000","AC PR DPR EL PL SR","3913000","OFFICE EQUIPMENT","SO",-453.25049769230799,-9.9317370818019075,-123.54879158687777,-34.767731160504987,0,0,-66.308174088823932,-53.02487714375134,-192.49677830513065,-24.944842538594742,-13.283296945072586,-1.2524429305740332,0,0]
["108391UT",null,{"$f":"IFERROR(((VLOOKUP(A247,#REF!,6,FALSE))/1000),\"\")","v":""},"1080000","AC PR DPR EL PL SR","3913000","OFFICE EQUIPMENT","UT",-69.011816923076907,0,0,0,0,0,0,0,-69.011816923076907,0,0,0,0,0]
["108391WA",null,{"$f":"IFERROR(((VLOOKUP(A248,#REF!,6,FALSE))/1000),\"\")","v":""},"1080000","AC PR DPR EL PL SR","3913000","OFFICE EQUIPMENT","WA",-22.292042307692299,0,0,-22.292042307692299,0,0,0,0,0,0,0,0,0,0]
["108391WYP",null,{"$f":"IFERROR(((VLOOKUP(A249,#REF!,6,FALSE))/1000),\"\")","v":""},"1080000","AC PR DPR EL PL SR","3913000","OFFICE EQUIPMENT","WYP",-18.613526153846099,0,0,0,0,0,-18.613526153846099,-18.613526153846099,0,0,0,0,0,0]
["108391WYU",null,{"$f":"IFERROR(((VLOOKUP(A250,#REF!,6,FALSE))/1000),\"\")","v":""},"1080000","AC PR DPR EL PL SR","3913000","OFFICE EQUIPMENT","WYU",-5.7764838461538499,0,0,0,0,0,-5.7764838461538499,0,0,0,-5.7764838461538499,0,0,0]
["108392CA",null,{"$f":"IFERROR(((VLOOKUP(A251,#REF!,6,FALSE))/1000),\"\")","v":""},"1080000","AC PR DPR EL PL SR","3920100","1/4 TON MINI-PICKUPS AND VANS","CA",-46.834870000000002,-46.834870000000002,0,0,0,0,0,0,0,0,0,0,0,0]
["108392IDU",null,{"$f":"IFERROR(((VLOOKUP(A252,#REF!,6,FALSE))/1000),\"\")","v":""},"1080000","AC PR DPR EL PL SR","3920100","1/4 TON MINI-PICKUPS AND VANS","IDU",-188.94240076923001,0,0,0,0,0,0,0,0,-188.94240076923001,0,0,0,0]
["108392OR",null,{"$f":"IFERROR(((VLOOKUP(A253,#REF!,6,FALSE))/1000),\"\")","v":""},"1080000","AC PR DPR EL PL SR","3920100","1/4 TON MINI-PICKUPS AND VANS","OR",-804.66867384615296,0,-804.66867384615296,0,0,0,0,0,0,0,0,0,0,0]
["108392SG",null,{"$f":"IFERROR(((VLOOKUP(A254,#REF!,6,FALSE))/1000),\"\")","v":""},"1080000","AC PR DPR EL PL SR","3920100","1/4 TON MINI-PICKUPS AND VANS","SG",-263.08056615384697,-4.131570832242847,-68.458777754999076,-20.670909149999918,0,0,-42.005016729747027,-33.116529669686074,-112.14681812648445,-14.66703733191218,-8.8884870600609549,-1.000436228461506,0,0]
["108392SO",null,{"$f":"IFERROR(((VLOOKUP(A255,#REF!,6,FALSE))/1000),\"\")","v":""},"1080000","AC PR DPR EL PL SR","3920100","1/4 TON MINI-PICKUPS AND VANS","SO",-576.89366923077,-12.641036857383771,-157.25193037949353,-44.252094817618307,0,0,-84.396522551779839,-67.489646656131256,-245.00838568728065,-31.749599424031551,-16.906875895648575,-1.5940995131824085,0,0]
["108392UT",null,{"$f":"IFERROR(((VLOOKUP(A256,#REF!,6,FALSE))/1000),\"\")","v":""},"1080000","AC PR DPR EL PL SR","3920100","1/4 TON MINI-PICKUPS AND VANS","UT",-1283.28798538461,0,0,0,0,0,0,0,-1283.28798538461,0,0,0,0,0]
["108392WA",null,{"$f":"IFERROR(((VLOOKUP(A257,#REF!,6,FALSE))/1000),\"\")","v":""},"1080000","AC PR DPR EL PL SR","3920100","1/4 TON MINI-PICKUPS AND VANS","WA",-167.930865384615,0,0,-167.930865384615,0,0,0,0,0,0,0,0,0,0]
["108392WYP",null,{"$f":"IFERROR(((VLOOKUP(A258,#REF!,6,FALSE))/1000),\"\")","v":""},"1080000","AC PR DPR EL PL SR","3920100","1/4 TON MINI-PICKUPS AND VANS","WYP",-176.88649461538401,0,0,0,0,0,-176.88649461538401,-176.88649461538401,0,0,0,0,0,0]
["108392WYU",null,{"$f":"IFERROR(((VLOOKUP(A259,#REF!,6,FALSE))/1000),\"\")","v":""},"1080000","AC PR DPR EL PL SR","3920100","1/4 TON MINI-PICKUPS AND VANS","WYU",-11.8151392307692,0,0,0,0,0,-11.8151392307692,0,0,0,-11.8151392307692,0,0,0]
["108392IDU",null,{"$f":"IFERROR(((VLOOKUP(A260,#REF!,6,FALSE))/1000),\"\")","v":""},"1080000","AC PR DPR EL PL SR","3920200","MID AND FULL SIZE AUTOMOBILES","IDU",-10.382781538461501,0,0,0,0,0,0,0,0,-10.382781538461501,0,0,0,0]
["108392OR",null,{"$f":"IFERROR(((VLOOKUP(A261,#REF!,6,FALSE))/1000),\"\")","v":""},"1080000","AC PR DPR EL PL SR","3920200","MID AND FULL SIZE AUTOMOBILES","OR",-124.530335384615,0,-124.530335384615,0,0,0,0,0,0,0,0,0,0,0]
["108392SG",null,{"$f":"IFERROR(((VLOOKUP(A262,#REF!,6,FALSE))/1000),\"\")","v":""},"1080000","AC PR DPR EL PL SR","3920200","MID AND FULL SIZE AUTOMOBILES","SG",-30.805316153846199,-0.48378467311348855,-8.0161538462532373,-2.420452034380983,0,0,-4.9185610298966376,-3.8777671087887375,-13.131787872213858,-1.717431008513179,-1.0407939211078998,-0.11714568947481924,0,0]
["108392SO",null,{"$f":"IFERROR(((VLOOKUP(A263,#REF!,6,FALSE))/1000),\"\")","v":""},"1080000","AC PR DPR EL PL SR","3920200","MID AND FULL SIZE AUTOMOBILES","SO",-136.860609230769,-2.9989235415202429,-37.305999601536364,-10.498240801554571,0,0,-20.021990376140614,-16.01105134407808,-58.125090844765239,-7.5321844418917152,-4.0109390320625327,-0.37817962336026989,0,0]
["108392UT",null,{"$f":"IFERROR(((VLOOKUP(A264,#REF!,6,FALSE))/1000),\"\")","v":""},"1080000","AC PR DPR EL PL SR","3920200","MID AND FULL SIZE AUTOMOBILES","UT",-158.892552307692,0,0,0,0,0,0,0,-158.892552307692,0,0,0,0,0]
["108392WA",null,{"$f":"IFERROR(((VLOOKUP(A265,#REF!,6,FALSE))/1000),\"\")","v":""},"1080000","AC PR DPR EL PL SR","3920200","MID AND FULL SIZE AUTOMOBILES","WA",-21.1532207692307,0,0,-21.1532207692307,0,0,0,0,0,0,0,0,0,0]
["108392WYP",null,{"$f":"IFERROR(((VLOOKUP(A266,#REF!,6,FALSE))/1000),\"\")","v":""},"1080000","AC PR DPR EL PL SR","3920200","MID AND FULL SIZE AUTOMOBILES","WYP",-27.189895384615301,0,0,0,0,0,-27.189895384615301,-27.189895384615301,0,0,0,0,0,0]
["108392CA",null,{"$f":"IFERROR(((VLOOKUP(A267,#REF!,6,FALSE))/1000),\"\")","v":""},"1080000","AC PR DPR EL PL SR","3920400","\"1/2 & 3/4 TON PICKUPS, VANS, SERV TRUCK","CA",-204.42359461538399,-204.42359461538399,0,0,0,0,0,0,0,0,0,0,0,0]
["108392IDU",null,{"$f":"IFERROR(((VLOOKUP(A268,#REF!,6,FALSE))/1000),\"\")","v":""},"1080000","AC PR DPR EL PL SR","3920400","\"1/2 & 3/4 TON PICKUPS, VANS, SERV TRUCK","IDU",-762.16878384615302,0,0,0,0,0,0,0,0,-762.16878384615302,0,0,0,0]
["108392OR",null,{"$f":"IFERROR(((VLOOKUP(A269,#REF!,6,FALSE))/1000),\"\")","v":""},"1080000","AC PR DPR EL PL SR","3920400","\"1/2 & 3/4 TON PICKUPS, VANS, SERV TRUCK","OR",-2594.3604846153798,0,-2594.3604846153798,0,0,0,0,0,0,0,0,0,0,0]
["108392SE",null,{"$f":"IFERROR(((VLOOKUP(A270,#REF!,6,FALSE))/1000),\"\")","v":""},"1080000","AC PR DPR EL PL SR","3920400","\"1/2 & 3/4 TON PICKUPS, VANS, SERV TRUCK","SE",-81.291988461538295,-1.214889477722185,-20.142384482092371,-6.072863815855297,0,0,-14.322919847533333,-11.17107302611614,-34.11964795194843,-5.1017619213126011,-3.1518468214171924,-0.3175209650740734,0,0]
["108392SG",null,{"$f":"IFERROR(((VLOOKUP(A271,#REF!,6,FALSE))/1000),\"\")","v":""},"1080000","AC PR DPR EL PL SR","3920400","\"1/2 & 3/4 TON PICKUPS, VANS, SERV TRUCK","SG",-3421.84846384616,-53.738706405680496,-890.43279373490043,-268.86333625976363,0,0,-546.3527924995509,-430.74160830208484,-1458.6764159042159,-190.77189887917564,-115.61118419746603,-13.012520162873276,0,0]
["108392SO",null,{"$f":"IFERROR(((VLOOKUP(A272,#REF!,6,FALSE))/1000),\"\")","v":""},"1080000","AC PR DPR EL PL SR","3920400","\"1/2 & 3/4 TON PICKUPS, VANS, SERV TRUCK","SO",-564.53034846153901,-12.370128712851871,-153.8818880986434,-43.30373488212075,0,0,-82.587833471335273,-66.043286269954038,-239.7576481164518,-31.069178571957906,-16.544547201381228,-1.5599366081780459,0,0]
["108392UT",null,{"$f":"IFERROR(((VLOOKUP(A273,#REF!,6,FALSE))/1000),\"\")","v":""},"1080000","AC PR DPR EL PL SR","3920400","\"1/2 & 3/4 TON PICKUPS, VANS, SERV TRUCK","UT",-4047.0443353846099,0,0,0,0,0,0,0,-4047.0443353846099,0,0,0,0,0]
["108392WA",null,{"$f":"IFERROR(((VLOOKUP(A274,#REF!,6,FALSE))/1000),\"\")","v":""},"1080000","AC PR DPR EL PL SR","3920400","\"1/2 & 3/4 TON PICKUPS, VANS, SERV TRUCK","WA",-409.56221923076902,0,0,-409.56221923076902,0,0,0,0,0,0,0,0,0,0]
["108392WYP",null,{"$f":"IFERROR(((VLOOKUP(A275,#REF!,6,FALSE))/1000),\"\")","v":""},"1080000","AC PR DPR EL PL SR","3920400","\"1/2 & 3/4 TON PICKUPS, VANS, SERV TRUCK","WYP",-650.16242307692301,0,0,0,0,0,-650.16242307692301,-650.16242307692301,0,0,0,0,0,0]
["108392WYU",null,{"$f":"IFERROR(((VLOOKUP(A276,#REF!,6,FALSE))/1000),\"\")","v":""},"1080000","AC PR DPR EL PL SR","3920400","\"1/2 & 3/4 TON PICKUPS, VANS, SERV TRUCK","WYU",-170.698033076923,0,0,0,0,0,-170.698033076923,0,0,0,-170.698033076923,0,0,0]
["108392CA",null,{"$f":"IFERROR(((VLOOKUP(A277,#REF!,6,FALSE))/1000),\"\")","v":""},"1080000","AC PR DPR EL PL SR","3920500","\"1 TON AND ABOVE, TWO-AXLE TRUCKS\"","CA",-303.22872999999998,-303.22872999999998,0,0,0,0,0,0,0,0,0,0,0,0]
["108392IDU",null,{"$f":"IFERROR(((VLOOKUP(A278,#REF!,6,FALSE))/1000),\"\")","v":""},"1080000","AC PR DPR EL PL SR","3920500","\"1 TON AND ABOVE, TWO-AXLE TRUCKS\"","IDU",-893.73575769230695,0,0,0,0,0,0,0,0,-893.73575769230695,0,0,0,0]
["108392OR",null,{"$f":"IFERROR(((VLOOKUP(A279,#REF!,6,FALSE))/1000),\"\")","v":""},"1080000","AC PR DPR EL PL SR","3920500","\"1 TON AND ABOVE, TWO-AXLE TRUCKS\"","OR",-3268.3065200000001,0,-3268.3065200000001,0,0,0,0,0,0,0,0,0,0,0]
["108392SE",null,{"$f":"IFERROR(((VLOOKUP(A280,#REF!,6,FALSE))/1000),\"\")","v":""},"1080000","AC PR DPR EL PL SR","3920500","\"1 TON AND ABOVE, TWO-AXLE TRUCKS\"","SE",-123.010928461538,-1.8383691365043406,-30.479429319701644,-9.1894494223410526,0,0,-21.673423200354637,-16.904052796104846,-51.629805750609236,-7.7199793313864706,-4.7693704042497904,-0.48047230064061147,0,0]
["108392SG",null,{"$f":"IFERROR(((VLOOKUP(A281,#REF!,6,FALSE))/1000),\"\")","v":""},"1080000","AC PR DPR EL PL SR","3920500","\"1 TON AND ABOVE, TWO-AXLE TRUCKS\"","SG",-2148.1396307692298,-33.735639130717637,-558.98850956378806,-168.78479394474957,0,0,-342.98482190253054,-270.40739214236118,-915.71577484476813,-119.76119946551826,-72.577429760169352,-8.1688919171578078,0,0]
["108392SO",null,{"$f":"IFERROR(((VLOOKUP(A282,#REF!,6,FALSE))/1000),\"\")","v":""},"1080000","AC PR DPR EL PL SR","3920500","\"1 TON AND ABOVE, TWO-AXLE TRUCKS\"","SO",-238.76504153846099,-5.23187868288964,-65.083507917719274,-18.31507922661217,0,0,-34.930075137844085,-27.932648851483957,-101.40419371198506,-13.14054015433466,-6.9974262863601311,-0.65976670707610741,0,0]
["108392UT",null,{"$f":"IFERROR(((VLOOKUP(A283,#REF!,6,FALSE))/1000),\"\")","v":""},"1080000","AC PR DPR EL PL SR","3920500","\"1 TON AND ABOVE, TWO-AXLE TRUCKS\"","UT",-5613.6978499999996,0,0,0,0,0,0,0,-5613.6978499999996,0,0,0,0,0]
["108392WA",null,{"$f":"IFERROR(((VLOOKUP(A284,#REF!,6,FALSE))/1000),\"\")","v":""},"1080000","AC PR DPR EL PL SR","3920500","\"1 TON AND ABOVE, TWO-AXLE TRUCKS\"","WA",-1146.5985238461501,0,0,-1146.5985238461501,0,0,0,0,0,0,0,0,0,0]
["108392WYP",null,{"$f":"IFERROR(((VLOOKUP(A285,#REF!,6,FALSE))/1000),\"\")","v":""},"1080000","AC PR DPR EL PL SR","3920500","\"1 TON AND ABOVE, TWO-AXLE TRUCKS\"","WYP",-1094.75092230769,0,0,0,0,0,-1094.75092230769,-1094.75092230769,0,0,0,0,0,0]
["108392WYU",null,{"$f":"IFERROR(((VLOOKUP(A286,#REF!,6,FALSE))/1000),\"\")","v":""},"1080000","AC PR DPR EL PL SR","3920500","\"1 TON AND ABOVE, TWO-AXLE TRUCKS\"","WYU",-242.877862307692,0,0,0,0,0,-242.877862307692,0,0,0,-242.877862307692,0,0,0]
["108392OR",null,{"$f":"IFERROR(((VLOOKUP(A287,#REF!,6,FALSE))/1000),\"\")","v":""},"1080000","AC PR DPR EL PL SR","3920600","DUMP TRUCKS","OR",-44.494753846153799,0,-44.494753846153799,0,0,0,0,0,0,0,0,0,0,0]
["108392SE",null,{"$f":"IFERROR(((VLOOKUP(A288,#REF!,6,FALSE))/1000),\"\")","v":""},"1080000","AC PR DPR EL PL SR","3920600","DUMP TRUCKS","SE",-2.3938761538461502,-3.5775911074604178E-2,-0.59315038057034664,-0.17883292252359348,0,0,-0.42177952496120991,-0.32896433998223462,-1.0047510604127912,-0.15023603724257389,-9.2815184978975299E-2,-9.3503170610308006E-3,0,0]
["108392SG",null,{"$f":"IFERROR(((VLOOKUP(A289,#REF!,6,FALSE))/1000),\"\")","v":""},"1080000","AC PR DPR EL PL SR","3920600","DUMP TRUCKS","SG",-1388.26483769229,-21.802121664447178,-361.25402715257388,-109.07949893682058,0,0,-221.65866747634513,-174.75450337876038,-591.7939380327507,-77.397325460773402,-46.904164097584761,-5.279258968579235,0,0]
["108392SO",null,{"$f":"IFERROR(((VLOOKUP(A290,#REF!,6,FALSE))/1000),\"\")","v":""},"1080000","AC PR DPR EL PL SR","3920600","DUMP TRUCKS","SO",-6.2527146153846198,-0.1370110301559942,-1.7043893802689345,-0.47963036307272017,0,0,-0.91473940206484905,-0.73149268667936973,-2.6555457197534809,-0.34412092719956061,-0.18324671538547935,-1.7277792869080624E-2,0,0]
["108392UT",null,{"$f":"IFERROR(((VLOOKUP(A291,#REF!,6,FALSE))/1000),\"\")","v":""},"1080000","AC PR DPR EL PL SR","3920600","DUMP TRUCKS","UT",-76.778944615384603,0,0,0,0,0,0,0,-76.778944615384603,0,0,0,0,0]
["108392CA",null,{"$f":"IFERROR(((VLOOKUP(A292,#REF!,6,FALSE))/1000),\"\")","v":""},"1080000","AC PR DPR EL PL SR","3920900","TRAILERS","CA",-128.41209538461499,-128.41209538461499,0,0,0,0,0,0,0,0,0,0,0,0]
["108392IDU",null,{"$f":"IFERROR(((VLOOKUP(A293,#REF!,6,FALSE))/1000),\"\")","v":""},"1080000","AC PR DPR EL PL SR","3920900","TRAILERS","IDU",-244.329663076923,0,0,0,0,0,0,0,0,-244.329663076923,0,0,0,0]
[{"$f":"(IF(LEN(D294)=7,LEFT(D294,3),\"\"))&IF(LEN(F294)=7,LEFT(F294,3),\"\")&H294","v":"108392OR"},null,{"$f":"IFERROR(((VLOOKUP(A294,#REF!,6,FALSE))/1000),\"\")","v":""},"1080000","AC PR DPR EL PL SR","3920900","TRAILERS","OR",-665.91099307692298,0,-665.91099307692298,0,0,0,0,0,0,0,0,0,0,0]
["108392SE",null,{"$f":"IFERROR(((VLOOKUP(A295,#REF!,6,FALSE))/1000),\"\")","v":""},"1080000","AC PR DPR EL PL SR","3920900","TRAILERS","SE",-21.964352307692199,-0.32825203330120756,-5.4422881941310717,-1.6408322996206564,0,0,-3.8699220373346255,-3.0183218327432342,-9.2188170373713429,-1.3784494431784768,-0.8516002045913913,-8.5791262754816924E-2,0,0]
["108392SG",null,{"$f":"IFERROR(((VLOOKUP(A296,#REF!,6,FALSE))/1000),\"\")","v":""},"1080000","AC PR DPR EL PL SR","3920900","TRAILERS","SG",-665.35187846154201,-10.449074420123212,-173.13774651766994,-52.278389215634611,0,0,-106.23406051818321,-83.75436295422773,-283.62830898085411,-37.094115247366901,-22.47969756395549,-2.5301835617100745,0,0]
["108392SO",null,{"$f":"IFERROR(((VLOOKUP(A297,#REF!,6,FALSE))/1000),\"\")","v":""},"1080000","AC PR DPR EL PL SR","3920900","TRAILERS","SO",-234.95722615384599,-5.1484408897739451,-64.045558722405929,-18.02299107166214,0,0,-34.373011689030058,-27.487180078734006,-99.787003664426209,-12.930975342671196,-6.8858316102960497,-0.64924477387653345,0,0]
["108392UT",null,{"$f":"IFERROR(((VLOOKUP(A298,#REF!,6,FALSE))/1000),\"\")","v":""},"1080000","AC PR DPR EL PL SR","3920900","TRAILERS","UT",-1506.61340692307,0,0,0,0,0,0,0,-1506.61340692307,0,0,0,0,0]
["108392WA",null,{"$f":"IFERROR(((VLOOKUP(A299,#REF!,6,FALSE))/1000),\"\")","v":""},"1080000","AC PR DPR EL PL SR","3920900","TRAILERS","WA",-156.434123846153,0,0,-156.434123846153,0,0,0,0,0,0,0,0,0,0]
["108392WYP",null,{"$f":"IFERROR(((VLOOKUP(A300,#REF!,6,FALSE))/1000),\"\")","v":""},"1080000","AC PR DPR EL PL SR","3920900","TRAILERS","WYP",-703.67595615384596,0,0,0,0,0,-703.67595615384596,-703.67595615384596,0,0,0,0,0,0]
["108392WYU",null,{"$f":"IFERROR(((VLOOKUP(A301,#REF!,6,FALSE))/1000),\"\")","v":""},"1080000","AC PR DPR EL PL SR","3920900","TRAILERS","WYU",-135.43734307692301,0,0,0,0,0,-135.43734307692301,0,0,0,-135.43734307692301,0,0,0]
["108392CA",null,{"$f":"IFERROR(((VLOOKUP(A302,#REF!,6,FALSE))/1000),\"\")","v":""},"1080000","AC PR DPR EL PL SR","3921400","\"SNOWMOBILES, MOTORCYCLES (4-WHEELED ATV","CA",-24.029221538461499,-24.029221538461499,0,0,0,0,0,0,0,0,0,0,0,0]
["108392IDU",null,{"$f":"IFERROR(((VLOOKUP(A303,#REF!,6,FALSE))/1000),\"\")","v":""},"1080000","AC PR DPR EL PL SR","3921400","\"SNOWMOBILES, MOTORCYCLES (4-WHEELED ATV","IDU",-24.185416153846099,0,0,0,0,0,0,0,0,-24.185416153846099,0,0,0,0]
["108392OR",null,{"$f":"IFERROR(((VLOOKUP(A304,#REF!,6,FALSE))/1000),\"\")","v":""},"1080000","AC PR DPR EL PL SR","3921400","\"SNOWMOBILES, MOTORCYCLES (4-WHEELED ATV","OR",-94.4871876923076,0,-94.4871876923076,0,0,0,0,0,0,0,0,0,0,0]
["108392SG",null,{"$f":"IFERROR(((VLOOKUP(A305,#REF!,6,FALSE))/1000),\"\")","v":""},"1080000","AC PR DPR EL PL SR","3921400","\"SNOWMOBILES, MOTORCYCLES (4-WHEELED ATV","SG",-115.51067846153801,-1.8140471450300393,-30.058168038543865,-9.0759677738301434,0,0,-18.443125815701318,-14.540461374102737,-49.24025836829567,-6.4398501873343639,-3.9026644415985827,-0.43926113280261003,0,0]
["108392SO",null,{"$f":"IFERROR(((VLOOKUP(A306,#REF!,6,FALSE))/1000),\"\")","v":""},"1080000","AC PR DPR EL PL SR","3921400","\"SNOWMOBILES, MOTORCYCLES (4-WHEELED ATV","SO",-16.305842307692298,-0.35729765222951754,-4.4447102058984864,-1.2507810682742799,0,0,-2.3854593340951125,-1.9075881648070832,-6.9251377058896777,-0.89739927676960496,-0.47787116928802925,-4.5057064535619987E-2,0,0]
["108392UT",null,{"$f":"IFERROR(((VLOOKUP(A307,#REF!,6,FALSE))/1000),\"\")","v":""},"1080000","AC PR DPR EL PL SR","3921400","\"SNOWMOBILES, MOTORCYCLES (4-WHEELED ATV","UT",-93.240637692307601,0,0,0,0,0,0,0,-93.240637692307601,0,0,0,0,0]
["108392WA",null,{"$f":"IFERROR(((VLOOKUP(A308,#REF!,6,FALSE))/1000),\"\")","v":""},"1080000","AC PR DPR EL PL SR","3921400","\"SNOWMOBILES, MOTORCYCLES (4-WHEELED ATV","WA",-18.930693076922999,0,0,-18.930693076922999,0,0,0,0,0,0,0,0,0,0]
["108392WYP",null,{"$f":"IFERROR(((VLOOKUP(A309,#REF!,6,FALSE))/1000),\"\")","v":""},"1080000","AC PR DPR EL PL SR","3921400","\"SNOWMOBILES, MOTORCYCLES (4-WHEELED ATV","WYP",-41.067026923076902,0,0,0,0,0,-41.067026923076902,-41.067026923076902,0,0,0,0,0,0]
["108392WYU",null,{"$f":"IFERROR(((VLOOKUP(A310,#REF!,6,FALSE))/1000),\"\")","v":""},"1080000","AC PR DPR EL PL SR","3921400","\"SNOWMOBILES, MOTORCYCLES (4-WHEELED ATV","WYU",-5.35794923076923,0,0,0,0,0,-5.35794923076923,0,0,0,-5.35794923076923,0,0,0]
["108392OR",null,{"$f":"IFERROR(((VLOOKUP(A311,#REF!,6,FALSE))/1000),\"\")","v":""},"1080000","AC PR DPR EL PL SR","3921900","OVER-THE-ROAD SEMI-TRACTORS","OR",-90.889510769230696,0,-90.889510769230696,0,0,0,0,0,0,0,0,0,0,0]
["108392SG",null,{"$f":"IFERROR(((VLOOKUP(A312,#REF!,6,FALSE))/1000),\"\")","v":""},"1080000","AC PR DPR EL PL SR","3921900","OVER-THE-ROAD SEMI-TRACTORS","SG",-188.91513846153899,-2.9668336481394637,-49.159463458545012,-14.84354287847508,0,0,-30.163320946097119,-23.78060029054307,-80.531344386709037,-10.532231357440514,-6.3827206555540501,-0.71840178613277472,0,0]
["108392SO",null,{"$f":"IFERROR(((VLOOKUP(A313,#REF!,6,FALSE))/1000),\"\")","v":""},"1080000","AC PR DPR EL PL SR","3921900","OVER-THE-ROAD SEMI-TRACTORS","SO",-170.19609384615401,-3.7293789307147889,-46.392716245341752,-13.055323856319689,0,0,-24.898797193709328,-19.910903600739378,-72.282766179648306,-9.3668176500454727,-4.9878935929699511,-0.47029379037469027,0,0]
["108392UT",null,{"$f":"IFERROR(((VLOOKUP(A314,#REF!,6,FALSE))/1000),\"\")","v":""},"1080000","AC PR DPR EL PL SR","3921900","OVER-THE-ROAD SEMI-TRACTORS","UT",-435.52847769230698,0,0,0,0,0,0,0,-435.52847769230698,0,0,0,0,0]
["108392WA",null,{"$f":"IFERROR(((VLOOKUP(A315,#REF!,6,FALSE))/1000),\"\")","v":""},"1080000","AC PR DPR EL PL SR","3921900","OVER-THE-ROAD SEMI-TRACTORS","WA",-107.833803076923,0,0,-107.833803076923,0,0,0,0,0,0,0,0,0,0]
["108392WYP",null,{"$f":"IFERROR(((VLOOKUP(A316,#REF!,6,FALSE))/1000),\"\")","v":""},"1080000","AC PR DPR EL PL SR","3921900","OVER-THE-ROAD SEMI-TRACTORS","WYP",-42.651826153846102,0,0,0,0,0,-42.651826153846102,-42.651826153846102,0,0,0,0,0,0]
["108392SO",null,{"$f":"IFERROR(((VLOOKUP(A317,#REF!,6,FALSE))/1000),\"\")","v":""},"1080000","AC PR DPR EL PL SR","3923000","TRANSPORTATION EQUIPMENT","SO",-536.02359999999999,-11.745481785339249,-146.11140722233745,-41.117052304126645,0,0,-78.417445464442807,-62.708338282832209,-227.65075078983,-29.500297003639911,-15.709107181610591,-1.4811654302839534,0,0]
["108393CA",null,{"$f":"IFERROR(((VLOOKUP(A318,#REF!,6,FALSE))/1000),\"\")","v":""},"1080000","AC PR DPR EL PL SR","3930000","STORES EQUIPMENT","CA",-116.450559230769,-116.450559230769,0,0,0,0,0,0,0,0,0,0,0,0]
["108393IDU",null,{"$f":"IFERROR(((VLOOKUP(A319,#REF!,6,FALSE))/1000),\"\")","v":""},"1080000","AC PR DPR EL PL SR","3930000","STORES EQUIPMENT","IDU",-152.292243076923,0,0,0,0,0,0,0,0,-152.292243076923,0,0,0,0]
["108393OR",null,{"$f":"IFERROR(((VLOOKUP(A320,#REF!,6,FALSE))/1000),\"\")","v":""},"1080000","AC PR DPR EL PL SR","3930000","STORES EQUIPMENT","OR",-1344.6034861538401,0,-1344.6034861538401,0,0,0,0,0,0,0,0,0,0,0]
["108393SG",null,{"$f":"IFERROR(((VLOOKUP(A321,#REF!,6,FALSE))/1000),\"\")","v":""},"1080000","AC PR DPR EL PL SR","3930000","STORES EQUIPMENT","SG",-1751.5410607692399,-27.507223600537582,-455.78570078732258,-137.62303566916665,0,0,-279.66152208075187,-220.48364253829837,-746.65247857299869,-97.650383311309611,-59.17787954245351,-6.6607167471530868,0,0]
["108393SO",null,{"$f":"IFERROR(((VLOOKUP(A322,#REF!,6,FALSE))/1000),\"\")","v":""},"1080000","AC PR DPR EL PL SR","3930000","STORES EQUIPMENT","SO",-211.197364615385,-4.6278089233415409,-57.569002830477984,-16.200430517209487,0,0,-30.897068379006065,-24.707560981912401,-89.696122744457284,-11.623340805404629,-6.1895073970936636,-0.58359041548801904,0,0]
["108393UT",null,{"$f":"IFERROR(((VLOOKUP(A323,#REF!,6,FALSE))/1000),\"\")","v":""},"1080000","AC PR DPR EL PL SR","3930000","STORES EQUIPMENT","UT",-1633.7884007692301,0,0,0,0,0,0,0,-1633.7884007692301,0,0,0,0,0]
["108393WA",null,{"$f":"IFERROR(((VLOOKUP(A324,#REF!,6,FALSE))/1000),\"\")","v":""},"1080000","AC PR DPR EL PL SR","3930000","STORES EQUIPMENT","WA",-266.41554461538402,0,0,-266.41554461538402,0,0,0,0,0,0,0,0,0,0]
["108393WYP",null,{"$f":"IFERROR(((VLOOKUP(A325,#REF!,6,FALSE))/1000),\"\")","v":""},"1080000","AC PR DPR EL PL SR","3930000","STORES EQUIPMENT","WYP",-597.70696769230699,0,0,0,0,0,-597.70696769230699,-597.70696769230699,0,0,0,0,0,0]
["108393WYU",null,{"$f":"IFERROR(((VLOOKUP(A326,#REF!,6,FALSE))/1000),\"\")","v":""},"1080000","AC PR DPR EL PL SR","3930000","STORES EQUIPMENT","WYU",-35.656663076923003,0,0,0,0,0,-35.656663076923003,0,0,0,-35.656663076923003,0,0,0]
["108394CA",null,{"$f":"IFERROR(((VLOOKUP(A327,#REF!,6,FALSE))/1000),\"\")","v":""},"1080000","AC PR DPR EL PL SR","3940000","\"TLS, SHOP, GAR EQUIPMENT\"","CA",-388.90959307692299,-388.90959307692299,0,0,0,0,0,0,0,0,0,0,0,0]
["108394IDU",null,{"$f":"IFERROR(((VLOOKUP(A328,#REF!,6,FALSE))/1000),\"\")","v":""},"1080000","AC PR DPR EL PL SR","3940000","\"TLS, SHOP, GAR EQUIPMENT\"","IDU",-679.04041538461502,0,0,0,0,0,0,0,0,-679.04041538461502,0,0,0,0]
["108394OR",null,{"$f":"IFERROR(((VLOOKUP(A329,#REF!,6,FALSE))/1000),\"\")","v":""},"1080000","AC PR DPR EL PL SR","3940000","\"TLS, SHOP, GAR EQUIPMENT\"","OR",-4965.5174538461497,0,-4965.5174538461497,0,0,0,0,0,0,0,0,0,0,0]
["108394SE",null,{"$f":"IFERROR(((VLOOKUP(A330,#REF!,6,FALSE))/1000),\"\")","v":""},"1080000","AC PR DPR EL PL SR","3940000","\"TLS, SHOP, GAR EQUIPMENT\"","SE",-4.0874423076923101,-6.1085855376281514E-2,-1.0127791934731998,-0.30534965326287933,0,0,-0.72017070393342175,-0.56169270026985663,-1.7155699497785692,-0.25652168086419724,-0.15847800366356515,-1.5965271003760863E-2,0,0]
["108394SG",null,{"$f":"IFERROR(((VLOOKUP(A331,#REF!,6,FALSE))/1000),\"\")","v":""},"1080000","AC PR DPR EL PL SR","3940000","\"TLS, SHOP, GAR EQUIPMENT\"","SG",-11886.956629230501,-186.67970808890681,-3093.2217227627561,-933.98841330272046,0,0,-1897.942593694328,-1496.3277510356959,-5067.2095725844938,-662.71119601357634,-401.61484265863203,-45.203422783720363,0,0]
["108394SO",null,{"$f":"IFERROR(((VLOOKUP(A332,#REF!,6,FALSE))/1000),\"\")","v":""},"1080000","AC PR DPR EL PL SR","3940000","\"TLS, SHOP, GAR EQUIPMENT\"","SO",-2315.97102461539,-50.74813027820705,-631.29643077788626,-177.65244245580377,0,0,-338.81443190189214,-270.94085869506381,-983.59949554681066,-127.46049442221994,-67.873573206828326,-6.3995992325703988,0,0]
["108394UT",null,{"$f":"IFERROR(((VLOOKUP(A333,#REF!,6,FALSE))/1000),\"\")","v":""},"1080000","AC PR DPR EL PL SR","3940000","\"TLS, SHOP, GAR EQUIPMENT\"","UT",-5328.3746246153796,0,0,0,0,0,0,0,-5328.3746246153796,0,0,0,0,0]
["108394WA",null,{"$f":"IFERROR(((VLOOKUP(A334,#REF!,6,FALSE))/1000),\"\")","v":""},"1080000","AC PR DPR EL PL SR","3940000","\"TLS, SHOP, GAR EQUIPMENT\"","WA",-1398.27518846153,0,0,-1398.27518846153,0,0,0,0,0,0,0,0,0,0]
["108394WYP",null,{"$f":"IFERROR(((VLOOKUP(A335,#REF!,6,FALSE))/1000),\"\")","v":""},"1080000","AC PR DPR EL PL SR","3940000","\"TLS, SHOP, GAR EQUIPMENT\"","WYP",-1903.60047307692,0,0,0,0,0,-1903.60047307692,-1903.60047307692,0,0,0,0,0,0]
["108394WYU",null,{"$f":"IFERROR(((VLOOKUP(A336,#REF!,6,FALSE))/1000),\"\")","v":""},"1080000","AC PR DPR EL PL SR","3940000","\"TLS, SHOP, GAR EQUIPMENT\"","WYU",-258.47981769230699,0,0,0,0,0,-258.47981769230699,0,0,0,-258.47981769230699,0,0,0]
["108395CA",null,{"$f":"IFERROR(((VLOOKUP(A337,#REF!,6,FALSE))/1000),\"\")","v":""},"1080000","AC PR DPR EL PL SR","3950000","LABORATORY EQUIPMENT","CA",-278.19573692307603,-278.19573692307603,0,0,0,0,0,0,0,0,0,0,0,0]
["108395IDU",null,{"$f":"IFERROR(((VLOOKUP(A338,#REF!,6,FALSE))/1000),\"\")","v":""},"1080000","AC PR DPR EL PL SR","3950000","LABORATORY EQUIPMENT","IDU",-604.70207769230694,0,0,0,0,0,0,0,0,-604.70207769230694,0,0,0,0]
["108395OR",null,{"$f":"IFERROR(((VLOOKUP(A339,#REF!,6,FALSE))/1000),\"\")","v":""},"1080000","AC PR DPR EL PL SR","3950000","LABORATORY EQUIPMENT","OR",-4915.1011415384601,0,-4915.1011415384601,0,0,0,0,0,0,0,0,0,0,0]
["108395SE",null,{"$f":"IFERROR(((VLOOKUP(A340,#REF!,6,FALSE))/1000),\"\")","v":""},"1080000","AC PR DPR EL PL SR","3950000","LABORATORY EQUIPMENT","SE",-4.0268530769230804,-6.0180363699698335E-2,-0.99776650151271895,-0.3008233751617716,0,0,-0.70949542445810221,-0.55336658186226595,-1.6901396058707736,-0.2527191926211359,-0.15612884259583629,-1.5728613598879643E-2,0,0]
["108395SG",null,{"$f":"IFERROR(((VLOOKUP(A341,#REF!,6,FALSE))/1000),\"\")","v":""},"1080000","AC PR DPR EL PL SR","3950000","LABORATORY EQUIPMENT","SG",-3288.86285923081,-51.650222816149018,-855.82730354581338,-258.41431909574339,0,0,-525.11951545309421,-414.00140667765186,-1401.986890591591,-183.35780191254673,-111.11810877544237,-12.506805815872626,0,0]
["108395SO",null,{"$f":"IFERROR(((VLOOKUP(A342,#REF!,6,FALSE))/1000),\"\")","v":""},"1080000","AC PR DPR EL PL SR","3950000","LABORATORY EQUIPMENT","SO",-2538.9300176923098,-55.633662915319562,-692.07146424906944,-194.75507857111495,0,0,-371.43216492785672,-297.02438927294719,-1078.2908154239678,-139.73114167618715,-74.407775654909543,-7.0156899287943206,0,0]
["108395UT",null,{"$f":"IFERROR(((VLOOKUP(A343,#REF!,6,FALSE))/1000),\"\")","v":""},"1080000","AC PR DPR EL PL SR","3950000","LABORATORY EQUIPMENT","UT",-3450.75939153846,0,0,0,0,0,0,0,-3450.75939153846,0,0,0,0,0]
["108395WA",null,{"$f":"IFERROR(((VLOOKUP(A344,#REF!,6,FALSE))/1000),\"\")","v":""},"1080000","AC PR DPR EL PL SR","3950000","LABORATORY EQUIPMENT","WA",-909.07024076923005,0,0,-909.07024076923005,0,0,0,0,0,0,0,0,0,0]
["108395WYP",null,{"$f":"IFERROR(((VLOOKUP(A345,#REF!,6,FALSE))/1000),\"\")","v":""},"1080000","AC PR DPR EL PL SR","3950000","LABORATORY EQUIPMENT","WYP",-1461.7070476923,0,0,0,0,0,-1461.7070476923,-1461.7070476923,0,0,0,0,0,0]
["108395WYU",null,{"$f":"IFERROR(((VLOOKUP(A346,#REF!,6,FALSE))/1000),\"\")","v":""},"1080000","AC PR DPR EL PL SR","3950000","LABORATORY EQUIPMENT","WYU",-454.850717692307,0,0,0,0,0,-454.850717692307,0,0,0,-454.850717692307,0,0,0]
["108396CA",null,{"$f":"IFERROR(((VLOOKUP(A347,#REF!,6,FALSE))/1000),\"\")","v":""},"1080000","AC PR DPR EL PL SR","3960300","AERIAL LIFT PB TRUCKS, 10000#-16000# GVW","CA",-451.89198153846098,-451.89198153846098,0,0,0,0,0,0,0,0,0,0,0,0]
["108396IDU",null,{"$f":"IFERROR(((VLOOKUP(A348,#REF!,6,FALSE))/1000),\"\")","v":""},"1080000","AC PR DPR EL PL SR","3960300","AERIAL LIFT PB TRUCKS, 10000#-16000# GVW","IDU",-775.93351538461502,0,0,0,0,0,0,0,0,-775.93351538461502,0,0,0,0]
["108396OR",null,{"$f":"IFERROR(((VLOOKUP(A349,#REF!,6,FALSE))/1000),\"\")","v":""},"1080000","AC PR DPR EL PL SR","3960300","AERIAL LIFT PB TRUCKS, 10000#-16000# GVW","OR",-2153.5972976922999,0,-2153.5972976922999,0,0,0,0,0,0,0,0,0,0,0]
["108396SG",null,{"$f":"IFERROR(((VLOOKUP(A350,#REF!,6,FALSE))/1000),\"\")","v":""},"1080000","AC PR DPR EL PL SR","3960300","AERIAL LIFT PB TRUCKS, 10000#-16000# GVW","SG",-274.79829692307601,-4.3155929186097666,-71.507963554813927,-21.591601057106601,0,0,-43.875939710459718,-34.591555302912205,-117.14188956275072,-15.320313995978173,-9.284384407547515,-1.044996123357123,0,0]
["108396SO",null,{"$f":"IFERROR(((VLOOKUP(A351,#REF!,6,FALSE))/1000),\"\")","v":""},"1080000","AC PR DPR EL PL SR","3960300","AERIAL LIFT PB TRUCKS, 10000#-16000# GVW","SO",-50.7264092307692,-1.1115296335005855,-13.827202824733568,-3.8910981187060978,0,0,-7.4210080105817191,-5.9343820494404671,-21.543650589744132,-2.7917504718745083,-1.4866259611412522,-0.14016958162859278,0,0]
["108396UT",null,{"$f":"IFERROR(((VLOOKUP(A352,#REF!,6,FALSE))/1000),\"\")","v":""},"1080000","AC PR DPR EL PL SR","3960300","AERIAL LIFT PB TRUCKS, 10000#-16000# GVW","UT",-2584.73973538461,0,0,0,0,0,0,0,-2584.73973538461,0,0,0,0,0]
["108396WA",null,{"$f":"IFERROR(((VLOOKUP(A353,#REF!,6,FALSE))/1000),\"\")","v":""},"1080000","AC PR DPR EL PL SR","3960300","AERIAL LIFT PB TRUCKS, 10000#-16000# GVW","WA",-701.55327,0,0,-701.55327,0,0,0,0,0,0,0,0,0,0]
["108396WYP",null,{"$f":"IFERROR(((VLOOKUP(A354,#REF!,6,FALSE))/1000),\"\")","v":""},"1080000","AC PR DPR EL PL SR","3960300","AERIAL LIFT PB TRUCKS, 10000#-16000# GVW","WYP",-1008.84309230769,0,0,0,0,0,-1008.84309230769,-1008.84309230769,0,0,0,0,0,0]
["108396WYU",null,{"$f":"IFERROR(((VLOOKUP(A355,#REF!,6,FALSE))/1000),\"\")","v":""},"1080000","AC PR DPR EL PL SR","3960300","AERIAL LIFT PB TRUCKS, 10000#-16000# GVW","WYU",-225.36230692307601,0,0,0,0,0,-225.36230692307601,0,0,0,-225.36230692307601,0,0,0]
["108396CA",null,{"$f":"IFERROR(((VLOOKUP(A356,#REF!,6,FALSE))/1000),\"\")","v":""},"1080000","AC PR DPR EL PL SR","3960700","TWO-AXLE DIGGER/DERRICK LINE TRUCKS","CA",-83.483223846153805,-83.483223846153805,0,0,0,0,0,0,0,0,0,0,0,0]
["108396IDU",null,{"$f":"IFERROR(((VLOOKUP(A357,#REF!,6,FALSE))/1000),\"\")","v":""},"1080000","AC PR DPR EL PL SR","3960700","TWO-AXLE DIGGER/DERRICK LINE TRUCKS","IDU",-49.690500769230702,0,0,0,0,0,0,0,0,-49.690500769230702,0,0,0,0]
[{"$f":"(IF(LEN(D358)=7,LEFT(D358,3),\"\"))&IF(LEN(F358)=7,LEFT(F358,3),\"\")&H358","v":"108396OR"},null,{"$f":"IFERROR(((VLOOKUP(A358,#REF!,6,FALSE))/1000),\"\")","v":""},"1080000","AC PR DPR EL PL SR","3960700","TWO-AXLE DIGGER/DERRICK LINE TRUCKS","OR",-269.64149461538398,0,-269.64149461538398,0,0,0,0,0,0,0,0,0,0,0]
["108396SG",null,{"$f":"IFERROR(((VLOOKUP(A359,#REF!,6,FALSE))/1000),\"\")","v":""},"1080000","AC PR DPR EL PL SR","3960700","TWO-AXLE DIGGER/DERRICK LINE TRUCKS","SG",-63.751600769230699,-1.0011923651286116,-16.589430121698758,-5.0091254057025019,0,0,-10.178961889924192,-8.0250389043544246,-27.17623457050864,-3.5542234157450512,-2.1539229855697686,-0.24243300052294711,0,0]
["108396UT",null,{"$f":"IFERROR(((VLOOKUP(A360,#REF!,6,FALSE))/1000),\"\")","v":""},"1080000","AC PR DPR EL PL SR","3960700","TWO-AXLE DIGGER/DERRICK LINE TRUCKS","UT",-807.22834999999998,0,0,0,0,0,0,0,-807.22834999999998,0,0,0,0,0]
["108396WYP",null,{"$f":"IFERROR(((VLOOKUP(A361,#REF!,6,FALSE))/1000),\"\")","v":""},"1080000","AC PR DPR EL PL SR","3960700","TWO-AXLE DIGGER/DERRICK LINE TRUCKS","WYP",-71.691693846153797,0,0,0,0,0,-71.691693846153797,-71.691693846153797,0,0,0,0,0,0]
["108396WYU",null,{"$f":"IFERROR(((VLOOKUP(A362,#REF!,6,FALSE))/1000),\"\")","v":""},"1080000","AC PR DPR EL PL SR","3960700","TWO-AXLE DIGGER/DERRICK LINE TRUCKS","WYU",-77.295119999999997,0,0,0,0,0,-77.295119999999997,0,0,0,-77.295119999999997,0,0,0]
["108396CA",null,{"$f":"IFERROR(((VLOOKUP(A363,#REF!,6,FALSE))/1000),\"\")","v":""},"1080000","AC PR DPR EL PL SR","3960800","\"AERIAL LIFT P.B. TRUCKS, ABOVE 16000#GV","CA",-349.71910153846102,-349.71910153846102,0,0,0,0,0,0,0,0,0,0,0,0]
["108396IDU",null,{"$f":"IFERROR(((VLOOKUP(A364,#REF!,6,FALSE))/1000),\"\")","v":""},"1080000","AC PR DPR EL PL SR","3960800","\"AERIAL LIFT P.B. TRUCKS, ABOVE 16000#GV","IDU",-404.95051615384602,0,0,0,0,0,0,0,0,-404.95051615384602,0,0,0,0]
["108396OR",null,{"$f":"IFERROR(((VLOOKUP(A365,#REF!,6,FALSE))/1000),\"\")","v":""},"1080000","AC PR DPR EL PL SR","3960800","\"AERIAL LIFT P.B. TRUCKS, ABOVE 16000#GV","OR",-2499.5137792307601,0,-2499.5137792307601,0,0,0,0,0,0,0,0,0,0,0]
["108396SG",null,{"$f":"IFERROR(((VLOOKUP(A366,#REF!,6,FALSE))/1000),\"\")","v":""},"1080000","AC PR DPR EL PL SR","3960800","\"AERIAL LIFT P.B. TRUCKS, ABOVE 16000#GV","SG",-384.64774076923197,-6.0407327294594548,-100.09296613678544,-30.22275122953717,0,0,-61.415158946489612,-48.419381582571219,-163.9688588840275,-21.444543988851027,-12.995777363918389,-1.4627288540818066,0,0]
["108396SO",null,{"$f":"IFERROR(((VLOOKUP(A367,#REF!,6,FALSE))/1000),\"\")","v":""},"1080000","AC PR DPR EL PL SR","3960800","\"AERIAL LIFT P.B. TRUCKS, ABOVE 16000#GV","SO",-27.9431253846153,-0.61229667915824948,-7.6168462958279468,-2.1434484376807221,0,0,-4.0879329024956315,-3.2690108407503926,-11.86752499931352,-1.537862321838257,-0.81892206174523918,-7.7213748300974397E-2,0,0]
["108396UT",null,{"$f":"IFERROR(((VLOOKUP(A368,#REF!,6,FALSE))/1000),\"\")","v":""},"1080000","AC PR DPR EL PL SR","3960800","\"AERIAL LIFT P.B. TRUCKS, ABOVE 16000#GV","UT",-3522.8114376922999,0,0,0,0,0,0,0,-3522.8114376922999,0,0,0,0,0]
["108396WA",null,{"$f":"IFERROR(((VLOOKUP(A369,#REF!,6,FALSE))/1000),\"\")","v":""},"1080000","AC PR DPR EL PL SR","3960800","\"AERIAL LIFT P.B. TRUCKS, ABOVE 16000#GV","WA",-954.30476230769204,0,0,-954.30476230769204,0,0,0,0,0,0,0,0,0,0]
["108396WYP",null,{"$f":"IFERROR(((VLOOKUP(A370,#REF!,6,FALSE))/1000),\"\")","v":""},"1080000","AC PR DPR EL PL SR","3960800","\"AERIAL LIFT P.B. TRUCKS, ABOVE 16000#GV","WYP",-610.40338230769203,0,0,0,0,0,-610.40338230769203,-610.40338230769203,0,0,0,0,0,0]
["108396WYU",null,{"$f":"IFERROR(((VLOOKUP(A371,#REF!,6,FALSE))/1000),\"\")","v":""},"1080000","AC PR DPR EL PL SR","3960800","\"AERIAL LIFT P.B. TRUCKS, ABOVE 16000#GV","WYU",-233.00050076923,0,0,0,0,0,-233.00050076923,0,0,0,-233.00050076923,0,0,0]
["108396OR",null,{"$f":"IFERROR(((VLOOKUP(A372,#REF!,6,FALSE))/1000),\"\")","v":""},"1080000","AC PR DPR EL PL SR","3961000","CRANES","OR",-85.040797692307606,0,-85.040797692307606,0,0,0,0,0,0,0,0,0,0,0]
["108396SG",null,{"$f":"IFERROR(((VLOOKUP(A373,#REF!,6,FALSE))/1000),\"\")","v":""},"1080000","AC PR DPR EL PL SR","3961000","CRANES","SG",-1212.1670423076901,-19.036579056454567,-315.42989041139884,-95.243047301006314,0,0,-193.5418401890114,-152.58734770140006,-516.72641130436944,-67.579675389794971,-40.954492487611333,-4.6095986556546764,0,0]
["108396SO",null,{"$f":"IFERROR(((VLOOKUP(A374,#REF!,6,FALSE))/1000),\"\")","v":""},"1080000","AC PR DPR EL PL SR","3961000","CRANES","SO",-5.9652507692307699,-0.13071205121375432,-1.6260313619147342,-0.45757971829168209,0,0,-0.87268494685286124,-0.69786286122261809,-2.533459004911343,-0.32830022669430819,-0.17482208563024312,-1.6483459352087067E-2,0,0]
["108396UT",null,{"$f":"IFERROR(((VLOOKUP(A375,#REF!,6,FALSE))/1000),\"\")","v":""},"1080000","AC PR DPR EL PL SR","3961000","CRANES","UT",-1.0185999999999999,0,0,0,0,0,0,0,-1.0185999999999999,0,0,0,0,0]
["108396OR",null,{"$f":"IFERROR(((VLOOKUP(A376,#REF!,6,FALSE))/1000),\"\")","v":""},"1080000","AC PR DPR EL PL SR","3961100","HEAVY CONSTRUCTION EQUIP, PRODUCT DIGGER","OR",-96.431176153846096,0,-96.431176153846096,0,0,0,0,0,0,0,0,0,0,0]
["108396SE",null,{"$f":"IFERROR(((VLOOKUP(A377,#REF!,6,FALSE))/1000),\"\")","v":""},"1080000","AC PR DPR EL PL SR","3961100","HEAVY CONSTRUCTION EQUIP, PRODUCT DIGGER","SE",-21.545455384615298,-0.32199171818618105,-5.3384946587204762,-1.609538884182425,0,0,-3.796116153542676,-2.9607573887350593,-9.0429987825343296,-1.3521601075187903,-0.83535876480761673,-8.4155079930418833E-2,0,0]
["108396SG",null,{"$f":"IFERROR(((VLOOKUP(A378,#REF!,6,FALSE))/1000),\"\")","v":""},"1080000","AC PR DPR EL PL SR","3961100","HEAVY CONSTRUCTION EQUIP, PRODUCT DIGGER","SG",-6577.0665653845999,-103.29009390747542,-1711.4830823961086,-516.77684685786517,0,0,-1050.1337865833846,-827.91983929624973,-2803.6927953189397,-366.67885529999546,-222.21394728713491,-25.011105020831366,0,0]
["108396SO",null,{"$f":"IFERROR(((VLOOKUP(A379,#REF!,6,FALSE))/1000),\"\")","v":""},"1080000","AC PR DPR EL PL SR","3961100","HEAVY CONSTRUCTION EQUIP, PRODUCT DIGGER","SO",-453.99136692307701,-9.9479711917465377,-123.75074061650145,-34.824561417441522,0,0,-66.416559377270389,-53.111549966265876,-192.81142757919554,-24.985616605909211,-13.305009411004511,-1.2544901350123754,0,0]
["108396UT",null,{"$f":"IFERROR(((VLOOKUP(A380,#REF!,6,FALSE))/1000),\"\")","v":""},"1080000","AC PR DPR EL PL SR","3961100","HEAVY CONSTRUCTION EQUIP, PRODUCT DIGGER","UT",-533.37577923076901,0,0,0,0,0,0,0,-533.37577923076901,0,0,0,0,0]
["108396WYP",null,{"$f":"IFERROR(((VLOOKUP(A381,#REF!,6,FALSE))/1000),\"\")","v":""},"1080000","AC PR DPR EL PL SR","3961100","HEAVY CONSTRUCTION EQUIP, PRODUCT DIGGER","WYP",-90.441148461538404,0,0,0,0,0,-90.441148461538404,-90.441148461538404,0,0,0,0,0,0]
["108396CA",null,{"$f":"IFERROR(((VLOOKUP(A382,#REF!,6,FALSE))/1000),\"\")","v":""},"1080000","AC PR DPR EL PL SR","3961200","THREE-AXLE DIGGER/DERRICK LINE TRUCKS","CA",-319.60391692307599,-319.60391692307599,0,0,0,0,0,0,0,0,0,0,0,0]
["108396IDU",null,{"$f":"IFERROR(((VLOOKUP(A383,#REF!,6,FALSE))/1000),\"\")","v":""},"1080000","AC PR DPR EL PL SR","3961200","THREE-AXLE DIGGER/DERRICK LINE TRUCKS","IDU",-440.41324769230698,0,0,0,0,0,0,0,0,-440.41324769230698,0,0,0,0]
["108396OR",null,{"$f":"IFERROR(((VLOOKUP(A384,#REF!,6,FALSE))/1000),\"\")","v":""},"1080000","AC PR DPR EL PL SR","3961200","THREE-AXLE DIGGER/DERRICK LINE TRUCKS","OR",-2522.2287700000002,0,-2522.2287700000002,0,0,0,0,0,0,0,0,0,0,0]
["108396SG",null,{"$f":"IFERROR(((VLOOKUP(A385,#REF!,6,FALSE))/1000),\"\")","v":""},"1080000","AC PR DPR EL PL SR","3961200","THREE-AXLE DIGGER/DERRICK LINE TRUCKS","SG",-60.217840769230797,-0.94569613461035973,-15.669875728091334,-4.7314688954333812,0,0,-9.6147406321969964,-7.580209894000574,-25.669852150034135,-3.3572123229085435,-2.0345307381964219,-0.22899490595605074,0,0]
["108396SO",null,{"$f":"IFERROR(((VLOOKUP(A386,#REF!,6,FALSE))/1000),\"\")","v":""},"1080000","AC PR DPR EL PL SR","3961200","THREE-AXLE DIGGER/DERRICK LINE TRUCKS","SO",-155.15471692307699,-3.3997885569394115,-42.292678954460577,-11.901536818450008,0,0,-22.698322523236758,-18.151242734441887,-65.894650526808931,-8.5390087875728735,-4.5470797887948722,-0.42873075560843649,0,0]
["108396UT",null,{"$f":"IFERROR(((VLOOKUP(A387,#REF!,6,FALSE))/1000),\"\")","v":""},"1080000","AC PR DPR EL PL SR","3961200","THREE-AXLE DIGGER/DERRICK LINE TRUCKS","UT",-4185.9461269230696,0,0,0,0,0,0,0,-4185.9461269230696,0,0,0,0,0]
["108396WA",null,{"$f":"IFERROR(((VLOOKUP(A388,#REF!,6,FALSE))/1000),\"\")","v":""},"1080000","AC PR DPR EL PL SR","3961200","THREE-AXLE DIGGER/DERRICK LINE TRUCKS","WA",-745.30098769230699,0,0,-745.30098769230699,0,0,0,0,0,0,0,0,0,0]
["108396WYP",null,{"$f":"IFERROR(((VLOOKUP(A389,#REF!,6,FALSE))/1000),\"\")","v":""},"1080000","AC PR DPR EL PL SR","3961200","THREE-AXLE DIGGER/DERRICK LINE TRUCKS","WYP",-774.76159923076898,0,0,0,0,0,-774.76159923076898,-774.76159923076898,0,0,0,0,0,0]
["108396WYU",null,{"$f":"IFERROR(((VLOOKUP(A390,#REF!,6,FALSE))/1000),\"\")","v":""},"1080000","AC PR DPR EL PL SR","3961200","THREE-AXLE DIGGER/DERRICK LINE TRUCKS","WYU",-114.95868,0,0,0,0,0,-114.95868,0,0,0,-114.95868,0,0,0]
["108396CA",null,{"$f":"IFERROR(((VLOOKUP(A391,#REF!,6,FALSE))/1000),\"\")","v":""},"1080000","AC PR DPR EL PL SR","3961300","SNOWCATS, BACKHOES, TRENCHERS, SNOWBLOWR","CA",-130.04428153846101,-130.04428153846101,0,0,0,0,0,0,0,0,0,0,0,0]
["108396IDU",null,{"$f":"IFERROR(((VLOOKUP(A392,#REF!,6,FALSE))/1000),\"\")","v":""},"1080000","AC PR DPR EL PL SR","3961300","SNOWCATS, BACKHOES, TRENCHERS, SNOWBLOWR","IDU",-230.72651384615301,0,0,0,0,0,0,0,0,-230.72651384615301,0,0,0,0]
["108396OR",null,{"$f":"IFERROR(((VLOOKUP(A393,#REF!,6,FALSE))/1000),\"\")","v":""},"1080000","AC PR DPR EL PL SR","3961300","SNOWCATS, BACKHOES, TRENCHERS, SNOWBLOWR","OR",-476.17652307692299,0,-476.17652307692299,0,0,0,0,0,0,0,0,0,0,0]
["108396SE",null,{"$f":"IFERROR(((VLOOKUP(A394,#REF!,6,FALSE))/1000),\"\")","v":""},"1080000","AC PR DPR EL PL SR","3961300","SNOWCATS, BACKHOES, TRENCHERS, SNOWBLOWR","SE",-6.6951999999999998,-0.10005817529108642,-1.658924761673285,-0.50016045356242467,0,0,-1.179634239216278,-0.92004845175904892,-2.8100907763618799,-0.42018059912180633,-0.25958578745722893,-2.6150994773239528E-2,0,0]
["108396SG",null,{"$f":"IFERROR(((VLOOKUP(A395,#REF!,6,FALSE))/1000),\"\")","v":""},"1080000","AC PR DPR EL PL SR","3961300","SNOWCATS, BACKHOES, TRENCHERS, SNOWBLOWR","SG",-2039.13648846154,-32.023790133411218,-530.62373141641694,-160.22013983651291,0,0,-325.58072823203133,-256.68609813309314,-869.24956962743897,-113.68415173487104,-68.894630098938222,-7.754377480857765,0,0]
["108396SO",null,{"$f":"IFERROR(((VLOOKUP(A396,#REF!,6,FALSE))/1000),\"\")","v":""},"1080000","AC PR DPR EL PL SR","3961300","SNOWCATS, BACKHOES, TRENCHERS, SNOWBLOWR","SO",-90.228487692307695,-1.977108953241437,-24.594833713042547,-6.9212054241023395,0,0,-13.199955212700871,-10.555651894725518,-38.320295908211477,-4.9657649124261418,-2.6443033179753535,-0.24932356858288948,0,0]
["108396UT",null,{"$f":"IFERROR(((VLOOKUP(A397,#REF!,6,FALSE))/1000),\"\")","v":""},"1080000","AC PR DPR EL PL SR","3961300","SNOWCATS, BACKHOES, TRENCHERS, SNOWBLOWR","UT",-1244.2365807692299,0,0,0,0,0,0,0,-1244.2365807692299,0,0,0,0,0]
["108396WA",null,{"$f":"IFERROR(((VLOOKUP(A398,#REF!,6,FALSE))/1000),\"\")","v":""},"1080000","AC PR DPR EL PL SR","3961300","SNOWCATS, BACKHOES, TRENCHERS, SNOWBLOWR","WA",-381.72165461538401,0,0,-381.72165461538401,0,0,0,0,0,0,0,0,0,0]
["108396WYP",null,{"$f":"IFERROR(((VLOOKUP(A399,#REF!,6,FALSE))/1000),\"\")","v":""},"1080000","AC PR DPR EL PL SR","3961300","SNOWCATS, BACKHOES, TRENCHERS, SNOWBLOWR","WYP",-248.84623692307599,0,0,0,0,0,-248.84623692307599,-248.84623692307599,0,0,0,0,0,0]
["108396WYU",null,{"$f":"IFERROR(((VLOOKUP(A400,#REF!,6,FALSE))/1000),\"\")","v":""},"1080000","AC PR DPR EL PL SR","3961300","SNOWCATS, BACKHOES, TRENCHERS, SNOWBLOWR","WYU",-208.41918307692299,0,0,0,0,0,-208.41918307692299,0,0,0,-208.41918307692299,0,0,0]
["108397CA",null,{"$f":"IFERROR(((VLOOKUP(A401,#REF!,6,FALSE))/1000),\"\")","v":""},"1080000","AC PR DPR EL PL SR","3970000","COMMUNICATION EQUIPMENT","CA",-941.54567230769203,-941.54567230769203,0,0,0,0,0,0,0,0,0,0,0,0]
["108397CN",null,{"$f":"IFERROR(((VLOOKUP(A402,#REF!,6,FALSE))/1000),\"\")","v":""},"1080000","AC PR DPR EL PL SR","3970000","COMMUNICATION EQUIPMENT","CN",-643.16456153846104,-16.588432977703437,-205.27675522731556,-46.477479402392866,0,0,-51.149441995654733,-45.325015440813779,-296.68497690171068,-26.987475033683776,-5.8244265548409535,0,0,0]
["108397IDU",null,{"$f":"IFERROR(((VLOOKUP(A403,#REF!,6,FALSE))/1000),\"\")","v":""},"1080000","AC PR DPR EL PL SR","3970000","COMMUNICATION EQUIPMENT","IDU",-1416.6083023076901,0,0,0,0,0,0,0,0,-1416.6083023076901,0,0,0,0]
["108397OR",null,{"$f":"IFERROR(((VLOOKUP(A404,#REF!,6,FALSE))/1000),\"\")","v":""},"1080000","AC PR DPR EL PL SR","3970000","COMMUNICATION EQUIPMENT","OR",-15445.236453076854,0,-15445.236453076854,0,0,0,0,0,0,0,0,0,0,0]
["108397SE",null,{"$f":"IFERROR(((VLOOKUP(A405,#REF!,6,FALSE))/1000),\"\")","v":""},"1080000","AC PR DPR EL PL SR","3970000","COMMUNICATION EQUIPMENT","SE",-27.3326769230769,-0.40848037082445054,-6.772442130258729,-2.0418694119550365,0,0,-4.8157727249220539,-3.7560322448182561,-11.471995357094276,-1.7153573552905397,-1.0597404801037977,-0.10675957273181215,0,0]
["108397SG",null,{"$f":"IFERROR(((VLOOKUP(A406,#REF!,6,FALSE))/1000),\"\")","v":""},"1080000","AC PR DPR EL PL SR","3970000","COMMUNICATION EQUIPMENT","SG",-29877.620273846798,-469.21559530195617,-7774.7489906928768,-2347.5606097704599,0,0,-4770.4395569608359,-3760.9889347731023,-12736.326730207111,-1665.7109202393256,-1009.4506221877339,-113.61787067423504,0,0]
["108397SO",null,{"$f":"IFERROR(((VLOOKUP(A407,#REF!,6,FALSE))/1000),\"\")","v":""},"1080000","AC PR DPR EL PL SR","3970000","COMMUNICATION EQUIPMENT","SO",-16052.9246323074,-351.75565753110561,-4375.7689177501852,-1231.380375305838,0,0,-2348.4588027444611,-1877.9998273798808,-6817.7228482427563,-883.47984012292625,-470.45897536458045,-44.358190610128851,0,0]
["108397UT",null,{"$f":"IFERROR(((VLOOKUP(A408,#REF!,6,FALSE))/1000),\"\")","v":""},"1080000","AC PR DPR EL PL SR","3970000","COMMUNICATION EQUIPMENT","UT",-10105.1067046153,0,0,0,0,0,0,0,-10105.1067046153,0,0,0,0,0]
["108397WA",null,{"$f":"IFERROR(((VLOOKUP(A409,#REF!,6,FALSE))/1000),\"\")","v":""},"1080000","AC PR DPR EL PL SR","3970000","COMMUNICATION EQUIPMENT","WA",-5016.14317076923,0,0,-5016.14317076923,0,0,0,0,0,0,0,0,0,0]
["108397WYP",null,{"$f":"IFERROR(((VLOOKUP(A410,#REF!,6,FALSE))/1000),\"\")","v":""},"1080000","AC PR DPR EL PL SR","3970000","COMMUNICATION EQUIPMENT","WYP",-6727.4173838461502,0,0,0,0,0,-6727.4173838461502,-6727.4173838461502,0,0,0,0,0,0]
["108397WYU",null,{"$f":"IFERROR(((VLOOKUP(A411,#REF!,6,FALSE))/1000),\"\")","v":""},"1080000","AC PR DPR EL PL SR","3970000","COMMUNICATION EQUIPMENT","WYU",-1071.2830799999999,0,0,0,0,0,-1071.2830799999999,0,0,0,-1071.2830799999999,0,0,0]
["108397CA",null,{"$f":"IFERROR(((VLOOKUP(A412,#REF!,6,FALSE))/1000),\"\")","v":""},"1080000","AC PR DPR EL PL SR","3972000","MOBILE RADIO EQUIPMENT","CA",-23.751112307692299,-23.751112307692299,0,0,0,0,0,0,0,0,0,0,0,0]
["108397IDU",null,{"$f":"IFERROR(((VLOOKUP(A413,#REF!,6,FALSE))/1000),\"\")","v":""},"1080000","AC PR DPR EL PL SR","3972000","MOBILE RADIO EQUIPMENT","IDU",-65.928376153846102,0,0,0,0,0,0,0,0,-65.928376153846102,0,0,0,0]
["108397OR",null,{"$f":"IFERROR(((VLOOKUP(A414,#REF!,6,FALSE))/1000),\"\")","v":""},"1080000","AC PR DPR EL PL SR","3972000","MOBILE RADIO EQUIPMENT","OR",-407.994896923076,0,-407.994896923076,0,0,0,0,0,0,0,0,0,0,0]
["108397SE",null,{"$f":"IFERROR(((VLOOKUP(A415,#REF!,6,FALSE))/1000),\"\")","v":""},"1080000","AC PR DPR EL PL SR","3972000","MOBILE RADIO EQUIPMENT","SE",-4.4345861538461504,-6.6273837783033043E-2,-1.0987938789563978,-0.3312828029139292,0,0,-0.78133433860547008,-0.60939690002363878,-1.8612722021605286,-0.27830790222552609,-0.17193743858183133,-1.7321191201265244E-2,0,0]
["108397SG",null,{"$f":"IFERROR(((VLOOKUP(A416,#REF!,6,FALSE))/1000),\"\")","v":""},"1080000","AC PR DPR EL PL SR","3972000","MOBILE RADIO EQUIPMENT","SG",-310.23176461538799,-4.8720607860126535,-80.728454164593074,-24.375698728193843,0,0,-49.533459096890276,-39.051913212610863,-132.24658055142893,-17.295769655969135,-10.481545884279411,-1.1797416323001098,0,0]
["108397SO",null,{"$f":"IFERROR(((VLOOKUP(A417,#REF!,6,FALSE))/1000),\"\")","v":""},"1080000","AC PR DPR EL PL SR","3972000","MOBILE RADIO EQUIPMENT","SO",-119.994676153847,-2.6293530417367665,-32.708617665392424,-9.2044965476043696,0,0,-17.554592695765209,-14.037939270573789,-50.962080992713346,-6.6039603207658661,-3.5166534251914188,-0.33157488986902151,0,0]
["108397UT",null,{"$f":"IFERROR(((VLOOKUP(A418,#REF!,6,FALSE))/1000),\"\")","v":""},"1080000","AC PR DPR EL PL SR","3972000","MOBILE RADIO EQUIPMENT","UT",-769.98833615384603,0,0,0,0,0,0,0,-769.98833615384603,0,0,0,0,0]
["108397WA",null,{"$f":"IFERROR(((VLOOKUP(A419,#REF!,6,FALSE))/1000),\"\")","v":""},"1080000","AC PR DPR EL PL SR","3972000","MOBILE RADIO EQUIPMENT","WA",-217.33949230769201,0,0,-217.33949230769201,0,0,0,0,0,0,0,0,0,0]
["108397WYP",null,{"$f":"IFERROR(((VLOOKUP(A420,#REF!,6,FALSE))/1000),\"\")","v":""},"1080000","AC PR DPR EL PL SR","3972000","MOBILE RADIO EQUIPMENT","WYP",-210.77565999999999,0,0,0,0,0,-210.77565999999999,-210.77565999999999,0,0,0,0,0,0]
["108397WYU",null,{"$f":"IFERROR(((VLOOKUP(A421,#REF!,6,FALSE))/1000),\"\")","v":""},"1080000","AC PR DPR EL PL SR","3972000","MOBILE RADIO EQUIPMENT","WYU",-44.842683076923002,0,0,0,0,0,-44.842683076923002,0,0,0,-44.842683076923002,0,0,0]
[{"$f":"(IF(LEN(D422)=7,LEFT(D422,3),\"\"))&IF(LEN(F422)=7,LEFT(F422,3),\"\")&H422","v":"108398CA"},null,{"$f":"IFERROR(((VLOOKUP(A422,#REF!,6,FALSE))/1000),\"\")","v":""},"1080000","AC PR DPR EL PL SR","3980000","MISCELLANEOUS EQUIPMENT","CA",-14.466247692307601,-14.466247692307601,0,0,0,0,0,0,0,0,0,0,0,0]
["108398CN",null,{"$f":"IFERROR(((VLOOKUP(A423,#REF!,6,FALSE))/1000),\"\")","v":""},"1080000","AC PR DPR EL PL SR","3980000","MISCELLANEOUS EQUIPMENT","CN",-134.52549692307599,-3.4696675204907863,-42.936068239916381,-9.7213161082492849,0,0,-10.698512500975273,-9.4802646007680345,-62.055182039017311,-5.6447505144269581,-1.2182479002072375,0,0,0]
["108398IDU",null,{"$f":"IFERROR(((VLOOKUP(A424,#REF!,6,FALSE))/1000),\"\")","v":""},"1080000","AC PR DPR EL PL SR","3980000","MISCELLANEOUS EQUIPMENT","IDU",-32.2152569230769,0,0,0,0,0,0,0,0,-32.2152569230769,0,0,0,0]
["108398OR",null,{"$f":"IFERROR(((VLOOKUP(A425,#REF!,6,FALSE))/1000),\"\")","v":""},"1080000","AC PR DPR EL PL SR","3980000","MISCELLANEOUS EQUIPMENT","OR",-264.71953461538402,0,-264.71953461538402,0,0,0,0,0,0,0,0,0,0,0]
["108398SE",null,{"$f":"IFERROR(((VLOOKUP(A426,#REF!,6,FALSE))/1000),\"\")","v":""},"1080000","AC PR DPR EL PL SR","3980000","MISCELLANEOUS EQUIPMENT","SE",-1.4814638461538501,-2.2140125643127766E-2,-0.36707447991223024,-0.11067176921206891,0,0,-0.26102065316706269,-0.20358144909649536,-0.62179589699942184,-9.2974424431565936E-2,-5.743920407056731E-2,-5.7864967883726644E-3,0,0]
["108398SG",null,{"$f":"IFERROR(((VLOOKUP(A427,#REF!,6,FALSE))/1000),\"\")","v":""},"1080000","AC PR DPR EL PL SR","3980000","MISCELLANEOUS EQUIPMENT","SG",-801.37226000000601,-12.585217918560957,-208.53294581356337,-62.965856520557772,0,0,-127.95188819979361,-100.87658169791996,-341.6115086253638,-44.677404439313236,-27.075306501873659,-3.0474384828533485,0,0]
["108398SO",null,{"$f":"IFERROR(((VLOOKUP(A428,#REF!,6,FALSE))/1000),\"\")","v":""},"1080000","AC PR DPR EL PL SR","3980000","MISCELLANEOUS EQUIPMENT","SO",-1687.4739299999701,-36.976346392303419,-459.97823708378473,-129.44197576684854,0,0,-246.86859846924955,-197.41422960835763,-716.6749880094053,-92.870877552590201,-49.454368860891904,-4.6629067257884902,0,0]
["108398UT",null,{"$f":"IFERROR(((VLOOKUP(A429,#REF!,6,FALSE))/1000),\"\")","v":""},"1080000","AC PR DPR EL PL SR","3980000","MISCELLANEOUS EQUIPMENT","UT",-182.61011384615301,0,0,0,0,0,0,0,-182.61011384615301,0,0,0,0,0]
["108398WA",null,{"$f":"IFERROR(((VLOOKUP(A430,#REF!,6,FALSE))/1000),\"\")","v":""},"1080000","AC PR DPR EL PL SR","3980000","MISCELLANEOUS EQUIPMENT","WA",-63.338594615384601,0,0,-63.338594615384601,0,0,0,0,0,0,0,0,0,0]
["108398WYP",null,{"$f":"IFERROR(((VLOOKUP(A431,#REF!,6,FALSE))/1000),\"\")","v":""},"1080000","AC PR DPR EL PL SR","3980000","MISCELLANEOUS EQUIPMENT","WYP",-108.566163076923,0,0,0,0,0,-108.566163076923,-108.566163076923,0,0,0,0,0,0]
["108398WYU",null,{"$f":"IFERROR(((VLOOKUP(A432,#REF!,6,FALSE))/1000),\"\")","v":""},"1080000","AC PR DPR EL PL SR","3980000","MISCELLANEOUS EQUIPMENT","WYU",-10.3872753846153,0,0,0,0,0,-10.3872753846153,0,0,0,-10.3872753846153,0,0,0]
["108399SE",null,{"$f":"IFERROR(((VLOOKUP(A433,#REF!,6,FALSE))/1000),\"\")","v":""},"1080000","AC PR DPR EL PL SR","3992200","LAND RIGHTS","SE",-38872.290006923009,-580.93715011928691,-9631.7069595276571,-2903.9285160820768,0,0,-6848.949135038707,-5341.7956501968974,-16315.369758113038,-2439.5659732861627,-1507.1534848418091,-151.83251475607821,0,0]
["108399SE",null,{"$f":"IFERROR(((VLOOKUP(A434,#REF!,6,FALSE))/1000),\"\")","v":""},"1080000","AC PR DPR EL PL SR","3993000","\"ENGINEERING SUPP-OFF WORK(SECY,MAP,DRAF","SE",-25935.191484615501,-387.59528255698854,-6426.1756710130812,-1937.471193716935,0,0,-4569.5483145959643,-3563.9910340983038,-10885.44664447622,-1627.6532883774214,-1005.55728049766,-101.30108987889029,0,0]
["108399SE",null,{"$f":"IFERROR(((VLOOKUP(A435,#REF!,6,FALSE))/1000),\"\")","v":""},"1080000","AC PR DPR EL PL SR","3994100","SURFACE - PLANT EQUIPMENT","SE",-7969.5565699999997,-119.1031318367322,-1974.6825686355915,-595.36041174910406,0,0,-1404.1644463709881,-1095.1694024726157,-3344.9601817796661,-500.15728496799613,-308.99504389837233,-31.128544659921548,0,0]
["108399SE",null,{"$f":"IFERROR(((VLOOKUP(A436,#REF!,6,FALSE))/1000),\"\")","v":""},"1080000","AC PR DPR EL PL SR","3994400","SURFACE - ELECTRIC POWER FACILITIES","SE",-1684.0709169230699,-25.168040238993484,-417.27609996676938,-125.80739539364485,0,0,-296.71820332040943,-231.4235332428475,-706.83357485733245,-105.68973695130023,-65.294670077561932,-6.5778661946200119,0,0]
["108399SE",null,{"$f":"IFERROR(((VLOOKUP(A437,#REF!,6,FALSE))/1000),\"\")","v":""},"1080000","AC PR DPR EL PL SR","3994500","UNDERGROUND - COAL MINE EQUIPMENT","SE",-36162.084413846103,-540.43377063742344,-8960.1770324783229,-2701.4644136384209,0,0,-6371.4351977539391,-4969.3615989573345,-15177.849782735188,-2269.4775801325113,-1402.0735987966045,-141.24663647029755,0,0]
["108399SE","MP",{"$f":"IFERROR(((VLOOKUP(A438,#REF!,6,FALSE))/1000),\"\")","v":""},"1080000","AC PR DPR EL PL SR","3994600","LONGWALL SHIELDS","SE",-4956.4530199999999,-74.073014263531292,-1228.1011239318218,-370.26851931892242,0,0,-873.28260357553518,-681.11138237356056,-2080.3087159417169,-311.05947536484143,-192.17122120197462,-19.359567603630552,0,0]
["108399SE",null,{"$f":"IFERROR(((VLOOKUP(A439,#REF!,6,FALSE))/1000),\"\")","v":""},"1080000","AC PR DPR EL PL SR","3994700","LONGWALL EQUIPMENT","SE",-1604.19780384615,-23.974355517208441,-397.48528190678121,-119.84052771769863,0,0,-282.64527660002346,-220.44744081489975,-673.30945334688283,-100.67702149748496,-62.197835785123694,-6.2658872600703495,0,0]
["108399SE",null,{"$f":"IFERROR(((VLOOKUP(A440,#REF!,6,FALSE))/1000),\"\")","v":""},"1080000","AC PR DPR EL PL SR","3994800","MAINLINE EXTENSION","SE",-9969.17130230771,-148.98689952102598,-2470.1435546004554,-744.74029755701577,0,0,-1756.4786421338431,-1369.9546872399555,-4184.2329317401191,-625.65007326914383,-386.52395489388749,-38.938903486106234,0,0]
["108399SE",null,{"$f":"IFERROR(((VLOOKUP(A441,#REF!,6,FALSE))/1000),\"\")","v":""},"1080000","AC PR DPR EL PL SR","3994900","SECTION EXTENSION","SE",-2236.59033461538,-33.425311828667603,-554.17837970674395,-167.08299023099588,0,0,-394.06717317070354,-307.35026206567898,-938.73549256225499,-140.3650177423724,-86.716911105024579,-8.7359693736415416,0,0]
["108399SE",null,{"$f":"IFERROR(((VLOOKUP(A442,#REF!,6,FALSE))/1000),\"\")","v":""},"1080000","AC PR DPR EL PL SR","3995100","VEHICLES","SE",-757.62125615384605,-11.322469896716248,-187.72204890124775,-56.597590976586446,0,0,-133.48607571351459,-104.11164173498804,-317.98669253997247,-47.547161148007312,-29.374433978526568,-2.9592169778011703,0,0]
["108399SE",null,{"$f":"IFERROR(((VLOOKUP(A443,#REF!,6,FALSE))/1000),\"\")","v":""},"1080000","AC PR DPR EL PL SR","3995200","HEAVY CONSTRUCTION EQUIPMENT","SE",-3197.9237561538398,-47.792211698047922,-792.37586704308239,-238.8987627458414,0,0,-563.44550680520319,-439.45584906990422,-1342.2236902073787,-200.69684547236494,-123.98965773529901,-12.490872181921016,0,0]
["108399SE",null,{"$f":"IFERROR(((VLOOKUP(A444,#REF!,6,FALSE))/1000),\"\")","v":""},"1080000","AC PR DPR EL PL SR","3996000","MISCELLANEOUS GENERAL EQUIPMENT","SE",-1121.67855538461,-16.763219846296735,-277.92751974032871,-83.794248866712238,0,0,-197.62970924338902,-154.14007322453955,-470.78781254170309,-70.394845176184077,-43.489636018849474,-4.3811999699960875,0,0]
["108399SE",null,{"$f":"IFERROR(((VLOOKUP(A445,#REF!,6,FALSE))/1000),\"\")","v":""},"1080000","AC PR DPR EL PL SR","3996100","COMPUTERS - MAINFRAME","SE",-347.23867999999999,-5.1893996760792005,-86.038183245122781,-25.940234150319277,0,0,-61.180343545863394,-47.717231736894469,-145.74205578086904,-21.792172989703847,-13.463111808968923,-1.3562906120424474,0,0]
["108399SE",null,{"$f":"IFERROR(((VLOOKUP(A446,#REF!,6,FALSE))/1000),\"\")","v":""},"1080000","AC PR DPR EL PL SR","3997000","MINE DEVELOPMENT AND ROAD EXTENSION","SE",-29959.81940769223,-447.74239186046157,-7423.3908278588378,-2238.1283402437089,0,0,-5278.6516868876361,-4117.0518372905881,-12574.652314945568,-1880.2328337174756,-1161.5998495970482,-117.02101217853981,0,0]
["",null,{"$f":"IFERROR(((VLOOKUP(A447,#REF!,6,FALSE))/1000),\"\")","v":""},"1080000 Total",null,null,null,null,{"$f":"SUBTOTAL(9,I37:I446)","v":-7394597.4686415521},-189734.30736715562,-2169427.2534818943,-595642.75592379272,0,0,-1053774.6547837756,-839794.0770570942,-2955111.8520123605,-412203.78839265509,-213980.57772668116,-18702.856679914446,0,0]
["108SG","SP",{"$f":"IFERROR(((VLOOKUP(A448,#REF!,6,FALSE))/1000),\"\")","v":""},"1085000","AC PR DPR-ACCRUAL","144135","PRODUCTION PLANT - ACCUM DEPN-NON-CLASSI","SG",4.5264992307698293,7.108678709122826E-2,1.1778848182432144,0.35565855636813043,0,0,0.72272794108434546,0.56979482850868979,1.9295704483392255,0.25235742104093095,0.15293311257565562,1.7213258602754675E-2,0,0]
["108SG-P","SP",{"$f":"IFERROR(((VLOOKUP(A449,#REF!,6,FALSE))/1000),\"\")","v":""},"1085000","AC PR DPR-ACCRUAL","144135","PRODUCTION PLANT - ACCUM DEPN-NON-CLASSI","SG-P",0.21350153846153619,3.3529528305439927E-3,5.5557332058276641E-2,1.677535885468176E-2,0,0,3.4088932626285581E-2,2.6875531463051387E-2,9.1012112956943322E-2,1.19029507987481E-2,7.2134011632341965E-3,8.1189833605679689E-4,0,0]
["108SG",null,{"$f":"IFERROR(((VLOOKUP(A450,#REF!,6,FALSE))/1000),\"\")","v":""},"1085000","AC PR DPR-ACCRUAL","144145","TRANSMISSION PLANT ACCUM DEPN-NON-CLASSI","SG",-49.371840000000503,-0.7753642051951315,-12.847531352577574,-3.879271031412971,0,0,-7.8830032772760514,-6.2149174608772286,-21.046384542946527,-2.752535586386617,-1.6680858163988228,-0.18775000420563431,0,0]
["108CA","dpca",{"$f":"IFERROR(((VLOOKUP(A451,#REF!,6,FALSE))/1000),\"\")","v":""},"1085000","AC PR DPR-ACCRUAL","144165","DISTRIBUTION - ACCUM DEPN-NON-CLASSIFIED","CA",-1.59511538461538,-1.59511538461538,0,0,0,0,0,0,0,0,0,0,0,0]
["108IDU","dpid",{"$f":"IFERROR(((VLOOKUP(A452,#REF!,6,FALSE))/1000),\"\")","v":""},"1085000","AC PR DPR-ACCRUAL","144165","DISTRIBUTION - ACCUM DEPN-NON-CLASSIFIED","IDU",-1.50262692307692,0,0,0,0,0,0,0,0,-1.50262692307692,0,0,0,0]
["108OR","dpor",{"$f":"IFERROR(((VLOOKUP(A453,#REF!,6,FALSE))/1000),\"\")","v":""},"1085000","AC PR DPR-ACCRUAL","144165","DISTRIBUTION - ACCUM DEPN-NON-CLASSIFIED","OR",-10.5058546153846,0,-10.5058546153846,0,0,0,0,0,0,0,0,0,0,0]
[{"$f":"(IF(LEN(D454)=7,LEFT(D454,3),\"\"))&IF(LEN(F454)=7,LEFT(F454,3),\"\")&H454","v":"108UT"},"dput",{"$f":"IFERROR(((VLOOKUP(A454,#REF!,6,FALSE))/1000),\"\")","v":""},"1085000","AC PR DPR-ACCRUAL","144165","DISTRIBUTION - ACCUM DEPN-NON-CLASSIFIED","UT",-19.383097692307601,0,0,0,0,0,0,0,-19.383097692307601,0,0,0,0,0]
["108WA","dpwa",{"$f":"IFERROR(((VLOOKUP(A455,#REF!,6,FALSE))/1000),\"\")","v":""},"1085000","AC PR DPR-ACCRUAL","144165","DISTRIBUTION - ACCUM DEPN-NON-CLASSIFIED","WA",-3.1958207692307701,0,0,-3.1958207692307701,0,0,0,0,0,0,0,0,0,0]
["108WYP","dpwyp",{"$f":"IFERROR(((VLOOKUP(A456,#REF!,6,FALSE))/1000),\"\")","v":""},"1085000","AC PR DPR-ACCRUAL","144165","DISTRIBUTION - ACCUM DEPN-NON-CLASSIFIED","WYP",-6.7303238461538504,0,0,0,0,0,-6.7303238461538504,-6.7303238461538504,0,0,0,0,0,0]
["108SG","gpsg",{"$f":"IFERROR(((VLOOKUP(A457,#REF!,6,FALSE))/1000),\"\")","v":""},"1085000","AC PR DPR-ACCRUAL","144205","GENERAL PLANT- ACCUM DEPN-NON-CLASS","SG",0.18773999999999702,2.9483785875375557E-3,4.8853669138781357E-2,1.4751209260936034E-2,0,0,2.9975691310588533E-2,2.3632674093269777E-2,8.0030402636253342E-2,1.0466716067057862E-2,6.3430172173187553E-3,7.1393299884235358E-4,0,0]
["108SO","gpso",{"$f":"IFERROR(((VLOOKUP(A458,#REF!,6,FALSE))/1000),\"\")","v":""},"1085000","AC PR DPR-ACCRUAL","144205","GENERAL PLANT- ACCUM DEPN-NON-CLASS","SO",-10.776811538462539,-0.23614416161722285,-2.937585395968918,-0.82666271354223908,0,0,-1.5765910887094599,-1.2607578165667301,-4.576942578370617,-0.59310661160609057,-0.31583327214272983,-2.9778988647992253E-2,0,0]
["108SG-P","HP",{"$f":"IFERROR(((VLOOKUP(A459,#REF!,6,FALSE))/1000),\"\")","v":""},"1085000","AC PR DPR-ACCRUAL","145135","ACCUM DEPR-HYDRO DECOMMISSIONING","SG-P",2649.0087215384569,41.601579806031452,689.32457455943336,208.13935221827546,0,0,422.95657673322052,333.45669429183221,1129.227839414471,147.68521437894648,89.499882441388323,10.073584428078885,0,0]
["108SG-U",null,{"$f":"IFERROR(((VLOOKUP(A460,#REF!,6,FALSE))/1000),\"\")","v":""},"1085000","AC PR DPR-ACCRUAL","145135","ACCUM DEPR-HYDRO DECOMMISSIONING","SG-U",-524.9699546153837,-8.2444347144379684,-136.60758746447974,-41.248224439308302,0,0,-83.819842904467151,-66.083114126899886,-223.78585724835125,-29.26766516829424,-17.736728777567258,-1.9963426760450682,0,0]
["108SG",null,{"$f":"IFERROR(((VLOOKUP(A461,#REF!,6,FALSE))/1000),\"\")","v":""},"1085000","AC PR DPR-ACCRUAL","145139","PRODUCTION PLANT-ACCUM DEPRECIATION","SG",3096.3268807692298,48.626525382321788,805.7256257516633,243.28627760993382,0,0,494.37806953562034,389.76501576356105,1319.9120430458067,172.62370465436754,104.6130537720593,11.774634789516362,0,0]
["108SG","TP",{"$f":"IFERROR(((VLOOKUP(A462,#REF!,6,FALSE))/1000),\"\")","v":""},"1085000","AC PR DPR-ACCRUAL","145149","TRANSMISSION PLANT ACCUMULATED DEPR NON-","SG",5400.7641923077035,84.816754559176772,1405.3858897815196,424.35177782945772,0,0,862.31831399754071,679.84712906898562,2302.2548889626714,301.098675540741,182.47118492855506,20.5378916365969,0,0]
["108CA","DP",{"$f":"IFERROR(((VLOOKUP(A463,#REF!,6,FALSE))/1000),\"\")","v":""},"1085000","AC PR DPR-ACCRUAL","145169","DISTRIBUTION - ACCUMULATED DEPRECIATION","CA",36.694830769230698,36.694830769230698,0,0,0,0,0,0,0,0,0,0,0,0]
["108IDU","DP",{"$f":"IFERROR(((VLOOKUP(A464,#REF!,6,FALSE))/1000),\"\")","v":""},"1085000","AC PR DPR-ACCRUAL","145169","DISTRIBUTION - ACCUMULATED DEPRECIATION","IDU",-33.588999999999999,0,0,0,0,0,0,0,0,-33.588999999999999,0,0,0,0]
["108OR","DP",{"$f":"IFERROR(((VLOOKUP(A465,#REF!,6,FALSE))/1000),\"\")","v":""},"1085000","AC PR DPR-ACCRUAL","145169","DISTRIBUTION - ACCUMULATED DEPRECIATION","OR",1038.3418300000001,0,1038.3418300000001,0,0,0,0,0,0,0,0,0,0,0]
["108UT","DP",{"$f":"IFERROR(((VLOOKUP(A466,#REF!,6,FALSE))/1000),\"\")","v":""},"1085000","AC PR DPR-ACCRUAL","145169","DISTRIBUTION - ACCUMULATED DEPRECIATION","UT",3049.93705230769,0,0,0,0,0,0,0,3049.93705230769,0,0,0,0,0]
["108WA","DP",{"$f":"IFERROR(((VLOOKUP(A467,#REF!,6,FALSE))/1000),\"\")","v":""},"1085000","AC PR DPR-ACCRUAL","145169","DISTRIBUTION - ACCUMULATED DEPRECIATION","WA",131.022153846153,0,0,131.022153846153,0,0,0,0,0,0,0,0,0,0]
["108WYU","DP",{"$f":"IFERROR(((VLOOKUP(A468,#REF!,6,FALSE))/1000),\"\")","v":""},"1085000","AC PR DPR-ACCRUAL","145169","DISTRIBUTION - ACCUMULATED DEPRECIATION","WYU",230.57023076922999,0,0,0,0,0,230.57023076922999,0,0,0,230.57023076922999,0,0,0]
["108SO",null,{"$f":"IFERROR(((VLOOKUP(A469,#REF!,6,FALSE))/1000),\"\")","v":""},"1085000","AC PR DPR-ACCRUAL","145189","MOTOR VEHICLES & MOBILE PLANT - ACCUM DE","SO",267.63757230769198,5.8645407228570026,72.953695164628883,20.529820065991213,0,0,39.153975180709025,31.310388985609428,113.66643982730145,14.729552714488815,7.8435861950995962,0.73954863171560969,0,0]
["108SO","OP",{"$f":"IFERROR(((VLOOKUP(A470,#REF!,6,FALSE))/1000),\"\")","v":""},"1085000","AC PR DPR-ACCRUAL","145209","OTHER GEN'L PLANT & EQUIP - ACCUM DEPR-N","SO",8.0960000000000196,0.17740155570408989,2.2068393124333459,0.62102425239151804,0,0,1.1844024003423179,0.94713498946279751,3.4383942766595879,0.44556695739043822,0.23726741087952033,2.2371245078722124E-2,0,0]
["",null,{"$f":"IFERROR(((VLOOKUP(A471,#REF!,6,FALSE))/1000),\"\")","v":""},"1085000 Total",null,null,null,null,{"$f":"SUBTOTAL(9,I448:I470)","v":15251.706760000001},207.00796244796541,3852.3221915607078,979.18761199319215,0,0,1951.3386000650778,1355.6575528830185,7651.7449887365574,569.15250704447703,595.68104718205927,40.952898152025433,0,0]
[null,null,null,"Grand Total",null,null,null,null,{"$f":"SUBTOTAL(9,I37:I471)","v":-7379345.7618815526},{"$f":"SUBTOTAL(9,J37:J470)","v":-189527.29940470762},-2165574.9312903341,-594663.56831179967,0,0,-1051823.3161837105,-838438.41950421128,-2947460.1070236238,-411634.63588561054,-213384.89667949913,-18661.903781762427,0,0]

{"sheet":"Master Data","index":3,"n_rows":36,"n_cols":38,"rows_kept":36,"cut":false,"hidden":true,"merged":[]}
[null,"Actual","Plan","Name",null,null,null,null,"PGC","Low","High","SGC","Desc",null,"PGC","Low","High","SGC","Desc",null,"PGC","Low","High","SGC","Desc",null,"PGC","Low","High","SGC","Desc",null,"PGC","Low","High","SGC","Desc"]
["ADVN",1,1,"Customer Advances",null,"01","January",null,"DEPE",0,3099999,"UNAS","Unassigned",{"$f":"K2+1=J3","v":true},"OMEX",0,4999999,"UNAS","Unassigned",{"$f":"Q2+1=P3","v":true},"EPIS",0,3009999,"UNAS","Unassigned",{"$f":"W2+1=V3","v":true},"REVN",0,4117999,"UNAS","Unassigned",{"$f":"AC2+1=AB3","v":true},"DEPR",0,3009999,"UNAS","Unassigned",{"$f":"AI2+1=AH3","v":true}]
["AMTE",1,1,"Amortization Expense",null,"02","February",null,"DEPE",3100000,3169999,"DSTM","Steam Depreciation Expense",true,"OMEX",5000000,5009999,"STEX","Steam O&M Expense",{"$f":"Q3+1=P4","v":true},"EPIS",3010000,3039999,"INTP","Intangible Plant",true,"REVN",4118000,4118000,"ALOW","Sales of S02 Allowances",true,"DEPR",3010000,3039999,"INTR","Intangible Plant Reserve",true]
["AMTR",1,1,"Amortization Reserve",null,"03","March",null,"DEPE",3170000,3199999,"UNAS","Unassigned",true,"OMEX",5010000,5010000,"NPCX","Net Power Cost Expense",true,"EPIS",3040000,3099999,"UNAS","Unassigned",true,"REVN",4118001,4210999,"UNAS","Unassigned",true,"DEPR",3040000,3099999,"UNAS","Unassigned",true]
["CAPL",1,1,"Capital Lease",null,"04","April",null,"DEPE",3200000,3259999,"DNUC","Nuclear Depreciation Expense",true,"OMEX",5010001,5010999,"STEX","Steam O&M Expense",true,"EPIS",3100000,3169999,"STMP","Steam Production Plant",true,"REVN",4211000,4211000,"DISP","Sale of Utility Plant",true,"DEPR",3100000,3169999,"STMR","Steam Production Plant Reserve",true]
["CWC ",1,1,"Cash Working Capital",null,"05","May",null,"DEPE",3260000,3299999,"UNAS","Unassigned",true,"OMEX",5011000,5011099,"NPCX","Net Power Cost Expense",true,"EPIS",3170000,3199999,"UNAS","Unassigned",true,"REVN",4211001,4211999,"UNAS","Unassigned",true,"DEPR",3170000,3199999,"UNAS","Unassigned",true]
["DEFD",1,1,"Deferred Debits",null,"06","June",null,"DEPE",3300000,3379999,"DHYO","Hydro Depreciation Expense",true,"OMEX",5011100,5011100,"NPCX","Net Power Cost Expense",true,"EPIS",3200000,3259999,"NKEP","Nuclear Production Plant",true,"REVN",4212000,4212000,"DISP","Sale of Utility Plant",true,"DEPR",3200000,3259999,"NKER","Nuclear Production Plant Reserve",true]
["DEPE",1,1,"Depreciation Expense",null,"07","July",null,"DEPE",3380000,3399999,"UNAS","Unassigned",true,"OMEX",5011101,5012999,"STEX","Steam O&M Expense",true,"EPIS",3260000,3299999,"UNAS","Unassigned",true,"REVN",4212001,4399999,"UNAS","Unassigned",true,"DEPR",3260000,3299999,"UNAS","Unassigned",true]
["DEPR",1,1,"Depreciation Reserve",null,"08","August",null,"DEPE",3400000,3479999,"DOTP","Other Depreciation Expense",true,"OMEX",5013000,5013499,"NPCX","Net Power Cost Expense",true,"EPIS",3300000,3379999,"HYDP","Hydro Production Plant",true,"REVN",4400000,4469999,"RETL","Retail Sales",true,"DEPR",3300000,3379999,"HYDR","Hydro Production Plant Reserve",true]
["DITB",1,1,"Deferred Income Tax Balance",null,"09","September",null,"DEPE",3480000,3499999,"UNAS","Unassigned",true,"OMEX",5013500,5013999,"NPCX","Net Power Cost Expense",true,"EPIS",3380000,3399999,"UNAS","Unassigned",true,"REVN",4470000,4470999,"UNAS","Unassigned",true,"DEPR",3380000,3399999,"UNAS","Unassigned",true]
["DITE",1,1,"Deferred Income Tax Expense",null,"10","October",null,"DEPE",3500000,3599999,"DTRN","Transimission Depreciation Expense",true,"OMEX",5014000,5014499,"NPCX","Net Power Cost Expense",true,"EPIS",3400000,3479999,"OTHP","Other Production Plant",true,"REVN",4471000,4471199,"OSSR","On-System Sales for Resale",true,"DEPR",3400000,3479999,"OTHR","Other Production Plant Reserve",true]
["EEPU",1,1,null,null,"11","November",null,"DEPE",3600000,3749999,"DDBN","Distribution Depreciation Expense",true,"OMEX",5014500,5014999,"NPCX","Net Power Cost Expense",true,"EPIS",3480000,3499999,"UNAS","Unassigned",true,"REVN",4471200,4479999,"RSLE","Sales for Resale",true,"DEPR",3480000,3499999,"UNAS","Unassigned",true]
["EPIS",1,1,"Electric Plant in Service",null,"12","December",null,"DEPE",3750000,3889999,"UNAS","Unassigned",true,"OMEX",5015000,5019999,"NPCX","Net Power Cost Expense",true,"EPIS",3500000,3599999,"TRNP","Transmission Plant",true,"REVN",4480000,4499999,"RETL","Retail Sales",true,"DEPR",3500000,3599999,"TRNR","Transmission Plant Reserve",true]
["EPPS",1,1,null,null,null,null,null,"DEPE",3890000,3989999,"DGEN","General Depreciation Expense",true,"OMEX",5020000,5029999,"STEX","Steam O&M Expense",true,"EPIS",3600000,3749999,"DSTP","Distribution Plant",true,"REVN",4500000,4569999,"OREV","Other Revenue",true,"DEPR",3600000,3749999,"DSTR","Distribution Plant Reserve",true]
["EPSC",1,1,null,null,null,null,null,"DEPE",3990000,3999999,"DMIN","Mining Depreciation Expense",true,"OMEX",5030000,5030999,"NPCX","Net Power Cost Expense",true,"EPIS",3750000,3889999,"UNAS","Unassigned",true,"REVN",4570000,9999999,"UNAS","Unassigned",null,"DEPR",3750000,3889999,"UNAS","Unassigned",true]
["INCM",1,1,"State & Federal Income Taxes",null,null,null,null,"DEPE",4000000,9999999,"UNAS","Unassigned",null,"OMEX",5031000,5039999,"NPCX","Net Power Cost Expense",true,"EPIS",3890000,3989999,"GNLP","General Plant",true,null,null,null,null,null,null,"DEPR",3890000,3989999,"GNLR","General Plant Reserve",true]
["ITCB",1,1,"Investment Tax Credit Balance",null,null,null,null,null,null,null,null,null,null,"OMEX",5040000,5179999,"STEX","Steam O&M Expense",true,"EPIS",3990000,3999999,"MNGP","Mining Plant",true,null,null,null,null,null,null,"DEPR",3990000,3999999,"MNGR","Mining Plant Reserve",true]
["ITCE",1,1,"Investment Tax Credit Amortization",null,null,null,null,null,null,null,null,null,null,"OMEX",5180000,5349999,"NKEX","Nuclear O&M Expense",true,"EPIS",4000000,9999999,"UNAS","Unassigned",null,null,null,null,null,null,null,"DEPR",4000000,9999999,"UNAS","Unassigned"]
["MISC",1,1,"Miscellaneous Rate Base",null,null,null,null,null,null,null,null,null,null,"OMEX",5350000,5459999,"HYEX","Hydro O&M Expense",true]
["MPCS",1,1,"Material & Supplies",null,null,null,null,null,null,null,null,null,null,"OMEX",5460000,5469999,"OPEX","Other Production O&M Expense",true]
["NUTL",1,1,null,null,null,null,null,null,null,null,null,null,null,"OMEX",5470000,5479999,"NPCX","Net Power Cost Expense",true]
["OMEX",1,1,"Operations & Maintenance Expense",null,null,null,null,null,null,null,null,null,null,"OMEX",5480000,5549999,"OPEX","Other Production O&M Expense",true]
["OMIT",1,1,null,null,null,null,null,null,null,null,null,null,null,"OMEX",5550000,5551999,"PSEX","Power Supply Expense",true]
["PHFU",1,1,"Plant Held for Future Use",null,null,null,null,null,null,null,null,null,null,"OMEX",5552000,5559999,"NPCX","Net Power Cost Expense",true]
["REGA",1,1,"Regulatory Assests",null,null,null,null,null,null,null,null,null,null,"OMEX",5560000,5599999,"PSEX","Power Supply Expense",true]
["REVN",1,1,"Electric Operations Revenue",null,null,null,null,null,null,null,null,null,null,"OMEX",5600000,5649999,"TNEX","Transmission O&M Expense",true]
["SCHM",1,1,"Schedule M",null,null,null,null,null,null,null,null,null,null,"OMEX",5650000,5659999,"NPCX","Net Power Cost Expense",true]
["TAXO",1,1,"Taxes Other Than Income",null,null,null,null,null,null,null,null,null,null,"OMEX",5660000,5799999,"TNEX","Transmission O&M Expense",true]
[null,null,null,null,null,null,null,null,null,null,null,null,null,null,"OMEX",5800000,5989999,"DNEX","Distribution O&M Expense",true]
[null,null,null,null,null,null,null,null,null,null,null,null,null,null,"OMEX",5990000,8999999,"UNAS","Unassigned",true]
[null,null,null,null,null,null,null,null,null,null,null,null,null,null,"OMEX",9000000,9069999,"CAEX","Customer Accounting Expense",true]
[null,null,null,null,null,null,null,null,null,null,null,null,null,null,"OMEX",9070000,9109999,"CSEX","Customer Service Expense",true]
[null,null,null,null,null,null,null,null,null,null,null,null,null,null,"OMEX",9110000,9169999,"CSAX","Customer Sales Expense",true]
[null,null,null,null,null,null,null,null,null,null,null,null,null,null,"OMEX",9170000,9199999,"UNAS","Unassigned",true]
[null,null,null,null,null,null,null,null,null,null,null,null,null,null,"OMEX",9200000,9359999,"AGEX","Administrative & General Expense",true]
[null,null,null,null,null,null,null,null,null,null,null,null,null,null,"OMEX",9360000,9999999,"UNAS","Unassigned"]